000
CXUS55 KVEF 240940
CF6DRA
PRELIMINARY LOCAL CLIMATOLOGICAL DATA (WS FORM: F-6)

                                          STATION:   DESERT ROCK-MERCURY NV
                                          MONTH:     MARCH
                                          YEAR:      2019
                                          LATITUDE:   36 37 N
                                          LONGITUDE: 116  1 W

  TEMPERATURE IN F:       :PCPN:    SNOW:  WIND      :SUNSHINE: SKY     :PK WND
================================================================================
1   2   3   4   5  6A  6B    7    8   9   10  11  12  13   14  15   16   17  18
                                     12Z  AVG MX 2MIN
DY MAX MIN AVG DEP HDD CDD  WTR  SNW DPTH SPD SPD DIR MIN PSBL S-S WX    SPD DR
================================================================================

 1  64  43  54   4  11   0 0.00  0.0    0  9.2 22 230   M    M   1        31 230
 2  62  50  56   6   9   0 0.15  0.0    0 14.3 30 200   M    M   4 1      39 210
 3  63  43  53   2  12   0 0.00  0.0    0 10.0 24 230   M    M   0        29 230
 4  63  40  52   1  13   0 0.00  0.0    0  5.0 14 220   M    M   1        16 250
 5  71  47  59   8   6   0 0.10  0.0    0  9.1 32 210   M    M   5 1      43 200
 6  55  47  51   0  14   0 1.18  0.0    0 16.7 32 210   M    M   5        43 200
 7  60  48  54   3  11   0 0.00  0.0    0 15.5 30 210   M    M   2        39 200
 8  54  39  47  -5  18   0 0.00  0.0    0 13.7 31 200   M    M   2        39 200
 9  54  31  43  -9  22   0 0.00  0.0    0  6.9 24 220   M    M   0        31 220
10  51  41  46  -6  19   0 0.00  0.0    0  7.8 16 110   M    M   8        20 140
11  60  39  50  -2  15   0    T  0.0    0 12.7 24  60   M    M   5        31  70
12  64  43  54   2  11   0 0.05  0.0    0 11.7 33 330   M    M   4        47 290
13  53  36  45  -8  20   0 0.00  0.0    0 14.8 26 330   M    M   3        35 340
14  57  34  46  -7  19   0 0.00  0.0    0 10.5 21  30   M    M   0        25  20
15  62  37  50  -3  15   0 0.00  0.0    0 10.3 17  40   M    M   0        23  70
16  68  39  54   1  11   0 0.00  0.0    0  8.6 20 130   M    M   M        24 130
17  72  43  58   5   7   0 0.00  0.0    0  5.6 15 120   M    M   M        21 120
18  73  40  57   3   8   0 0.00  0.0    M  4.1 14 110   M    M   0        18 250
19  71  44  58   4   7   0 0.00  0.0    0  9.3 21  90   M    M   4        26  90
20  65  45  55   1  10   0 0.03    M    0  7.9 32 150   M    M   8        47 150
21  49  39  44 -10  21   0 0.01    M    0  8.4 22 210   M    M   7        27 210
22  61  38  50  -4  15   0 0.00  0.0    0  6.9 18 210   M    M   0        25 220
23  66  41  54   0  11   0 0.00  0.0    0 10.5 24 210   M    M   0        33 190
================================================================================
SM 1418  947       305   0  1.52     0.0 229.5          M       59
================================================================================
AV 61.7 41.2                              10.0 FASTST   M    M   3    MAX(MPH)
                                 MISC ---->  # 33 330               # 47  290
================================================================================
NOTES:
# LAST OF SEVERAL OCCURRENCES

COLUMN 17 PEAK WIND IN M.P.H.

PRELIMINARY LOCAL CLIMATOLOGICAL DATA (WS FORM: F-6) , PAGE 2

                                          STATION:  DESERT ROCK-MERCURY NV
                                          MONTH:    MARCH
                                          YEAR:     2019
                                          LATITUDE:   36 37 N
                                          LONGITUDE: 116  1 W

[TEMPERATURE DATA]      [PRECIPITATION DATA]       SYMBOLS USED IN COLUMN 16

AVERAGE MONTHLY: 51.4   TOTAL FOR MONTH:   1.52    1 = FOG OR MIST
DPTR FM NORMAL:  -0.9   DPTR FM NORMAL:    0.99    2 = FOG REDUCING VISIBILITY
HIGHEST:    73 ON 18    GRTST 24HR  1.18 ON  6- 6      TO 1/4 MILE OR LESS
LOWEST:     31 ON  9                               3 = THUNDER
                        SNOW, ICE PELLETS, HAIL    4 = ICE PELLETS
                        TOTAL MONTH:   0.0 INCH    5 = HAIL
                        GRTST 24HR     0.0         6 = FREEZING RAIN OR DRIZZLE
                        GRTST DEPTH:   0           7 = DUSTSTORM OR SANDSTORM:
                                                       VSBY 1/2 MILE OR LESS
                                                   8 = SMOKE OR HAZE
[NO. OF DAYS WITH]      [WEATHER - DAYS WITH]      9 = BLOWING SNOW
                                                   X = TORNADO
MAX 32 OR BELOW:   0    0.01 INCH OR MORE:   6
MAX 90 OR ABOVE:   0    0.10 INCH OR MORE:   3
MIN 32 OR BELOW:   1    0.50 INCH OR MORE:   1
MIN  0 OR BELOW:   0    1.00 INCH OR MORE:   1

[HDD (BASE 65) ]
TOTAL THIS MO.   305    CLEAR  (SCALE 0-3)  12
DPTR FM NORMAL    13    PTCLDY (SCALE 4-7)   9
TOTAL FM JUL 1  2474    CLOUDY (SCALE 8-10)  0
DPTR FM NORMAL  -200

[CDD (BASE 65) ]
TOTAL THIS MO.     0
DPTR FM NORMAL     0    [PRESSURE DATA]
TOTAL FM JAN 1     0    HIGHEST SLP M ON M
DPTR FM NORMAL     0    LOWEST  SLP 29.52 ON 13

[REMARKS]
