000
CXUS55 KGJT 221000
CF6DRO
PRELIMINARY LOCAL CLIMATOLOGICAL DATA (WS FORM: F-6)

                                          STATION:   DURANGO AIRPORT CO
                                          MONTH:     MAY
                                          YEAR:      2019
                                          LATITUDE:   37  9 N
                                          LONGITUDE: 107 45 W

  TEMPERATURE IN F:       :PCPN:    SNOW:  WIND      :SUNSHINE: SKY     :PK WND
================================================================================
1   2   3   4   5  6A  6B    7    8   9   10  11  12  13   14  15   16   17  18
                                     12Z  AVG MX 2MIN
DY MAX MIN AVG DEP HDD CDD  WTR  SNW DPTH SPD SPD DIR MIN PSBL S-S WX    SPD DR
================================================================================

 1  56  40  48  -1  17   0    T    M    M 10.4 26 300   M    M   7        39 290
 2  63  38  51   2  14   0    T    M    M  6.1 22 280   M    M   5        30 270
 3  66  29  48  -1  17   0 0.00    M    M  5.2 20 230   M    M   0        30 210
 4  69  29  49   0  16   0 0.00    M    M  6.8 23 260   M    M   1        31 250
 5  71  33  52   2  13   0 0.00    M    M  5.3 24 360   M    M   2        32 340
 6  71  32  52   2  13   0 0.00    M    M  5.5 20 230   M    M   0        28 220
 7  67  38  53   3  12   0 0.00    M    M  7.8 25 220   M    M   3        39 220
 8  55  33  44  -7  21   0    T    M    M  7.6 22 260   M    M   5        29 250
 9  54  35  45  -6  20   0 0.18    M    M  6.7 20 260   M    M   9 1      29 310
10  49  38  44  -7  21   0 0.35    M    M  5.1 14 270   M    M   8 1      18 210
11  60  37  49  -3  16   0 0.03    M    M  5.1 18 290   M    M   5 123    25 300
12  68  32  50  -2  15   0 0.00    M    M  4.9 16 250   M    M   0        23 260
13  72  35  54   2  11   0    T    M    M  5.1 33 220   M    M   0        57 210
14  76  33  55   3  10   0 0.00    M    M  4.1 25 360   M    M   0        34  10
15  76  37  57   4   8   0 0.00    M    M  5.8 17 230   M    M   2        24 230
16  71  42  57   4   8   0 0.00    M    M  5.8 17 240   M    M   1 3      27 230
17  56  35  46  -7  19   0 0.38    M    M  9.5 25 300   M    M   8 13     34 310
18  57  33  45  -9  20   0 0.00    M    M  8.1 26 260   M    M   4 1      37 230
19  58  33  46  -8  19   0 0.00    M    M  7.2 26 220   M    M   6        44 230
20  45  31  38 -16  27   0 0.38    M    M  8.5 23 250   M    M  10 1      32 230
21  51  31  41 -14  24   0 0.11    M    M 11.3 29 270   M    M   6 13     42 270
================================================================================
SM 1311  724       341   0  1.43    M    141.9          M       82
================================================================================
AV 62.4 34.5                               6.8 FASTST   M    M   4    MAX(MPH)
                                 MISC ---->  # 33 220               # 57  210
================================================================================
NOTES:
# LAST OF SEVERAL OCCURRENCES

COLUMN 17 PEAK WIND IN M.P.H.

PRELIMINARY LOCAL CLIMATOLOGICAL DATA (WS FORM: F-6) , PAGE 2

                                          STATION:  DURANGO AIRPORT CO
                                          MONTH:    MAY
                                          YEAR:     2019
                                          LATITUDE:   37  9 N
                                          LONGITUDE: 107 45 W

[TEMPERATURE DATA]      [PRECIPITATION DATA]       SYMBOLS USED IN COLUMN 16

AVERAGE MONTHLY: 48.5   TOTAL FOR MONTH:   1.43    1 = FOG OR MIST
DPTR FM NORMAL:  -3.1   DPTR FM NORMAL:    0.79    2 = FOG REDUCING VISIBILITY
HIGHEST:    76 ON 15,14 GRTST 24HR  0.38 ON 20-20      TO 1/4 MILE OR LESS
LOWEST:     29 ON  4, 3                            3 = THUNDER
                        SNOW, ICE PELLETS, HAIL    4 = ICE PELLETS
                        TOTAL MONTH:    M          5 = HAIL
                        GRTST 24HR    M  ON   M    6 = FREEZING RAIN OR DRIZZLE
                        GRTST DEPTH:  M  ON   M    7 = DUSTSTORM OR SANDSTORM:
                                                       VSBY 1/2 MILE OR LESS
                                                   8 = SMOKE OR HAZE
[NO. OF DAYS WITH]      [WEATHER - DAYS WITH]      9 = BLOWING SNOW
                                                   X = TORNADO
MAX 32 OR BELOW:   0    0.01 INCH OR MORE:   6
MAX 90 OR ABOVE:   0    0.10 INCH OR MORE:   5
MIN 32 OR BELOW:   6    0.50 INCH OR MORE:   0
MIN  0 OR BELOW:   0    1.00 INCH OR MORE:   0

[HDD (BASE 65) ]
TOTAL THIS MO.   341    CLEAR  (SCALE 0-3)  10
DPTR FM NORMAL    59    PTCLDY (SCALE 4-7)   9
TOTAL FM JUL 1  7147    CLOUDY (SCALE 8-10)  2
DPTR FM NORMAL   229

[CDD (BASE 65) ]
TOTAL THIS MO.     0
DPTR FM NORMAL     0    [PRESSURE DATA]
TOTAL FM JAN 1     0    HIGHEST SLP M ON M
DPTR FM NORMAL     0    LOWEST  SLP 29.41 ON 21

[REMARKS]
