516
CXUS55 KGJT 221000
CF6DRO
PRELIMINARY LOCAL CLIMATOLOGICAL DATA (WS FORM: F-6)

                                          STATION:   DURANGO AIRPORT CO
                                          MONTH:     MARCH
                                          YEAR:      2019
                                          LATITUDE:   37  9 N
                                          LONGITUDE: 107 45 W

  TEMPERATURE IN F:       :PCPN:    SNOW:  WIND      :SUNSHINE: SKY     :PK WND
================================================================================
1   2   3   4   5  6A  6B    7    8   9   10  11  12  13   14  15   16   17  18
                                     12Z  AVG MX 2MIN
DY MAX MIN AVG DEP HDD CDD  WTR  SNW DPTH SPD SPD DIR MIN PSBL S-S WX    SPD DR
================================================================================

 1  47  22  35   2  30   0 0.00    M    M  5.1 15 260   M    M   2        20 250
 2  41  32  37   4  28   0 0.30    M    M  6.4 17 250   M    M  10 12     28 260
 3  40  32  36   2  29   0 0.07    M    M  9.8 21 280   M    M   8 1      29 290
 4  43  28  36   2  29   0 0.10    M    M 11.1 31 260   M    M   6 1      42 260
 5  42  14  28  -6  37   0    T    M    M  4.4 10  60   M    M   3        12  10
 6  43  31  37   2  28   0 0.04    M    M  4.4 16 320   M    M   9 1      21 310
 7  50  31  41   6  24   0 0.01    M    M  6.6 26 260   M    M   5        35 260
 8  49  25  37   2  28   0 0.06    M    M 11.8 36 220   M    M   8 1      52 210
 9  40  25  33  -3  32   0 0.00    M    M  8.5 22 250   M    M   3        27 260
10  47  18  33  -3  32   0 0.00    M    M  4.2 14  70   M    M   3        17  60
11  46  29  38   2  27   0 0.57    M    M  6.0 14  30   M    M   9 1      20 130
12  45  32  39   3  26   0 1.06    M    M  7.6 23 260   M    M  10 13     28 250
13  36  26  31  -6  34   0 0.36    M    M 18.4 33 260   M    M   9 1      45 260
14  38  21  30  -7  35   0    T    M    M  4.7 14 210   M    M   4        19 220
15  44  20  32  -5  33   0 0.00    M    M  2.7  9  20   M    M   1        17 330
16  51  22  37  -1  28   0 0.00    M    M  2.8  9 360   M    M   0        14  30
17  53  25  39   1  26   0 0.00    M    M  3.0 12 340   M    M   0        14 190
18  54  26  40   2  25   0 0.00    M    M  2.6  9  40   M    M   5        14  40
19  54  27  41   3  24   0 0.00    M    M  7.7 26 270   M    M   0        36 270
20  56  23  40   1  25   0 0.00    M    M  4.7 12  60   M    M   1        15  90
21  46  33  40   1  25   0 0.17    M    M  8.1 30 230   M    M   9 13     43 230
================================================================================
SM  965  542       605   0  2.74    M    140.6          M      105
================================================================================
AV 46.0 25.8                               6.7 FASTST   M    M   5    MAX(MPH)
                                 MISC ---->  # 36 220               # 52  210
================================================================================
NOTES:
# LAST OF SEVERAL OCCURRENCES

COLUMN 17 PEAK WIND IN M.P.H.

PRELIMINARY LOCAL CLIMATOLOGICAL DATA (WS FORM: F-6) , PAGE 2

                                          STATION:  DURANGO AIRPORT CO
                                          MONTH:    MARCH
                                          YEAR:     2019
                                          LATITUDE:   37  9 N
                                          LONGITUDE: 107 45 W

[TEMPERATURE DATA]      [PRECIPITATION DATA]       SYMBOLS USED IN COLUMN 16

AVERAGE MONTHLY: 35.9   TOTAL FOR MONTH:   2.74    1 = FOG OR MIST
DPTR FM NORMAL:  -0.2   DPTR FM NORMAL:    1.89    2 = FOG REDUCING VISIBILITY
HIGHEST:    56 ON 20    GRTST 24HR  1.06 ON 12-12      TO 1/4 MILE OR LESS
LOWEST:     14 ON  5                               3 = THUNDER
                        SNOW, ICE PELLETS, HAIL    4 = ICE PELLETS
                        TOTAL MONTH:    M          5 = HAIL
                        GRTST 24HR    M  ON   M    6 = FREEZING RAIN OR DRIZZLE
                        GRTST DEPTH:  M  ON   M    7 = DUSTSTORM OR SANDSTORM:
                                                       VSBY 1/2 MILE OR LESS
                                                   8 = SMOKE OR HAZE
[NO. OF DAYS WITH]      [WEATHER - DAYS WITH]      9 = BLOWING SNOW
                                                   X = TORNADO
MAX 32 OR BELOW:   0    0.01 INCH OR MORE:  10
MAX 90 OR ABOVE:   0    0.10 INCH OR MORE:   6
MIN 32 OR BELOW:  20    0.50 INCH OR MORE:   2
MIN  0 OR BELOW:   0    1.00 INCH OR MORE:   1

[HDD (BASE 65) ]
TOTAL THIS MO.   605    CLEAR  (SCALE 0-3)   9
DPTR FM NORMAL    -2    PTCLDY (SCALE 4-7)   6
TOTAL FM JUL 1  6014    CLOUDY (SCALE 8-10)  6
DPTR FM NORMAL   232

[CDD (BASE 65) ]
TOTAL THIS MO.     0
DPTR FM NORMAL     0    [PRESSURE DATA]
TOTAL FM JAN 1     0    HIGHEST SLP M ON M
DPTR FM NORMAL     0    LOWEST  SLP 29.04 ON 13

[REMARKS]
