000
CXUS54 KEWX 220910
CF6DRT
PRELIMINARY LOCAL CLIMATOLOGICAL DATA (WS FORM: F-6)

                                          STATION:   DEL RIO
                                          MONTH:     MAY
                                          YEAR:      2019
                                          LATITUDE:   29 22 N
                                          LONGITUDE: 100 55 W

  TEMPERATURE IN F:       :PCPN:    SNOW:  WIND      :SUNSHINE: SKY     :PK WND
================================================================================
1   2   3   4   5  6A  6B    7    8   9   10  11  12  13   14  15   16   17  18
                                     12Z  AVG MX 2MIN
DY MAX MIN AVG DEP HDD CDD  WTR  SNW DPTH SPD SPD DIR MIN PSBL S-S WX    SPD DR
================================================================================

 1  83  74  79   4   0  14 0.02  0.0    0  8.7 15 100   M    M   6 18     21 100
 2  86  67  77   1   0  12 0.54  0.0    0 11.2 25  70   M    M   8 138    35  70
 3  78  64  71  -5   0   6 1.24  0.0    0  5.8 23  60   M    M   5 13     33  70
 4  84  64  74  -2   0   9 0.00  0.0    0  5.0 14 120   M    M   6        19 120
 5  87  66  77   1   0  12 0.11  0.0    0  9.7 20 120   M    M   3 3      26 130
 6  86  66  76  -1   0  11 0.01  0.0    0 10.1 21 120   M    M   2 3      27 100
 7  87  71  79   2   0  14 0.00  0.0    0 12.4 20 120   M    M   7 18     29 120
 8  96  70  83   6   0  18    T  0.0    0 10.1 23 140   M    M   4 18     32 130
 9  91  63  77   0   0  12 0.22  0.0    0  6.9 30  70   M    M   6 138    38  70
10  64  57  61 -17   4   0 0.05  0.0    0  6.6 12 320   M    M   9 1      17 350
11  77  57  67 -11   0   2    T  0.0    0  7.8 14 360   M    M   5 1      19 340
12  82  57  70  -8   0   5    T  0.0    0  4.2 12 100   M    M   2        16 100
13  81  62  72  -6   0   7 0.06  0.0    0  7.2 16 100   M    M   6        21 130
14  85  64  75  -3   0  10    T  0.0    0  5.3 14 150   M    M   6        18 150
15  88  70  79   0   0  14 0.00  0.0    0  8.6 17 150   M    M   6 18     21 160
16  88  72  80   1   0  15 0.00  0.0    0 12.5 20 120   M    M   5 18     25 120
17  91  74  83   4   0  18    T  0.0    0 15.0 23 140   M    M   6        30 150
18  99  76  88   9   0  23 0.02  0.0    0  9.0 20 120   M    M   5 18     27 120
19  92  69  81   1   0  16 1.16  0.0    0  8.4 18 120   M    M   4 138    24 120
20  93  77  85   5   0  20 0.01  0.0    0 14.6 25 140   M    M   7 18     33 150
21  91  71  81   1   0  16 0.01  0.0    0  9.1 20 340   M    M   2        26 330
================================================================================
SM 1809 1411         4 254  3.45     0.0 188.2          M      110
================================================================================
AV 86.1 67.2                               9.0 FASTST   M    M   5    MAX(MPH)
                                 MISC ---->  # 30  70               # 38   70
================================================================================
NOTES:
# LAST OF SEVERAL OCCURRENCES

COLUMN 17 PEAK WIND IN M.P.H.

PRELIMINARY LOCAL CLIMATOLOGICAL DATA (WS FORM: F-6) , PAGE 2

                                          STATION:  DEL RIO
                                          MONTH:    MAY
                                          YEAR:     2019
                                          LATITUDE:   29 22 N
                                          LONGITUDE: 100 55 W

[TEMPERATURE DATA]      [PRECIPITATION DATA]       SYMBOLS USED IN COLUMN 16

AVERAGE MONTHLY: 76.7   TOTAL FOR MONTH:   3.45    1 = FOG OR MIST
DPTR FM NORMAL:  -1.1   DPTR FM NORMAL:    1.66    2 = FOG REDUCING VISIBILITY
HIGHEST:    99 ON 18    GRTST 24HR  1.24 ON  3- 3      TO 1/4 MILE OR LESS
LOWEST:     57 ON 12,11                            3 = THUNDER
                        SNOW, ICE PELLETS, HAIL    4 = ICE PELLETS
                        TOTAL MONTH:   0.0 INCH    5 = HAIL
                        GRTST 24HR     0.0         6 = FREEZING RAIN OR DRIZZLE
                        GRTST DEPTH:   0           7 = DUSTSTORM OR SANDSTORM:
                                                       VSBY 1/2 MILE OR LESS
                                                   8 = SMOKE OR HAZE
[NO. OF DAYS WITH]      [WEATHER - DAYS WITH]      9 = BLOWING SNOW
                                                   X = TORNADO
MAX 32 OR BELOW:   0    0.01 INCH OR MORE:  12
MAX 90 OR ABOVE:   7    0.10 INCH OR MORE:   5
MIN 32 OR BELOW:   0    0.50 INCH OR MORE:   3
MIN  0 OR BELOW:   0    1.00 INCH OR MORE:   2

[HDD (BASE 65) ]
TOTAL THIS MO.     4    CLEAR  (SCALE 0-3)   3
DPTR FM NORMAL     4    PTCLDY (SCALE 4-7)  16
TOTAL FM JUL 1  1431    CLOUDY (SCALE 8-10)  2
DPTR FM NORMAL    56

[CDD (BASE 65) ]
TOTAL THIS MO.   254
DPTR FM NORMAL   -15    [PRESSURE DATA]
TOTAL FM JAN 1   598    HIGHEST SLP M ON M
DPTR FM NORMAL     0    LOWEST  SLP 29.50 ON 21

[REMARKS]
