000
CXUS53 KDMX 190920
CF6DSM
PRELIMINARY LOCAL CLIMATOLOGICAL DATA (WS FORM: F-6)

                                          STATION:   DES MOINES IA
                                          MONTH:     MARCH
                                          YEAR:      2019
                                          LATITUDE:   41 31 N
                                          LONGITUDE:  93 39 W

  TEMPERATURE IN F:       :PCPN:    SNOW:  WIND      :SUNSHINE: SKY     :PK WND
================================================================================
1   2   3   4   5  6A  6B    7    8   9   10  11  12  13   14  15   16   17  18
                                     12Z  AVG MX 2MIN
DY MAX MIN AVG DEP HDD CDD  WTR  SNW DPTH SPD SPD DIR MIN PSBL S-S WX    SPD DR
================================================================================

 1  31  13  22 -11  43   0 0.00  0.0    7  8.4 24 310   M    M   8        33 310
 2  20   7  14 -19  51   0    T    T    7 11.3 22 350   M    M   9 1      28  10
 3   9  -4   3 -31  62   0    T    T    7 16.1 22 300   M    M   5        30 360
 4  11  -5   3 -31  62   0 0.00  0.0    6 13.6 23 250   M    M   1        29 250
 5  19   6  13 -22  52   0 0.00  0.0    6 15.3 24 300   M    M   2        33 310
 6  33   5  19 -16  46   0 0.00  0.0    6  7.5 17 240   M    M   5        21 240
 7  25  17  21 -15  44   0 0.13  1.8    6  9.4 15  90   M    M  10 1      26  90
 8  36  24  30  -6  35   0    T    T    8  7.8 16 130   M    M  10 18     32 110
 9  36  32  34  -2  31   0 0.59  0.3    6 16.6 37 290   M    M  10 16     48 270
10  34  23  29  -8  36   0 0.00  0.0    4 16.3 40 300   M    M   6        51 300
11  45  24  35  -2  30   0 0.00  0.0    3  3.6  9 110   M    M   5        12 140
12  44  30  37  -1  28   0 0.79  0.0    2 10.7 21 170   M    M   9 13     26 180
13  57  41  49  11  16   0 0.39  0.0    T 11.5 24 150   M    M   8 123    32 150
14  52  34  43   4  22   0 0.03    T    T 19.5 31 320   M    M   9 1      46 320
15  46  28  37  -2  28   0 0.00  0.0    0 19.1 35 310   M    M   4        47 300
16  51  25  38  -1  27   0 0.00  0.0    0  6.0 15  30   M    M   6        20  40
17  43  28  36  -4  29   0 0.00  0.0    0  5.6 14 310   M    M   4 1      19 290
18  47  24  36  -4  29   0 0.00  0.0    0  4.3 13 270   M    M   5 1      21 340
================================================================================
SM  639  352       671   0  1.93     2.1 202.6          M      116
================================================================================
AV 35.5 19.6                              11.3 FASTST   M    M   6    MAX(MPH)
                                 MISC ---->  # 40 300               # 51  300
================================================================================
NOTES:
# LAST OF SEVERAL OCCURRENCES

COLUMN 17 PEAK WIND IN M.P.H.

PRELIMINARY LOCAL CLIMATOLOGICAL DATA (WS FORM: F-6) , PAGE 2

                                          STATION:  DES MOINES IA
                                          MONTH:    MARCH
                                          YEAR:     2019
                                          LATITUDE:   41 31 N
                                          LONGITUDE:  93 39 W

[TEMPERATURE DATA]      [PRECIPITATION DATA]       SYMBOLS USED IN COLUMN 16

AVERAGE MONTHLY: 27.5   TOTAL FOR MONTH:   1.93    1 = FOG OR MIST
DPTR FM NORMAL:  -9.1   DPTR FM NORMAL:    0.71    2 = FOG REDUCING VISIBILITY
HIGHEST:    57 ON 13    GRTST 24HR  0.79 ON 12-12      TO 1/4 MILE OR LESS
LOWEST:     -5 ON  4                               3 = THUNDER
                        SNOW, ICE PELLETS, HAIL    4 = ICE PELLETS
                        TOTAL MONTH:   2.1 INCHES  5 = HAIL
                        GRTST 24HR   1.8 ON  7- 7  6 = FREEZING RAIN OR DRIZZLE
                        GRTST DEPTH:   8 ON  8     7 = DUSTSTORM OR SANDSTORM:
                                                       VSBY 1/2 MILE OR LESS
                                                   8 = SMOKE OR HAZE
[NO. OF DAYS WITH]      [WEATHER - DAYS WITH]      9 = BLOWING SNOW
                                                   X = TORNADO
MAX 32 OR BELOW:   6    0.01 INCH OR MORE:   5
MAX 90 OR ABOVE:   0    0.10 INCH OR MORE:   4
MIN 32 OR BELOW:  16    0.50 INCH OR MORE:   2
MIN  0 OR BELOW:   2    1.00 INCH OR MORE:   0

[HDD (BASE 65) ]
TOTAL THIS MO.   671    CLEAR  (SCALE 0-3)   2
DPTR FM NORMAL   159    PTCLDY (SCALE 4-7)   9
TOTAL FM JUL 1  5882    CLOUDY (SCALE 8-10)  7
DPTR FM NORMAL   539

[CDD (BASE 65) ]
TOTAL THIS MO.     0
DPTR FM NORMAL     0    [PRESSURE DATA]
TOTAL FM JAN 1     0    HIGHEST SLP M ON M
DPTR FM NORMAL     0    LOWEST  SLP 29.11 ON 14

[REMARKS]
