000
CXUS54 KFWD 240730
CF6DTO
PRELIMINARY LOCAL CLIMATOLOGICAL DATA (WS FORM: F-6)

                                          STATION:   DENTON
                                          MONTH:     MAY
                                          YEAR:      2019
                                          LATITUDE:   33 12 N
                                          LONGITUDE:  97 12 W

  TEMPERATURE IN F:       :PCPN:    SNOW:  WIND      :SUNSHINE: SKY     :PK WND
================================================================================
1   2   3   4   5  6A  6B    7    8   9   10  11  12  13   14  15   16   17  18
                                     12Z  AVG MX 2MIN
DY MAX MIN AVG DEP HDD CDD  WTR  SNW DPTH SPD SPD DIR MIN PSBL S-S WX    SPD DR
================================================================================

 1  84  62  73   5   0   8 1.22  0.0    0 12.5 25 360   M    M   8 13     25 360
 2  78  59  69   1   0   4 0.35  0.0    0  8.2 21 360   M    M   3 13     21 360
 3  79  59  69   1   0   4    T  0.0    0  6.9 22  30   M    M   4 1      28  30
 4  75  60  68   0   0   3 0.00  0.0    0  8.1 15 360   M    M   3        20 350
 5  83  54  69   0   0   4 0.00  0.0    0  6.1 15 160   M    M   2 1      19 170
 6  84  67  76   7   0  11 0.00  0.0    0 10.9 21 180   M    M   1        28 180
 7  85  61  73   4   0   8 0.00  0.0    0 10.4 28 170   M    M   4        35 170
 8  72  60  66  -4   0   1 1.39  0.0    0  9.0 25 110   M    M   7 13     34  80
 9  65  51  58 -12   7   0    T  0.0    0 10.3 22  10   M    M   8 1      28  10
10  58  47  53 -17  12   0 0.16  0.0    0 10.3 18 360   M    M   9 13     24  40
11  66  54  60 -11   5   0 0.81  0.0    0  6.8 16 350   M    M  10 13     20 360
12  78  53  66  -5   0   1 0.00  0.0    0  4.2 12 300   M    M   2 8      16 300
13  84  53  69  -2   0   4 0.00  0.0    0  4.9 15 220   M    M   0        19 190
14  84  55  70  -2   0   5 0.00  0.0    0  4.2 14 190   M    M   1        17 210
15  86  57  72   0   0   7 0.00  0.0    0  6.3 15 200   M    M   1 1      20 240
16  88  60  74   2   0   9 0.00  0.0    0  8.6 18 160   M    M   0        24 170
17  88  68  78   6   0  13 0.00  0.0    0 15.5 23 160   M    M   5        29 160
18  78  63  71  -2   0   6 2.33  0.0    0 11.7 36 190   M    M   6 13     43 200
19  83  58  71  -2   0   6 0.00  0.0    0  7.0 13  40   M    M   2 12     20  20
20  88  65  77   4   0  12 0.00  0.0    0 16.8 32 160   M    M   6        45 150
21  82  63  73  -1   0   8 0.30  0.0    0 12.3 29 160   M    M   5 13     37 170
22  90  62  76   2   0  11 0.00  0.0    0 14.1 28 190   M    M   6 18     35 180
23  91  75  83   9   0  18 0.00  0.0    0 17.1 28 160   M    M   6        33 170
================================================================================
SM 1849 1366        24 143  6.56     0.0 222.2          M       99
================================================================================
AV 80.4 59.4                               9.7 FASTST   M    M   4    MAX(MPH)
                                 MISC ---->  # 36 190               # 45  150
================================================================================
NOTES:
# LAST OF SEVERAL OCCURRENCES

COLUMN 17 PEAK WIND IN M.P.H.

PRELIMINARY LOCAL CLIMATOLOGICAL DATA (WS FORM: F-6) , PAGE 2

                                          STATION:  DENTON
                                          MONTH:    MAY
                                          YEAR:     2019
                                          LATITUDE:   33 12 N
                                          LONGITUDE:  97 12 W

[TEMPERATURE DATA]      [PRECIPITATION DATA]       SYMBOLS USED IN COLUMN 16

AVERAGE MONTHLY: 69.9   TOTAL FOR MONTH:   6.56    1 = FOG OR MIST
DPTR FM NORMAL:  -1.0   DPTR FM NORMAL:    3.06    2 = FOG REDUCING VISIBILITY
HIGHEST:    91 ON 23    GRTST 24HR  2.33 ON 18-18      TO 1/4 MILE OR LESS
LOWEST:     47 ON 10                               3 = THUNDER
                        SNOW, ICE PELLETS, HAIL    4 = ICE PELLETS
                        TOTAL MONTH:   0.0 INCH    5 = HAIL
                        GRTST 24HR     0.0         6 = FREEZING RAIN OR DRIZZLE
                        GRTST DEPTH:   0           7 = DUSTSTORM OR SANDSTORM:
                                                       VSBY 1/2 MILE OR LESS
                                                   8 = SMOKE OR HAZE
[NO. OF DAYS WITH]      [WEATHER - DAYS WITH]      9 = BLOWING SNOW
                                                   X = TORNADO
MAX 32 OR BELOW:   0    0.01 INCH OR MORE:   7
MAX 90 OR ABOVE:   2    0.10 INCH OR MORE:   7
MIN 32 OR BELOW:   0    0.50 INCH OR MORE:   4
MIN  0 OR BELOW:   0    1.00 INCH OR MORE:   3

[HDD (BASE 65) ]
TOTAL THIS MO.    24    CLEAR  (SCALE 0-3)  10
DPTR FM NORMAL    12    PTCLDY (SCALE 4-7)  11
TOTAL FM JUL 1  2727    CLOUDY (SCALE 8-10)  2
DPTR FM NORMAL    23

[CDD (BASE 65) ]
TOTAL THIS MO.   143
DPTR FM NORMAL    -8    [PRESSURE DATA]
TOTAL FM JAN 1   233    HIGHEST SLP M ON M
DPTR FM NORMAL   -18    LOWEST  SLP 29.46 ON 21

[REMARKS]
