000
CXUS53 KDTX 240800
CF6DTW
PRELIMINARY LOCAL CLIMATOLOGICAL DATA (WS FORM: F-6)

                                          STATION:   DETROIT MI
                                          MONTH:     MARCH
                                          YEAR:      2019
                                          LATITUDE:   42 13 N
                                          LONGITUDE:  83 20 W

  TEMPERATURE IN F:       :PCPN:    SNOW:  WIND      :SUNSHINE: SKY     :PK WND
================================================================================
1   2   3   4   5  6A  6B    7    8   9   10  11  12  13   14  15   16   17  18
                                     12Z  AVG MX 2MIN
DY MAX MIN AVG DEP HDD CDD  WTR  SNW DPTH SPD SPD DIR MIN PSBL S-S WX    SPD DR
================================================================================

 1  34  16  25  -7  40   0 0.00  0.0    1  4.0  9  70   M    M   9 18     14  90
 2  36  26  31  -1  34   0    T    T    1  5.8 18 320   M    M  10 8      23 320
 3  30  15  23  -9  42   0 0.01  0.3    T  5.7 16 310   M    M   9 8      19 330
 4  20   8  14 -19  51   0 0.01  0.2    T 11.1 22 250   M    M   6 89     27 260
 5  22   8  15 -18  50   0    T  0.1    T 15.0 24 280   M    M   7 8      31 280
 6  22   9  16 -17  49   0    T  0.1    T 10.8 21 230   M    M   8        26 230
 7  28  18  23 -11  42   0    T  0.1    T  6.2 17 310   M    M   9 8      22 330
 8  39  17  28  -6  37   0 0.00  0.0    T  1.9 12 160   M    M   5 8      15 150
 9  39  22  31  -3  34   0 0.62  0.0    0  9.3 22  90   M    M   5 168    30  80
10  47  35  41   6  24   0 0.03  0.0    0 21.7 38 220   M    M   9 18     49 220
11  42  28  35   0  30   0 0.00  0.0    0 13.5 25 290   M    M   4        35 280
12  45  21  33  -3  32   0 0.00  0.0    0  6.4 14 250   M    M   2 8      18 240
13  57  32  45   9  20   0    T  0.0    0  7.6 17 200   M    M   9 8      20 210
14  65  45  55  19  10   0 0.27  0.0    0 14.7 31 240   M    M   9 13     42 180
15  47  34  41   4  24   0 0.08  0.0    0 19.8 35 240   M    M  10 18     48 240
16  39  26  33  -4  32   0 0.01  0.4    T 12.5 25 300   M    M   8        35 300
17  39  20  30  -8  35   0    T    T    T  6.2 14 220   M    M   4 8      18 240
18  45  27  36  -2  29   0    T    T    0  5.5 13 260   M    M   8 18     16 290
19  49  27  38   0  27   0 0.00  0.0    0  6.8 18 230   M    M   4 8      21 230
20  50  30  40   1  25   0 0.07  0.0    0  8.5 16 200   M    M   8 18     30 220
21  43  37  40   1  25   0    T  0.0    0  6.8 17 280   M    M   9 128    23 290
22  46  30  38  -2  27   0 0.01    T    0 14.0 26 320   M    M   7 8      35 330
23  50  23  37  -3  28   0 0.00  0.0    0  6.6 14 260   M    M   0        19 300
================================================================================
SM  934  554       747   0  1.11     1.2 220.4          M      159
================================================================================
AV 40.6 24.1                               9.6 FASTST   M    M   7    MAX(MPH)
                                 MISC ---->  # 38 220               # 49  220
================================================================================
NOTES:
# LAST OF SEVERAL OCCURRENCES

COLUMN 17 PEAK WIND IN M.P.H.

PRELIMINARY LOCAL CLIMATOLOGICAL DATA (WS FORM: F-6) , PAGE 2

                                          STATION:  DETROIT MI
                                          MONTH:    MARCH
                                          YEAR:     2019
                                          LATITUDE:   42 13 N
                                          LONGITUDE:  83 20 W

[TEMPERATURE DATA]      [PRECIPITATION DATA]       SYMBOLS USED IN COLUMN 16

AVERAGE MONTHLY: 32.4   TOTAL FOR MONTH:   1.11    1 = FOG OR MIST
DPTR FM NORMAL:  -3.3   DPTR FM NORMAL:   -0.53    2 = FOG REDUCING VISIBILITY
HIGHEST:    65 ON 14    GRTST 24HR  0.62 ON  9- 9      TO 1/4 MILE OR LESS
LOWEST:      8 ON  5, 4                            3 = THUNDER
                        SNOW, ICE PELLETS, HAIL    4 = ICE PELLETS
                        TOTAL MONTH:   1.2 INCHES  5 = HAIL
                        GRTST 24HR   0.4 ON 16-16  6 = FREEZING RAIN OR DRIZZLE
                        GRTST DEPTH:   1 ON  2, 1  7 = DUSTSTORM OR SANDSTORM:
                                                       VSBY 1/2 MILE OR LESS
                                                   8 = SMOKE OR HAZE
[NO. OF DAYS WITH]      [WEATHER - DAYS WITH]      9 = BLOWING SNOW
                                                   X = TORNADO
MAX 32 OR BELOW:   5    0.01 INCH OR MORE:   9
MAX 90 OR ABOVE:   0    0.10 INCH OR MORE:   2
MIN 32 OR BELOW:  19    0.50 INCH OR MORE:   1
MIN  0 OR BELOW:   0    1.00 INCH OR MORE:   0

[HDD (BASE 65) ]
TOTAL THIS MO.   747    CLEAR  (SCALE 0-3)   2
DPTR FM NORMAL    71    PTCLDY (SCALE 4-7)  10
TOTAL FM JUL 1  5279    CLOUDY (SCALE 8-10) 11
DPTR FM NORMAL    50

[CDD (BASE 65) ]
TOTAL THIS MO.     0
DPTR FM NORMAL     0    [PRESSURE DATA]
TOTAL FM JAN 1     0    HIGHEST SLP M ON M
DPTR FM NORMAL     0    LOWEST  SLP 29.32 ON 14

[REMARKS]
