000
CXUS55 KTWC 240855
CF6DUG
PRELIMINARY LOCAL CLIMATOLOGICAL DATA (WS FORM: F-6)

                                          STATION:   DOUGLAS AZ
                                          MONTH:     MAY
                                          YEAR:      2019
                                          LATITUDE:   31 28 N
                                          LONGITUDE: 109 36 W

  TEMPERATURE IN F:       :PCPN:    SNOW:  WIND      :SUNSHINE: SKY     :PK WND
================================================================================
1   2   3   4   5  6A  6B    7    8   9   10  11  12  13   14  15   16   17  18
                                     12Z  AVG MX 2MIN
DY MAX MIN AVG DEP HDD CDD  WTR  SNW DPTH SPD SPD DIR MIN PSBL S-S WX    SPD DR
================================================================================

 1  83  47  65  -1   0   0 0.00  0.0    0  8.5 21 230   M    M   M        26 230
 2  81  40  61  -5   4   0 0.00  0.0    0  6.1 18 220   M    M   M        25 200
 3  84  41  63  -3   2   0 0.00  0.0    0  5.5 17 260   M    M   M        21 260
 4  87  44  66   0   0   1 0.00  0.0    0  5.9 22 230   M    M   M        37 150
 5  88  42  65  -2   0   0 0.00  0.0    0  8.7 23 250   M    M   M        28 270
 6  83  49  66  -1   0   1 0.00  0.0    M 11.5 24 180   M    M   M        31 190
 7  76  51  64  -3   1   0 0.00  0.0    M 12.7 33 230   M    M   M        41 230
 8  77  41  59  -9   6   0 0.00  0.0    M  7.8 21 280   M    M   M        25 280
 9  77  45  61  -7   4   0 0.00  0.0    M  6.8 18 130   M    M   M        22 140
10  73  52  63  -5   2   0 0.10  0.0    M 11.7 28 180   M    M   M        36 170
11  77  45  61  -7   4   0 0.00  0.0    M  7.7 20 260   M    M   M        28 250
12  66  48  57 -12   8   0 0.18    M    M  7.7 23  30   M    M   M 13     29  30
13  77  43  60  -9   5   0 0.00  0.0    M  4.5 10 130   M    M   M        14 150
14  86  44  65  -4   0   0 0.00  0.0    0  3.5 17 160   M    M   M        22 150
15  91  47  69  -1   0   4 0.00  0.0    0  6.9 23 180   M    M   M        33 180
16  88  53  71   1   0   6 0.00  0.0    0 12.6 29 240   M    M   M        38 250
17  80  51  66  -4   0   1 0.00  0.0    M 15.7 31 220   M    M   M        40 210
18  81  42  62  -8   3   0 0.00  0.0    M  9.4 21 240   M    M   M        27 230
19  82  49  66  -5   0   1 0.00  0.0    M 11.6 28 240   M    M   M        35 240
20  73  44  59 -12   6   0 0.00  0.0    M 16.7 38 290   M    M   M        48 270
21  78  35  57 -14   8   0 0.00  0.0    M 14.0 30 250   M    M   M        41 250
22  81  49  65  -7   0   0 0.00  0.0    M 16.7 33 190   M    M   M        41 190
23  77  46  62 -10   3   0 0.00  0.0    M 11.9 25 180   M    M   M        36 170
================================================================================
SM 1846 1048        56  14  0.28     0.0 224.1          M        M
================================================================================
AV 80.3 45.6                               9.7 FASTST   M    M   0    MAX(MPH)
                                 MISC ---->  # 38 290               # 48  270
================================================================================
NOTES:
# LAST OF SEVERAL OCCURRENCES

COLUMN 17 PEAK WIND IN M.P.H.

PRELIMINARY LOCAL CLIMATOLOGICAL DATA (WS FORM: F-6) , PAGE 2

                                          STATION:  DOUGLAS AZ
                                          MONTH:    MAY
                                          YEAR:     2019
                                          LATITUDE:   31 28 N
                                          LONGITUDE: 109 36 W

[TEMPERATURE DATA]      [PRECIPITATION DATA]       SYMBOLS USED IN COLUMN 16

AVERAGE MONTHLY: 62.9   TOTAL FOR MONTH:   0.28    1 = FOG OR MIST
DPTR FM NORMAL:  -5.8   DPTR FM NORMAL:    0.08    2 = FOG REDUCING VISIBILITY
HIGHEST:    91 ON 15    GRTST 24HR  0.18 ON 12-12      TO 1/4 MILE OR LESS
LOWEST:     35 ON 21                               3 = THUNDER
                        SNOW, ICE PELLETS, HAIL    4 = ICE PELLETS
                        TOTAL MONTH:   0.0 INCH    5 = HAIL
                        GRTST 24HR     0.0         6 = FREEZING RAIN OR DRIZZLE
                        GRTST DEPTH:   0           7 = DUSTSTORM OR SANDSTORM:
                                                       VSBY 1/2 MILE OR LESS
                                                   8 = SMOKE OR HAZE
[NO. OF DAYS WITH]      [WEATHER - DAYS WITH]      9 = BLOWING SNOW
                                                   X = TORNADO
MAX 32 OR BELOW:   0    0.01 INCH OR MORE:   2
MAX 90 OR ABOVE:   1    0.10 INCH OR MORE:   2
MIN 32 OR BELOW:   0    0.50 INCH OR MORE:   0
MIN  0 OR BELOW:   0    1.00 INCH OR MORE:   0

[HDD (BASE 65) ]
TOTAL THIS MO.    56    CLEAR  (SCALE 0-3)   0
DPTR FM NORMAL    36    PTCLDY (SCALE 4-7)   0
TOTAL FM JUL 1  2820    CLOUDY (SCALE 8-10)  0
DPTR FM NORMAL   299

[CDD (BASE 65) ]
TOTAL THIS MO.    14
DPTR FM NORMAL   -93    [PRESSURE DATA]
TOTAL FM JAN 1    31    HIGHEST SLP M ON M
DPTR FM NORMAL  -106    LOWEST  SLP 29.56 ON 22

[REMARKS]
