000
CXUS55 KTWC 250855
CF6DUG
PRELIMINARY LOCAL CLIMATOLOGICAL DATA (WS FORM: F-6)

                                          STATION:   DOUGLAS AZ
                                          MONTH:     MARCH
                                          YEAR:      2019
                                          LATITUDE:   31 28 N
                                          LONGITUDE: 109 36 W

  TEMPERATURE IN F:       :PCPN:    SNOW:  WIND      :SUNSHINE: SKY     :PK WND
================================================================================
1   2   3   4   5  6A  6B    7    8   9   10  11  12  13   14  15   16   17  18
                                     12Z  AVG MX 2MIN
DY MAX MIN AVG DEP HDD CDD  WTR  SNW DPTH SPD SPD DIR MIN PSBL S-S WX    SPD DR
================================================================================

 1  76  34  55   3  10   0 0.00  0.0    M  4.6 18 320   M    M   M        24 310
 2  77  40  59   7   6   0 0.00  0.0    M 10.3 29 250   M    M   M        54 190
 3  75  42  59   7   6   0 0.00  0.0    M  7.7 21 250   M    M   M        27 220
 4  76  33  55   2  10   0 0.00  0.0    0  6.8 16 320   M    M   M        20 310
 5  76  30  53   0  12   0 0.00  0.0    0  5.1 13 170   M    M   M        16 180
 6  82  36  59   6   6   0 0.00  0.0    0 10.9 31 240   M    M   M        39 240
 7  73  51  62   9   3   0 0.00  0.0    M 10.8 23 220   M    M   M        30 240
 8  67  36  52  -1  13   0 0.01    M    0 13.1 37 220   M    M   M 8      51 230
 9  64  22  43 -10  22   0 0.00  0.0    0  6.0 17 240   M    M   M        21 260
10  61  40  51  -3  14   0 0.00  0.0    0 12.4 31 180   M    M   M        38 180
11  74  43  59   5   6   0 0.18    M    M 13.2 43 160   M    M   M 13     49 150
12  54  39  47  -7  18   0 1.06    M    M 13.7 24 150   M    M   M 1      31 170
13  56  40  48  -6  17   0    T    M    0 19.8 39 250   M    M   M        45 250
14  60  28  44 -10  21   0 0.00  0.0    M  7.3 17 330   M    M   M        21 340
15  62  28  45  -9  20   0 0.00  0.0    M 14.8 24  90   M    M   M        32  90
16  60  39  50  -4  15   0 0.07    M    M 13.8 40  90   M    M   M 38     49  90
17  67  32  50  -5  15   0 0.00  0.0    M  8.7 17  70   M    M   M        22  70
18  69  38  54  -1  11   0 0.00  0.0    M  9.3 20 120   M    M   M        26  90
19  72  41  57   2   8   0 0.00  0.0    M  5.4 12 120   M    M   M        19 170
20  75  40  58   3   7   0 0.00  0.0    M  7.2 20 190   M    M   M        26 160
21  71  43  57   2   8   0 0.00  0.0    M  9.3 23 240   M    M   M        28 240
22  69  34  52  -4  13   0 0.00  0.0    M  8.7 17 340   M    M   M        29 280
23  74  29  52  -4  13   0 0.00  0.0    M  7.2 20 240   M    M   M        24 230
24  75  31  53  -3  12   0 0.00  0.0    M  5.8 15 310   M    M   M        18 320
================================================================================
SM 1665  869       286   0  1.32     0.0 231.9          M        M
================================================================================
AV 69.4 36.2                               9.7 FASTST   M    M   0    MAX(MPH)
                                 MISC ---->  # 43 160               # 54  190
================================================================================
NOTES:
# LAST OF SEVERAL OCCURRENCES

COLUMN 17 PEAK WIND IN M.P.H.

PRELIMINARY LOCAL CLIMATOLOGICAL DATA (WS FORM: F-6) , PAGE 2

                                          STATION:  DOUGLAS AZ
                                          MONTH:    MARCH
                                          YEAR:     2019
                                          LATITUDE:   31 28 N
                                          LONGITUDE: 109 36 W

[TEMPERATURE DATA]      [PRECIPITATION DATA]       SYMBOLS USED IN COLUMN 16

AVERAGE MONTHLY: 52.8   TOTAL FOR MONTH:   1.32    1 = FOG OR MIST
DPTR FM NORMAL:  -1.2   DPTR FM NORMAL:    0.90    2 = FOG REDUCING VISIBILITY
HIGHEST:    82 ON  6    GRTST 24HR  1.06 ON 12-12      TO 1/4 MILE OR LESS
LOWEST:     22 ON  9                               3 = THUNDER
                        SNOW, ICE PELLETS, HAIL    4 = ICE PELLETS
                        TOTAL MONTH:   0.0 INCH    5 = HAIL
                        GRTST 24HR     0.0         6 = FREEZING RAIN OR DRIZZLE
                        GRTST DEPTH:   0           7 = DUSTSTORM OR SANDSTORM:
                                                       VSBY 1/2 MILE OR LESS
                                                   8 = SMOKE OR HAZE
[NO. OF DAYS WITH]      [WEATHER - DAYS WITH]      9 = BLOWING SNOW
                                                   X = TORNADO
MAX 32 OR BELOW:   0    0.01 INCH OR MORE:   4
MAX 90 OR ABOVE:   0    0.10 INCH OR MORE:   2
MIN 32 OR BELOW:   7    0.50 INCH OR MORE:   1
MIN  0 OR BELOW:   0    1.00 INCH OR MORE:   1

[HDD (BASE 65) ]
TOTAL THIS MO.   286    CLEAR  (SCALE 0-3)   0
DPTR FM NORMAL    20    PTCLDY (SCALE 4-7)   0
TOTAL FM JUL 1  2571    CLOUDY (SCALE 8-10)  0
DPTR FM NORMAL   269

[CDD (BASE 65) ]
TOTAL THIS MO.     0
DPTR FM NORMAL     0    [PRESSURE DATA]
TOTAL FM JAN 1     0    HIGHEST SLP M ON M
DPTR FM NORMAL     0    LOWEST  SLP 29.65 ON 11

[REMARKS]
