000
CXUS53 KFGF 200915
CF6DVL
PRELIMINARY LOCAL CLIMATOLOGICAL DATA (WS FORM: F-6)

                                          STATION:   DEVILS LAKE ND
                                          MONTH:     MARCH
                                          YEAR:      2019
                                          LATITUDE:   48  7 N
                                          LONGITUDE:  98 54 W

  TEMPERATURE IN F:       :PCPN:    SNOW:  WIND      :SUNSHINE: SKY     :PK WND
================================================================================
1   2   3   4   5  6A  6B    7    8   9   10  11  12  13   14  15   16   17  18
                                     12Z  AVG MX 2MIN
DY MAX MIN AVG DEP HDD CDD  WTR  SNW DPTH SPD SPD DIR MIN PSBL S-S WX    SPD DR
================================================================================

 1   9  -7   1 -17  64   0    M    M    M  4.8 14 340   M    M   6 1       M  M
 2   2 -14  -6 -24  71   0    M    M    M 13.3 21 300   M    M   4 1      25 290
 3  -3 -17 -10 -29  75   0    M    M    M 20.1 25 290   M    M   4 18     31 280
 4   7  -6   1 -18  64   0    M    M    M 21.7 31 290   M    M   8 18     40 280
 5  15  -5   5 -15  60   0    M    M    M 14.3 17 270   M    M   5 1       M  M
 6   9 -10   0 -20  65   0    M    M    M  8.1 16 290   M    M   1         M  M
 7  10 -17  -3 -24  68   0    M    M    M  6.7 14 160   M    M   3         M  M
 8  21   6  14  -7  51   0    M    M    M  7.8 13 220   M    M   9 1       M  M
 9  24  13  19  -3  46   0    M    M    M  9.7 20 310   M    M   8 12      M  M
10  18  -1   9 -13  56   0    M    M    M 10.2 17 310   M    M   2         M  M
11  28  -8  10 -13  55   0    M    M    M 11.1 23 200   M    M   2 12     29 200
12  35  10  23   0  42   0    M    M    M 10.0 22 200   M    M   0 1       M  M
13  30   8  19  -5  46   0    M    M    M 10.3 24  10   M    M   2        30  10
14  31  21  26   2  39   0    T    M    M 27.6 38 350   M    M   4 18     45 360
15  27   7  17  -8  48   0    M    M    M 10.3 17 290   M    M   2         M  M
16  29  -4  13 -12  52   0    T    M    M  5.4 16 260   M    M   6 12      M  M
17  32  11  22  -4  43   0    M    M    M  9.5 15 270   M    M   2         M  M
18  32   8  20  -6  45   0    T    M    M 10.0 22 220   M    M   6 1      27 220
19  36  13  25  -2  40   0 0.00    M    M 11.1 22 260   M    M   4 12     30 260
================================================================================
SM  392    8      1030   0    T     M    222.0          M       78
================================================================================
AV 20.6  0.4                              11.7 FASTST   M    M   4    MAX(MPH)
                                 MISC ---->  # 38 350               # 45  360
================================================================================
NOTES:
# LAST OF SEVERAL OCCURRENCES

COLUMN 17 PEAK WIND IN M.P.H.

PRELIMINARY LOCAL CLIMATOLOGICAL DATA (WS FORM: F-6) , PAGE 2

                                          STATION:  DEVILS LAKE ND
                                          MONTH:    MARCH
                                          YEAR:     2019
                                          LATITUDE:   48  7 N
                                          LONGITUDE:  98 54 W

[TEMPERATURE DATA]      [PRECIPITATION DATA]       SYMBOLS USED IN COLUMN 16

AVERAGE MONTHLY: 10.5   TOTAL FOR MONTH:      T    1 = FOG OR MIST
DPTR FM NORMAL: -11.7   DPTR FM NORMAL:   -0.51    2 = FOG REDUCING VISIBILITY
HIGHEST:    36 ON 19    GRTST 24HR    T  ON 18-18      TO 1/4 MILE OR LESS
LOWEST:    -17 ON  7, 3                            3 = THUNDER
                        SNOW, ICE PELLETS, HAIL    4 = ICE PELLETS
                        TOTAL MONTH:    M          5 = HAIL
                        GRTST 24HR    M  ON   M    6 = FREEZING RAIN OR DRIZZLE
                        GRTST DEPTH:  M  ON   M    7 = DUSTSTORM OR SANDSTORM:
                                                       VSBY 1/2 MILE OR LESS
                                                   8 = SMOKE OR HAZE
[NO. OF DAYS WITH]      [WEATHER - DAYS WITH]      9 = BLOWING SNOW
                                                   X = TORNADO
MAX 32 OR BELOW:  17    0.01 INCH OR MORE:   0
MAX 90 OR ABOVE:   0    0.10 INCH OR MORE:   0
MIN 32 OR BELOW:  19    0.50 INCH OR MORE:   0
MIN  0 OR BELOW:  10    1.00 INCH OR MORE:   0

[HDD (BASE 65) ]
TOTAL THIS MO.  1030    CLEAR  (SCALE 0-3)   8
DPTR FM NORMAL   218    PTCLDY (SCALE 4-7)   8
TOTAL FM JUL 1  8979    CLOUDY (SCALE 8-10)  3
DPTR FM NORMAL  1194

[CDD (BASE 65) ]
TOTAL THIS MO.     0
DPTR FM NORMAL     0    [PRESSURE DATA]
TOTAL FM JAN 1     0    HIGHEST SLP M ON M
DPTR FM NORMAL     0    LOWEST  SLP M ON M

[REMARKS]
