000
CXUS55 KPSR 201005
CF6DVT
PRELIMINARY LOCAL CLIMATOLOGICAL DATA (WS FORM: F-6)

                                          STATION:   DEER VLY/PHOENIX AZ
                                          MONTH:     MARCH
                                          YEAR:      2019
                                          LATITUDE:   33 41 N
                                          LONGITUDE: 112  4 W

  TEMPERATURE IN F:       :PCPN:    SNOW:  WIND      :SUNSHINE: SKY     :PK WND
================================================================================
1   2   3   4   5  6A  6B    7    8   9   10  11  12  13   14  15   16   17  18
                                     12Z  AVG MX 2MIN
DY MAX MIN AVG DEP HDD CDD  WTR  SNW DPTH SPD SPD DIR MIN PSBL S-S WX    SPD DR
================================================================================

 1  74  51  63   4   2   0 0.00  0.0    0  3.2 13  30   M    M   0        15  30
 2  70  57  64   5   1   0    T  0.0    0  5.8 17 300   M    M   3        21 290
 3  71  52  62   3   3   0 0.00  0.0    0  5.1 13 240   M    M   1        17 240
 4  72  48  60   1   5   0 0.00  0.0    0  4.8 15  30   M    M   0        17  30
 5  78  49  64   4   1   0 0.00  0.0    0  4.6 15  30   M    M   0        18  30
 6  81  56  69   9   0   4    T  0.0    0  6.5 17 240   M    M   2        21  30
 7  72  56  64   4   1   0 0.00  0.0    0  4.7 10 180   M    M   1        14 170
 8  66  49  58  -2   7   0 0.00  0.0    0 10.7 25 250   M    M   5        32 230
 9  63  42  53  -7  12   0 0.00  0.0    0  5.8 12  30   M    M   0        15 210
10  68  43  56  -5   9   0 0.00  0.0    0  5.7 13 200   M    M   1        16 120
11  68  47  58  -3   7   0 0.07    M    0  6.3 20 280   M    M   6        22 280
12  57  49  53  -8  12   0 0.59    M    0  5.4 23 240   M    M   9 13     28 240
13  65  43  54  -7  11   0 0.07    M    0 15.8 32 260   M    M   3 1      43 250
14  63  37  50 -12  15   0 0.00  0.0    0  3.9 14  20   M    M   0        18 190
15  72  45  59  -3   6   0 0.00  0.0    0  8.7 18 100   M    M   0        24  80
16  77  56  67   5   0   2 0.00  0.0    0  8.0 16  90   M    M   0        21  30
17  78  58  68   6   0   3 0.00  0.0    0  7.9 17  60   M    M   0        26  70
18  80  56  68   6   0   3 0.00  0.0    0  5.8 14  30   M    M   0        16  30
19  81  57  69   6   0   4 0.00  0.0    0  4.8 12 170   M    M   3        16 140
================================================================================
SM 1356  951        92  16  0.73     0.0 123.5          M       34
================================================================================
AV 71.4 50.1                               6.5 FASTST   M    M   2    MAX(MPH)
                                 MISC ---->  # 32 260               # 43  250
================================================================================
NOTES:
# LAST OF SEVERAL OCCURRENCES

COLUMN 17 PEAK WIND IN M.P.H.

PRELIMINARY LOCAL CLIMATOLOGICAL DATA (WS FORM: F-6) , PAGE 2

                                          STATION:  DEER VLY/PHOENIX AZ
                                          MONTH:    MARCH
                                          YEAR:     2019
                                          LATITUDE:   33 41 N
                                          LONGITUDE: 112  4 W

[TEMPERATURE DATA]      [PRECIPITATION DATA]       SYMBOLS USED IN COLUMN 16

AVERAGE MONTHLY: 60.7   TOTAL FOR MONTH:   0.73    1 = FOG OR MIST
DPTR FM NORMAL:   0.0   DPTR FM NORMAL:   -0.14    2 = FOG REDUCING VISIBILITY
HIGHEST:    81 ON 19, 6 GRTST 24HR  0.59 ON 12-12      TO 1/4 MILE OR LESS
LOWEST:     37 ON 14                               3 = THUNDER
                        SNOW, ICE PELLETS, HAIL    4 = ICE PELLETS
                        TOTAL MONTH:   0.0 INCH    5 = HAIL
                        GRTST 24HR     0.0         6 = FREEZING RAIN OR DRIZZLE
                        GRTST DEPTH:   0           7 = DUSTSTORM OR SANDSTORM:
                                                       VSBY 1/2 MILE OR LESS
                                                   8 = SMOKE OR HAZE
[NO. OF DAYS WITH]      [WEATHER - DAYS WITH]      9 = BLOWING SNOW
                                                   X = TORNADO
MAX 32 OR BELOW:   0    0.01 INCH OR MORE:   3
MAX 90 OR ABOVE:   0    0.10 INCH OR MORE:   1
MIN 32 OR BELOW:   0    0.50 INCH OR MORE:   1
MIN  0 OR BELOW:   0    1.00 INCH OR MORE:   0

[HDD (BASE 65) ]
TOTAL THIS MO.    92    CLEAR  (SCALE 0-3)  15
DPTR FM NORMAL   -12    PTCLDY (SCALE 4-7)   3
TOTAL FM JUL 1  1275    CLOUDY (SCALE 8-10)  1
DPTR FM NORMAL    58

[CDD (BASE 65) ]
TOTAL THIS MO.    16
DPTR FM NORMAL    -9    [PRESSURE DATA]
TOTAL FM JAN 1    16    HIGHEST SLP M ON M
DPTR FM NORMAL   -14    LOWEST  SLP 29.64 ON 12

[REMARKS]
