000
CXUS54 KHGX 211515
CF6DWH
PRELIMINARY LOCAL CLIMATOLOGICAL DATA (WS FORM: F-6)

                                          STATION:   HOUSTON/D.W._HOOKS
                                          MONTH:     MARCH
                                          YEAR:      2019
                                          LATITUDE:   30  4 N
                                          LONGITUDE:  95 33 W

  TEMPERATURE IN F:       :PCPN:    SNOW:  WIND      :SUNSHINE: SKY     :PK WND
================================================================================
1   2   3   4   5  6A  6B    7    8   9   10  11  12  13   14  15   16   17  18
                                     12Z  AVG MX 2MIN
DY MAX MIN AVG DEP HDD CDD  WTR  SNW DPTH SPD SPD DIR MIN PSBL S-S WX    SPD DR
================================================================================

 1  62  45  54  -4  11   0 0.01  0.0    0  3.8  9  70   M    M  10 18     13  70
 2  73  54  64   6   1   0 0.03  0.0    0  5.1 10  70   M    M  10 18     13  60
 3  62  40  51  -7  14   0 0.01  0.0    0 10.1 23 360   M    M   9 1      29  10
 4  41  33  37 -21  28   0    T  0.0    0 11.5 21 360   M    M  10 4      28  10
 5  49  29  39 -20  26   0 0.00  0.0    0  7.9 21  10   M    M   1        28  20
 6  59  32  46 -13  19   0 0.00  0.0    0  7.4 15 120   M    M   3        20 130
 7  74  51  63   4   2   0    T  0.0    0  6.2 14 190   M    M  10        21 190
 8  82  68  75  16   0  10    T  0.0    0 10.8 23 200   M    M   9 8      30 210
 9  83  68  76  17   0  11    T  0.0    0  8.1 22 210   M    M   7 1      32 200
10  82  68  75  15   0  10 0.00  0.0    0  5.9 14 110   M    M   9 128    19 130
11  82  65  74  14   0   9 0.00  0.0    0  6.6 15  20   M    M   7 12     19  40
12  73  63  68   8   0   3 0.00  0.0    0 10.7 18 140   M    M  10 1      29 130
13  74  57  66   6   0   1 0.26  0.0    0  8.1 23 140   M    M  10 13     35 140
14  76  59  68   8   0   3 0.10  0.0    0  9.7 24 290   M    M   6 1      33 270
15  65  50  58  -2   7   0    T  0.0    0 10.8 21  10   M    M   3        32  20
16  64  50  57  -4   8   0 0.00  0.0    0  4.6 13  70   M    M   6        20  80
17  68  47  58  -3   7   0 0.00  0.0    0  4.3 13  60   M    M   1        19  40
18  71  45  58  -3   7   0 0.00  0.0    0  5.2 18 130   M    M   0        25 120
19  72  45  59  -2   6   0 0.00  0.0    0  4.4 15 140   M    M   3        21 110
20  76  45  61  -1   4   0 0.00  0.0    0  2.3 12 300   M    M   3 1      15 300
================================================================================
SM 1388 1014       140  47  0.41     0.0 143.5          M      127
================================================================================
AV 69.4 50.7                               7.2 FASTST   M    M   6    MAX(MPH)
                                 MISC ---->  # 24 290               # 35  140
================================================================================
NOTES:
# LAST OF SEVERAL OCCURRENCES

COLUMN 17 PEAK WIND IN M.P.H.

PRELIMINARY LOCAL CLIMATOLOGICAL DATA (WS FORM: F-6) , PAGE 2

                                          STATION:  HOUSTON/D.W._HOOKS
                                          MONTH:    MARCH
                                          YEAR:     2019
                                          LATITUDE:   30  4 N
                                          LONGITUDE:  95 33 W

[TEMPERATURE DATA]      [PRECIPITATION DATA]       SYMBOLS USED IN COLUMN 16

AVERAGE MONTHLY: 60.1   TOTAL FOR MONTH:   0.41    1 = FOG OR MIST
DPTR FM NORMAL:   0.4   DPTR FM NORMAL:   -1.99    2 = FOG REDUCING VISIBILITY
HIGHEST:    83 ON  9    GRTST 24HR  0.26 ON 13-13      TO 1/4 MILE OR LESS
LOWEST:     29 ON  5                               3 = THUNDER
                        SNOW, ICE PELLETS, HAIL    4 = ICE PELLETS
                        TOTAL MONTH:   0.0 INCH    5 = HAIL
                        GRTST 24HR     0.0         6 = FREEZING RAIN OR DRIZZLE
                        GRTST DEPTH:   0           7 = DUSTSTORM OR SANDSTORM:
                                                       VSBY 1/2 MILE OR LESS
                                                   8 = SMOKE OR HAZE
[NO. OF DAYS WITH]      [WEATHER - DAYS WITH]      9 = BLOWING SNOW
                                                   X = TORNADO
MAX 32 OR BELOW:   0    0.01 INCH OR MORE:   5
MAX 90 OR ABOVE:   0    0.10 INCH OR MORE:   2
MIN 32 OR BELOW:   2    0.50 INCH OR MORE:   0
MIN  0 OR BELOW:   0    1.00 INCH OR MORE:   0

[HDD (BASE 65) ]
TOTAL THIS MO.   140    CLEAR  (SCALE 0-3)   6
DPTR FM NORMAL     8    PTCLDY (SCALE 4-7)   5
TOTAL FM JUL 1  1337    CLOUDY (SCALE 8-10)  9
DPTR FM NORMAL  -142

[CDD (BASE 65) ]
TOTAL THIS MO.    47
DPTR FM NORMAL    26    [PRESSURE DATA]
TOTAL FM JAN 1    85    HIGHEST SLP M ON M
DPTR FM NORMAL    36    LOWEST  SLP 29.62 ON 13

[REMARKS]
