000
CXUS54 KEWX 190910
CF6DZB
PRELIMINARY LOCAL CLIMATOLOGICAL DATA (WS FORM: F-6)

                                          STATION:   Horseshoe Bay
                                          MONTH:     MAY
                                          YEAR:      2019
                                          LATITUDE:   30 31 N
                                          LONGITUDE:  98 22 W

  TEMPERATURE IN F:       :PCPN:    SNOW:  WIND      :SUNSHINE: SKY     :PK WND
================================================================================
1   2   3   4   5  6A  6B    7    8   9   10  11  12  13   14  15   16   17  18
                                     12Z  AVG MX 2MIN
DY MAX MIN AVG DEP HDD CDD  WTR  SNW DPTH SPD SPD DIR MIN PSBL S-S WX    SPD DR
================================================================================

 1  77  73  75   M   0  10 0.00    M    M  5.3 10 160   M    M   9 1      17 160
 2   M  61   M   M   M   M 0.24    M    M  5.9 15  60   M    M   8 13     20  60
 3  81  63  72   M   0   7 1.16    M    M  4.0 18 130   M    M   9 3       M  M
 4  79  59  69   M   0   4 0.00    M    M  4.4 10  10   M    M   2        17  10
 5  84  59  72   M   0   7 0.00    M    M  4.8 12  20   M    M   2        17 160
 6  79  66  73   M   0   8 0.00    M    M  5.8 13 150   M    M   4        20 150
 7  88  68  78   M   0  13 0.00    M    M  7.0 17 150   M    M   8 13     24 150
 8  81  64  73   M   0   8 0.72    M    M  4.6 20 160   M    M   5 3      32 160
 9   M  61   M   M   M   M 0.00    M    M  5.8 12 330   M    M   8 1      23 350
10  63  52  58   M   7   0 0.01    M    M  6.0 14 350   M    M  10        20 350
11  66   5  36   M  29   0 0.02    M    M  4.1 10 330   M    M  10 13     16 330
12  79  54  67   M   0   2 0.00    M    M  2.9  9 340   M    M   2         M  M
13  82  54  68   M   0   3 0.00    M    M  2.4  7 110   M    M   1         M  M
14  81  63  72   M   0   7 0.00    M    M  2.4 14 340   M    M   5 3      18 340
15  86  61  74   M   0   9 0.00    M    M  3.2  9 120   M    M   4         M  M
16  88  63  76   M   0  11 0.00    M    M  5.5  9 190   M    M   2         M  M
17  88  72  80   M   0  15 0.00    M    M  9.8 14 150   M    M   7        24 160
18  84  75  80   M   0  15 0.02    M    M  8.6 13 150   M    M   7 13     21 160
================================================================================
SM 1286 1073        36 119  2.17    M     92.5          M      103
================================================================================
AV 80.4 59.6                               5.1 FASTST   M    M   6    MAX(MPH)
                                 MISC ---->  # 20 160               # 32  160
================================================================================
NOTES:
# LAST OF SEVERAL OCCURRENCES

COLUMN 17 PEAK WIND IN M.P.H.

PRELIMINARY LOCAL CLIMATOLOGICAL DATA (WS FORM: F-6) , PAGE 2

                                          STATION:  Horseshoe Bay
                                          MONTH:    MAY
                                          YEAR:     2019
                                          LATITUDE:   30 31 N
                                          LONGITUDE:  98 22 W

[TEMPERATURE DATA]      [PRECIPITATION DATA]       SYMBOLS USED IN COLUMN 16

AVERAGE MONTHLY: 70.0   TOTAL FOR MONTH:   2.17    1 = FOG OR MIST
DPTR FM NORMAL:     M   DPTR FM NORMAL:       M    2 = FOG REDUCING VISIBILITY
HIGHEST:    88 ON 17,16 GRTST 24HR  1.16 ON  3- 3      TO 1/4 MILE OR LESS
LOWEST:      5 ON 11                               3 = THUNDER
                        SNOW, ICE PELLETS, HAIL    4 = ICE PELLETS
                        TOTAL MONTH:    M          5 = HAIL
                        GRTST 24HR    M  ON   M    6 = FREEZING RAIN OR DRIZZLE
                        GRTST DEPTH:  M  ON   M    7 = DUSTSTORM OR SANDSTORM:
                                                       VSBY 1/2 MILE OR LESS
                                                   8 = SMOKE OR HAZE
[NO. OF DAYS WITH]      [WEATHER - DAYS WITH]      9 = BLOWING SNOW
                                                   X = TORNADO
MAX 32 OR BELOW:   0    0.01 INCH OR MORE:   6
MAX 90 OR ABOVE:   0    0.10 INCH OR MORE:   3
MIN 32 OR BELOW:   1    0.50 INCH OR MORE:   2
MIN  0 OR BELOW:   0    1.00 INCH OR MORE:   1

[HDD (BASE 65) ]
TOTAL THIS MO.    36    CLEAR  (SCALE 0-3)   5
DPTR FM NORMAL     M    PTCLDY (SCALE 4-7)   7
TOTAL FM JUL 1  1955    CLOUDY (SCALE 8-10)  6
DPTR FM NORMAL     M

[CDD (BASE 65) ]
TOTAL THIS MO.   119
DPTR FM NORMAL     M    [PRESSURE DATA]
TOTAL FM JAN 1   297    HIGHEST SLP M ON M
DPTR FM NORMAL     M    LOWEST  SLP M ON M

[REMARKS]
