000
CXUS54 KEWX 210910
CF6DZB
PRELIMINARY LOCAL CLIMATOLOGICAL DATA (WS FORM: F-6)

                                          STATION:   Horseshoe Bay
                                          MONTH:     MARCH
                                          YEAR:      2019
                                          LATITUDE:   30 31 N
                                          LONGITUDE:  98 22 W

  TEMPERATURE IN F:       :PCPN:    SNOW:  WIND      :SUNSHINE: SKY     :PK WND
================================================================================
1   2   3   4   5  6A  6B    7    8   9   10  11  12  13   14  15   16   17  18
                                     12Z  AVG MX 2MIN
DY MAX MIN AVG DEP HDD CDD  WTR  SNW DPTH SPD SPD DIR MIN PSBL S-S WX    SPD DR
================================================================================

 1  61  42  52   M  13   0 0.00    M    M  2.4  8 140   M    M   9 18      M  M
 2  54  45  50   M  15   0 0.00    M    M  2.6  6  50   M    M  10 12      M  M
 3  45  32  39   M  26   0 0.00    M    M  8.4 14  20   M    M   9 1      22 340
 4  36  26  31   M  34   0 0.00    M    M  8.6 14 350   M    M  10        23 350
 5  46  24  35   M  30   0 0.00    M    M  4.7 12 360   M    M   0        20 360
 6  58  26  42   M  23   0 0.00    M    M  4.8 12 180   M    M   3        22 150
 7  74  49  62   M   3   0 0.00    M    M  6.7 14 220   M    M   4 8      23 200
 8  83  64  74   M   0   9 0.00    M    M  6.7 10 150   M    M   5        22 160
 9  83  51  67   M   0   2 0.00    M    M  6.6 16 330   M    M   4        23 330
10  74  49  62   M   3   0 0.00    M    M  3.3  9  80   M    M   6 8       M  M
11  62  56  59   M   6   0 0.00    M    M  3.8  7 350   M    M  10 1       M  M
12  77  56  67   M   0   2 0.02    M    M  8.2 21 150   M    M  10 12     31 150
13  83  54  69   M   0   4 0.43    M    M  9.5 21 180   M    M   4        45 180
14  72  56  64   M   1   0 0.00    M    M 10.4 20 340   M    M   1        32 340
15  57  39  48   M  17   0 0.00    M    M  6.4 14  30   M    M   3        20  30
16  62  39  51   M  14   0 0.00    M    M  2.5  9  80   M    M   7         M  M
17  67  39  53   M  12   0 0.00    M    M  1.7  6  50   M    M   1         M  M
18  70  39  55   M  10   0 0.00    M    M  3.1  9  60   M    M   0         M  M
19  70  48  59   M   6   0 0.00    M    M  7.3 14 160   M    M   7        22 130
20  72  52  62   M   3   0 0.00    M    M  4.6 12 340   M    M   6        18 340
================================================================================
SM 1306  886       216  17  0.45    M    112.3          M      109
================================================================================
AV 65.3 44.3                               5.6 FASTST   M    M   5    MAX(MPH)
                                 MISC ---->  # 21 150               # 45  180
================================================================================
NOTES:
# LAST OF SEVERAL OCCURRENCES

COLUMN 17 PEAK WIND IN M.P.H.

PRELIMINARY LOCAL CLIMATOLOGICAL DATA (WS FORM: F-6) , PAGE 2

                                          STATION:  Horseshoe Bay
                                          MONTH:    MARCH
                                          YEAR:     2019
                                          LATITUDE:   30 31 N
                                          LONGITUDE:  98 22 W

[TEMPERATURE DATA]      [PRECIPITATION DATA]       SYMBOLS USED IN COLUMN 16

AVERAGE MONTHLY: 54.8   TOTAL FOR MONTH:   0.45    1 = FOG OR MIST
DPTR FM NORMAL:     M   DPTR FM NORMAL:       M    2 = FOG REDUCING VISIBILITY
HIGHEST:    83 ON 13, 9 GRTST 24HR  0.43 ON 13-13      TO 1/4 MILE OR LESS
LOWEST:     24 ON  5                               3 = THUNDER
                        SNOW, ICE PELLETS, HAIL    4 = ICE PELLETS
                        TOTAL MONTH:    M          5 = HAIL
                        GRTST 24HR    M  ON   M    6 = FREEZING RAIN OR DRIZZLE
                        GRTST DEPTH:  M  ON   M    7 = DUSTSTORM OR SANDSTORM:
                                                       VSBY 1/2 MILE OR LESS
                                                   8 = SMOKE OR HAZE
[NO. OF DAYS WITH]      [WEATHER - DAYS WITH]      9 = BLOWING SNOW
                                                   X = TORNADO
MAX 32 OR BELOW:   0    0.01 INCH OR MORE:   2
MAX 90 OR ABOVE:   0    0.10 INCH OR MORE:   1
MIN 32 OR BELOW:   4    0.50 INCH OR MORE:   0
MIN  0 OR BELOW:   0    1.00 INCH OR MORE:   0

[HDD (BASE 65) ]
TOTAL THIS MO.   216    CLEAR  (SCALE 0-3)   5
DPTR FM NORMAL     M    PTCLDY (SCALE 4-7)   9
TOTAL FM JUL 1  1832    CLOUDY (SCALE 8-10)  6
DPTR FM NORMAL     M

[CDD (BASE 65) ]
TOTAL THIS MO.    17
DPTR FM NORMAL     M    [PRESSURE DATA]
TOTAL FM JAN 1    39    HIGHEST SLP M ON M
DPTR FM NORMAL     M    LOWEST  SLP M ON M

[REMARKS]
