000
CXUS54 KMAF 171100
CF6E11
PRELIMINARY LOCAL CLIMATOLOGICAL DATA (WS FORM: F-6)

                                          STATION:   Andrews County Airport
                                          MONTH:     JUNE
                                          YEAR:      2019
                                          LATITUDE:   32 19 N
                                          LONGITUDE: 102 32 W

  TEMPERATURE IN F:       :PCPN:    SNOW:  WIND      :SUNSHINE: SKY     :PK WND
================================================================================
1   2   3   4   5  6A  6B    7    8   9   10  11  12  13   14  15   16   17  18
                                     12Z  AVG MX 2MIN
DY MAX MIN AVG DEP HDD CDD  WTR  SNW DPTH SPD SPD DIR MIN PSBL S-S WX    SPD DR
================================================================================

 1  89  63  76   M   0  11 0.00  0.0    0  9.4 20 160   M    M   3        32 180
 2  85  65  75   M   0  10 0.00  0.0    0 13.5 24  30   M    M   6 3      31  30
 3  89  60  75   M   0  10 0.00  0.0    0  9.5 17 160   M    M   2        31 320
 4  88  62  75   M   0  10 0.01  0.0    0  7.7 16 180   M    M   4 3      21 320
 5  91  60  76   M   0  11 0.00  0.0    0  5.2 32 310   M    M   1        52 310
 6  89  58  74   M   0   9 0.00  0.0    0  7.6 15 350   M    M   0        23  20
 7  92  61  77   M   0  12 0.00  0.0    0  5.1 13 130   M    M   0        17 130
 8 101  64  83   M   0  18 0.00  0.0    0  8.9 16 160   M    M   1        23 170
 9  89  64  77   M   0  12 0.00  0.0    0 16.6 25  30   M    M   6 8      35  30
10  73  60  67   M   0   2 0.00  0.0    0 10.9 17  40   M    M   8        22  50
11  88  61  75   M   0  10 0.00  0.0    0  7.1 14 200   M    M   2        20 240
12  87  60  74   M   0   9 0.03  0.0    0 10.8 20  80   M    M   4        28  80
13  90  60  75   M   0  10 0.00  0.0    0 11.6 17 170   M    M   3        29 170
14  99  68  84   M   0  19 0.00  0.0    0 12.6 21 180   M    M   1 3      29 180
15 101  70  86   M   0  21 0.00  0.0    0 11.8 18 260   M    M   0        30 260
16  93  62  78   M   0  13 0.00  0.0    0  8.4 16 210   M    M   1        27 210
================================================================================
SM 1444  998         0 187  0.04     0.0 156.7          M       42
================================================================================
AV 90.3 62.4                               9.8 FASTST   M    M   3    MAX(MPH)
                                 MISC ---->  # 32 310               # 52  310
================================================================================
NOTES:
# LAST OF SEVERAL OCCURRENCES

COLUMN 17 PEAK WIND IN M.P.H.

PRELIMINARY LOCAL CLIMATOLOGICAL DATA (WS FORM: F-6) , PAGE 2

                                          STATION:  Andrews County Airport
                                          MONTH:    JUNE
                                          YEAR:     2019
                                          LATITUDE:   32 19 N
                                          LONGITUDE: 102 32 W

[TEMPERATURE DATA]      [PRECIPITATION DATA]       SYMBOLS USED IN COLUMN 16

AVERAGE MONTHLY: 76.3   TOTAL FOR MONTH:   0.04    1 = FOG OR MIST
DPTR FM NORMAL:     M   DPTR FM NORMAL:       M    2 = FOG REDUCING VISIBILITY
HIGHEST:   101 ON 15, 8 GRTST 24HR  0.03 ON 12-12      TO 1/4 MILE OR LESS
LOWEST:     58 ON  6                               3 = THUNDER
                        SNOW, ICE PELLETS, HAIL    4 = ICE PELLETS
                        TOTAL MONTH:   0.0 INCH    5 = HAIL
                        GRTST 24HR     0.0         6 = FREEZING RAIN OR DRIZZLE
                        GRTST DEPTH:   0           7 = DUSTSTORM OR SANDSTORM:
                                                       VSBY 1/2 MILE OR LESS
                                                   8 = SMOKE OR HAZE
[NO. OF DAYS WITH]      [WEATHER - DAYS WITH]      9 = BLOWING SNOW
                                                   X = TORNADO
MAX 32 OR BELOW:   0    0.01 INCH OR MORE:   2
MAX 90 OR ABOVE:   7    0.10 INCH OR MORE:   0
MIN 32 OR BELOW:   0    0.50 INCH OR MORE:   0
MIN  0 OR BELOW:   0    1.00 INCH OR MORE:   0

[HDD (BASE 65) ]
TOTAL THIS MO.     0    CLEAR  (SCALE 0-3)  11
DPTR FM NORMAL     M    PTCLDY (SCALE 4-7)   5
TOTAL FM JUL 1  2866    CLOUDY (SCALE 8-10)  0
DPTR FM NORMAL     M

[CDD (BASE 65) ]
TOTAL THIS MO.   187
DPTR FM NORMAL     M    [PRESSURE DATA]
TOTAL FM JAN 1   472    HIGHEST SLP M ON M
DPTR FM NORMAL     M    LOWEST  SLP M ON M

[REMARKS]
