000
CXUS54 KMAF 261100
CF6E11
PRELIMINARY LOCAL CLIMATOLOGICAL DATA (WS FORM: F-6)

                                          STATION:   Andrews County Airport
                                          MONTH:     MARCH
                                          YEAR:      2019
                                          LATITUDE:   32 19 N
                                          LONGITUDE: 102 32 W

  TEMPERATURE IN F:       :PCPN:    SNOW:  WIND      :SUNSHINE: SKY     :PK WND
================================================================================
1   2   3   4   5  6A  6B    7    8   9   10  11  12  13   14  15   16   17  18
                                     12Z  AVG MX 2MIN
DY MAX MIN AVG DEP HDD CDD  WTR  SNW DPTH SPD SPD DIR MIN PSBL S-S WX    SPD DR
================================================================================

 1  81  34  58   M   7   0 0.00  0.0    0  3.7 10 200   M    M   3 12     18 200
 2  58  38  48   M  17   0 0.00  0.0    0  9.1 14  70   M    M   8 12     23  70
 3  38  27  33   M  32   0 0.00  0.0    0 11.9 16  60   M    M  10 12     22  50
 4  33  18  26   M  39   0 0.00  0.0    0  8.8 14  60   M    M   7        18  80
 5  46  17  32   M  33   0 0.00  0.0    0  4.6  9 100   M    M   0         M  M
 6  61  24  43   M  22   0 0.03    M    0  9.4 16 180   M    M   0        21 160
 7  72  38  55   M  10   0 0.00  0.0    0  9.6 14 220   M    M   0        18 240
 8  82  48  65   M   0   0 0.01    M    0 12.2 29 270   M    M   2        40 280
 9  69  44  57   M   8   0 0.00  0.0    0 12.0 24 270   M    M   1        33 270
10  58  41  50   M  15   0 0.00  0.0    0  9.3 18  80   M    M   7        23  80
11  47  40  44   M  21   0 0.06    M    0  6.4 16 130   M    M  10 12     21 130
12  65  47  56   M   9   0 0.25    M    0 15.7 36 250   M    M  10 123    47 250
13  64  43  54   M  11   0 0.00  0.0    0 27.1 45 260   M    M   4 8      66 260
14  59  37  48   M  17   0 0.00  0.0    0 10.4 22 280   M    M   0        37 280
15  51  28  40   M  25   0 0.00  0.0    0  7.7 16  70   M    M   0        21  70
16  54  31  43   M  22   0 0.00  0.0    0  4.9 14 140   M    M   9        17 120
17  62  33  48   M  17   0 0.00  0.0    0  3.3  9 130   M    M   3         M  M
18  63  33  48   M  17   0 0.00  0.0    0  5.2 14  90   M    M   1        17 120
19  67  40  54   M  11   0 0.00  0.0    0  6.9 13 190   M    M   1        20 160
20  60  38  49   M  16   0 0.00  0.0    0  6.9 18  80   M    M   3        23  60
21  69  39  54   M  11   0 0.00  0.0    0  7.1 16 140   M    M   4        24 140
22  69  45  57   M   8   0 0.03    M    0 14.4 32 170   M    M   5        43 170
23  74  47  61   M   4   0 0.00  0.0    0  8.8 15 260   M    M   1 1      20 260
24  81  50  66   M   0   1 0.00  0.0    0  8.6 17 250   M    M   0        28 250
25  74  42  58   M   7   0 0.00  0.0    0  8.7 14 110   M    M   0        18  80
================================================================================
SM 1557  922       379   1  0.38     0.0 232.7          M       89
================================================================================
AV 62.3 36.9                               9.3 FASTST   M    M   4    MAX(MPH)
                                 MISC ---->  # 45 260               # 66  260
================================================================================
NOTES:
# LAST OF SEVERAL OCCURRENCES

COLUMN 17 PEAK WIND IN M.P.H.

PRELIMINARY LOCAL CLIMATOLOGICAL DATA (WS FORM: F-6) , PAGE 2

                                          STATION:  Andrews County Airport
                                          MONTH:    MARCH
                                          YEAR:     2019
                                          LATITUDE:   32 19 N
                                          LONGITUDE: 102 32 W

[TEMPERATURE DATA]      [PRECIPITATION DATA]       SYMBOLS USED IN COLUMN 16

AVERAGE MONTHLY: 49.6   TOTAL FOR MONTH:   0.38    1 = FOG OR MIST
DPTR FM NORMAL:     M   DPTR FM NORMAL:       M    2 = FOG REDUCING VISIBILITY
HIGHEST:    82 ON  8    GRTST 24HR  0.25 ON 12-12      TO 1/4 MILE OR LESS
LOWEST:     17 ON  5                               3 = THUNDER
                        SNOW, ICE PELLETS, HAIL    4 = ICE PELLETS
                        TOTAL MONTH:   0.0 INCH    5 = HAIL
                        GRTST 24HR     0.0         6 = FREEZING RAIN OR DRIZZLE
                        GRTST DEPTH:   0           7 = DUSTSTORM OR SANDSTORM:
                                                       VSBY 1/2 MILE OR LESS
                                                   8 = SMOKE OR HAZE
[NO. OF DAYS WITH]      [WEATHER - DAYS WITH]      9 = BLOWING SNOW
                                                   X = TORNADO
MAX 32 OR BELOW:   0    0.01 INCH OR MORE:   5
MAX 90 OR ABOVE:   0    0.10 INCH OR MORE:   1
MIN 32 OR BELOW:   6    0.50 INCH OR MORE:   0
MIN  0 OR BELOW:   0    1.00 INCH OR MORE:   0

[HDD (BASE 65) ]
TOTAL THIS MO.   379    CLEAR  (SCALE 0-3)  15
DPTR FM NORMAL     M    PTCLDY (SCALE 4-7)   6
TOTAL FM JUL 1  2691    CLOUDY (SCALE 8-10)  4
DPTR FM NORMAL     M

[CDD (BASE 65) ]
TOTAL THIS MO.     1
DPTR FM NORMAL     M    [PRESSURE DATA]
TOTAL FM JAN 1     3    HIGHEST SLP M ON M
DPTR FM NORMAL     M    LOWEST  SLP M ON M

[REMARKS]
