000
CXUS54 KMAF 191100
CF6E38
PRELIMINARY LOCAL CLIMATOLOGICAL DATA (WS FORM: F-6)

                                          STATION:   Alpine-Casparis Municipal
                                          MONTH:     MARCH
                                          YEAR:      2019
                                          LATITUDE:   30 23 N
                                          LONGITUDE: 103 41 W

  TEMPERATURE IN F:       :PCPN:    SNOW:  WIND      :SUNSHINE: SKY     :PK WND
================================================================================
1   2   3   4   5  6A  6B    7    8   9   10  11  12  13   14  15   16   17  18
                                     12Z  AVG MX 2MIN
DY MAX MIN AVG DEP HDD CDD  WTR  SNW DPTH SPD SPD DIR MIN PSBL S-S WX    SPD DR
================================================================================

 1  79  45  62   M   3   0 0.00  0.0    0 11.0 18 250   M    M   0        24 250
 2  81  46  64   M   1   0 0.00  0.0    0  9.1 15 230   M    M   1        24 250
 3  72  28  50   M  15   0 0.00  0.0    0 11.2 24 270   M    M   3        37 270
 4  40  21  31   M  34   0 0.00  0.0    0  6.0 10  40   M    M   6         M  M
 5  48  23  36   M  29   0 0.00  0.0    0  4.0 10  70   M    M   0        21  50
 6  72  32  52   M  13   0 0.00  0.0    0  8.5 18 230   M    M   0        23 230
 7  79  50  65   M   0   0 0.03  0.0    0 10.0 15 220   M    M   0        39 230
 8  78  54  66   M   0   1 0.00  0.0    0 12.9 27 230   M    M   2        33 230
 9  72  47  60   M   5   0 0.00  0.0    0 10.3 24 250   M    M   1        38 250
10  67  49  58   M   7   0 0.00  0.0    0  5.5 14  80   M    M   4         M  M
11  60  46  53   M  12   0 0.00  0.0    0  3.0 13 140   M    M   6        18 140
12  71  42  57   M   8   0 0.29    M    0 15.7 36 260   M    M   5 3      48 260
13  74  41  58   M   7   0 0.00  0.0    0 24.3 40 240   M    M   0        56 240
14  66  42  54   M  11   0 0.00  0.0    0  9.2 16 260   M    M   0        24 270
15  55  33  44   M  21   0 0.00  0.0    0 11.3 18  60   M    M   0        24  60
16  57  30  44   M  21   0 0.00  0.0    0  6.8 13 110   M    M   0        22  90
17  60  29  45   M  20   0 0.00  0.0    0  5.1 12 130   M    M   2        16  80
18  58  36  47   M  18   0 0.00  0.0    0  6.3 12 120   M    M   4        17 120
================================================================================
SM 1189  694       225   1  0.32     0.0 170.2          M       34
================================================================================
AV 66.1 38.6                               9.5 FASTST   M    M   2    MAX(MPH)
                                 MISC ---->  # 40 240               # 56  240
================================================================================
NOTES:
# LAST OF SEVERAL OCCURRENCES

COLUMN 17 PEAK WIND IN M.P.H.

PRELIMINARY LOCAL CLIMATOLOGICAL DATA (WS FORM: F-6) , PAGE 2

                                          STATION:  Alpine-Casparis Municipal
                                          MONTH:    MARCH
                                          YEAR:     2019
                                          LATITUDE:   30 23 N
                                          LONGITUDE: 103 41 W

[TEMPERATURE DATA]      [PRECIPITATION DATA]       SYMBOLS USED IN COLUMN 16

AVERAGE MONTHLY: 52.3   TOTAL FOR MONTH:   0.32    1 = FOG OR MIST
DPTR FM NORMAL:     M   DPTR FM NORMAL:       M    2 = FOG REDUCING VISIBILITY
HIGHEST:    81 ON  2    GRTST 24HR  0.29 ON 12-12      TO 1/4 MILE OR LESS
LOWEST:     21 ON  4                               3 = THUNDER
                        SNOW, ICE PELLETS, HAIL    4 = ICE PELLETS
                        TOTAL MONTH:   0.0 INCH    5 = HAIL
                        GRTST 24HR     0.0         6 = FREEZING RAIN OR DRIZZLE
                        GRTST DEPTH:   0           7 = DUSTSTORM OR SANDSTORM:
                                                       VSBY 1/2 MILE OR LESS
                                                   8 = SMOKE OR HAZE
[NO. OF DAYS WITH]      [WEATHER - DAYS WITH]      9 = BLOWING SNOW
                                                   X = TORNADO
MAX 32 OR BELOW:   0    0.01 INCH OR MORE:   2
MAX 90 OR ABOVE:   0    0.10 INCH OR MORE:   1
MIN 32 OR BELOW:   6    0.50 INCH OR MORE:   0
MIN  0 OR BELOW:   0    1.00 INCH OR MORE:   0

[HDD (BASE 65) ]
TOTAL THIS MO.   225    CLEAR  (SCALE 0-3)  12
DPTR FM NORMAL     M    PTCLDY (SCALE 4-7)   6
TOTAL FM JUL 1  2260    CLOUDY (SCALE 8-10)  0
DPTR FM NORMAL     M

[CDD (BASE 65) ]
TOTAL THIS MO.     1
DPTR FM NORMAL     M    [PRESSURE DATA]
TOTAL FM JAN 1     3    HIGHEST SLP M ON M
DPTR FM NORMAL     M    LOWEST  SLP M ON M

[REMARKS]
