000
CXUS53 KGID 240730
CF6EAR
PRELIMINARY LOCAL CLIMATOLOGICAL DATA (WS FORM: F-6)

                                          STATION:   KEARNEY
                                          MONTH:     APRIL
                                          YEAR:      2018
                                          LATITUDE:   40 43 N
                                          LONGITUDE:  99  0 W

  TEMPERATURE IN F:       :PCPN:    SNOW:  WIND      :SUNSHINE: SKY     :PK WND
================================================================================
1   2   3   4   5  6A  6B    7    8   9   10  11  12  13   14  15   16   17  18
                                     12Z  AVG MX 2MIN
DY MAX MIN AVG DEP HDD CDD  WTR  SNW DPTH SPD SPD DIR MIN PSBL S-S WX    SPD DR
================================================================================

 1  34  20  27 -16  38   0 0.36    M    M  6.9 15 360   M    M   6         M  M
 2  47  19  33 -11  32   0    T    M    M 16.6 29 180   M    M   5 1      37 180
 3  35  17  26 -18  39   0    T    M    M 18.3 32 340   M    M   5 1      40 340
 4  59  14  37  -7  28   0 0.00    M    M 12.3 25 190   M    M   1        35 180
 5  60  27  44  -1  21   0 0.00    M    M 11.0 22  40   M    M   2        24  50
 6  40  15  28 -17  37   0    M    M    M 17.4 29  30   M    M   8        38  30
 7  38   8  23 -23  42   0 0.00    M    M  7.1 18 150   M    M   1         M  M
 8  64  32  48   2  17   0 0.00    M    M 19.1 28 190   M    M   3        40 350
 9  39  25  32 -14  33   0    T    M    M 11.2 20 360   M    M   7        21 360
10  71  26  49   2  16   0 0.00    M    M  8.2 14 190   M    M   3        17 300
11  81  39  60  13   5   0 0.00    M    M  8.4 18 200   M    M   0        24 200
12  67  37  52   5  13   0 0.00  0.0    0 17.2 27  60   M    M   0 1      36  40
13  52  26  39  -9  26   0    M    M    M 25.0 36 350   M    M   9 1      48 340
14  29  23  26 -22  39   0    M    M    M 31.6 43 360   M    M  10 9      60 360
15  35  16  26 -22  39   0    T    M    M 16.2 25 360   M    M   5        33 350
16  52  18  35 -14  30   0 0.00    M    M  8.6 16  90   M    M   2         M  M
17  60  31  46  -3  19   0 0.06    M    M 17.4 25 110   M    M   1        35 100
18  48  30  39 -11  26   0 0.01    M    M 17.0 28 340   M    M   7        38 340
19  57  25  41  -9  24   0 0.00    M    M  8.0 15 120   M    M   0        18 110
20  56  34  45  -5  20   0 0.22    M    M 10.4 17 140   M    M   6        30 120
21  44  40  42  -9  23   0 0.07    M    M  9.3 14  80   M    M  10 1       M  M
22  62  39  51   0  14   0 0.00    M    M  6.2 12  40   M    M   6         M  M
23  69  38  54   3  11   0 0.00    M    M  5.4 13 160   M    M   3        18 160
================================================================================
SM 1199  599       592   0  0.72     0.0 308.8          M      100
================================================================================
AV 52.1 26.0                              13.4 FASTST   M    M   4    MAX(MPH)
                                 MISC ---->  # 43 360               # 60  360
================================================================================
NOTES:
# LAST OF SEVERAL OCCURRENCES

COLUMN 17 PEAK WIND IN M.P.H.

PRELIMINARY LOCAL CLIMATOLOGICAL DATA (WS FORM: F-6) , PAGE 2

                                          STATION:  KEARNEY
                                          MONTH:    APRIL
                                          YEAR:     2018
                                          LATITUDE:   40 43 N
                                          LONGITUDE:  99  0 W

[TEMPERATURE DATA]      [PRECIPITATION DATA]       SYMBOLS USED IN COLUMN 16

AVERAGE MONTHLY: 39.1   TOTAL FOR MONTH:   0.72    1 = FOG OR MIST
DPTR FM NORMAL:  -8.3   DPTR FM NORMAL:   -0.86    2 = FOG REDUCING VISIBILITY
HIGHEST:    81 ON 11    GRTST 24HR  0.36 ON  1- 1      TO 1/4 MILE OR LESS
LOWEST:      8 ON  7                               3 = THUNDER
                        SNOW, ICE PELLETS, HAIL    4 = ICE PELLETS
                        TOTAL MONTH:   0.0 INCH    5 = HAIL
                        GRTST 24HR     0.0         6 = FREEZING RAIN OR DRIZZLE
                        GRTST DEPTH:   0           7 = DUSTSTORM OR SANDSTORM:
                                                       VSBY 1/2 MILE OR LESS
                                                   8 = SMOKE OR HAZE
[NO. OF DAYS WITH]      [WEATHER - DAYS WITH]      9 = BLOWING SNOW
                                                   X = TORNADO
MAX 32 OR BELOW:   1    0.01 INCH OR MORE:   5
MAX 90 OR ABOVE:   0    0.10 INCH OR MORE:   2
MIN 32 OR BELOW:  17    0.50 INCH OR MORE:   0
MIN  0 OR BELOW:   0    1.00 INCH OR MORE:   0

[HDD (BASE 65) ]
TOTAL THIS MO.   592    CLEAR  (SCALE 0-3)  11
DPTR FM NORMAL   184    PTCLDY (SCALE 4-7)   9
TOTAL FM JUL 1  6109    CLOUDY (SCALE 8-10)  3
DPTR FM NORMAL   -71

[CDD (BASE 65) ]
TOTAL THIS MO.     0
DPTR FM NORMAL     0    [PRESSURE DATA]
TOTAL FM JAN 1     0    HIGHEST SLP M ON M
DPTR FM NORMAL     0    LOWEST  SLP M ON M

[REMARKS]
