000
CXUS55 KEAX 210736
CF6EAX
PRELIMINARY LOCAL CLIMATOLOGICAL DATA (WS FORM: F-6)

                                          STATION:   Pleasant Hill NWS MO
                                          MONTH:     APRIL
                                          YEAR:      2018
                                          LATITUDE:   38 48 N
                                          LONGITUDE:  94 16 W

  TEMPERATURE IN F:       :PCPN:    SNOW:  WIND      :SUNSHINE: SKY     :PK WND
================================================================================
1   2   3   4   5  6A  6B    7    8   9   10  11  12  13   14  15   16   17  18
                                     12Z  AVG MX 2MIN
DY MAX MIN AVG DEP HDD CDD  WTR  SNW DPTH SPD SPD DIR MIN PSBL S-S WX    SPD DR
================================================================================

 1  35  24  30 -19  35   0 0.15  0.3    0   M   M   M   0    0   0         0   0
 2  37  23  30 -19  35   0 0.02  0.0    0   M   M   M   0    0   0         0   0
 3  41  26  34 -16  31   0 0.13  0.0    0   M   M   M   0    0   0         0   0
 4  44  19  32 -18  33   0 0.00  0.0    0   M   M   M   M    M   M         M  M
 5  67   M   M   M   M   M 0.00  0.0    0   M   M   M   M    M   M         M  M
 6  51  21  36 -15  29   0    T    T    T   M   M   M   M    M   M         M  M
 7  43  20  32 -19  33   0 0.00  0.0    0   M   M   M   M    M   M         M  M
 8  36  18  27 -24  38   0 0.16  1.0    0   M   M   M   M    M   M         M  M
 9  41  29  35 -17  30   0 0.00  0.0    1   M   M   M   M    M   M         M  M
10  60  31  46  -6  19   0    T  0.0    0   M   M   M   M    M   M         M  M
11  76  44  60   8   5   0 0.00  0.0    0   M   M   M   M    M   M         M  M
12  81  59  70  17   0   5 0.00  0.0    0   M   M   M   M    M   M         M  M
13  77  51  64  11   1   0    T  0.0    0   M   M   M   M    M   M         M  M
14  58  31  45  -8  20   0 0.02    T    0   M   M   M   M    M   M         M  M
15  31  28  30 -24  35   0    T    T    0   M   M   M   M    M   M         M  M
16  52  27  40 -14  25   0 0.00  0.0    0   M   M   M   M    M   M         M  M
17  68  34  51  -3  14   0 0.00  0.0    0   M   M   M   M    M   M         M  M
18  56  36  46  -9  19   0 0.00  0.0    0   M   M   M   M    M   M         M  M
19  58  32  45 -10  20   0 0.00  0.0    0   M   M   M   M    M   M         M  M
20  65  38  52  -3  13   0 0.00  0.0    0   M   M   M   M    M   M         M  M
================================================================================
SM 1077  591       435   5  0.48     1.3     M            0      0
================================================================================
AV 53.9 31.1                                 M FASTST    0   0   0    MAX(MPH)
                                 MISC ---->     M   M               #  0    0
================================================================================
NOTES:
# LAST OF SEVERAL OCCURRENCES

COLUMN 17 PEAK WIND IN M.P.H.

PRELIMINARY LOCAL CLIMATOLOGICAL DATA (WS FORM: F-6) , PAGE 2

                                          STATION:  Pleasant Hill NWS MO
                                          MONTH:    APRIL
                                          YEAR:     2018
                                          LATITUDE:   38 48 N
                                          LONGITUDE:  94 16 W

[TEMPERATURE DATA]      [PRECIPITATION DATA]       SYMBOLS USED IN COLUMN 16

AVERAGE MONTHLY: 42.5   TOTAL FOR MONTH:   0.48    1 = FOG OR MIST
DPTR FM NORMAL:  -9.7   DPTR FM NORMAL:   -1.99    2 = FOG REDUCING VISIBILITY
HIGHEST:    81 ON 12    GRTST 24HR  0.16 ON  8- 8      TO 1/4 MILE OR LESS
LOWEST:     18 ON  8                               3 = THUNDER
                        SNOW, ICE PELLETS, HAIL    4 = ICE PELLETS
                        TOTAL MONTH:   1.3 INCHES  5 = HAIL
                        GRTST 24HR   1.0 ON  8- 8  6 = FREEZING RAIN OR DRIZZLE
                        GRTST DEPTH:   1 ON  9     7 = DUSTSTORM OR SANDSTORM:
                                                       VSBY 1/2 MILE OR LESS
                                                   8 = SMOKE OR HAZE
[NO. OF DAYS WITH]      [WEATHER - DAYS WITH]      9 = BLOWING SNOW
                                                   X = TORNADO
MAX 32 OR BELOW:   1    0.01 INCH OR MORE:   5
MAX 90 OR ABOVE:   0    0.10 INCH OR MORE:   3
MIN 32 OR BELOW:  13    0.50 INCH OR MORE:   0
MIN  0 OR BELOW:   0    1.00 INCH OR MORE:   0

[HDD (BASE 65) ]
TOTAL THIS MO.   435    CLEAR  (SCALE 0-3)   3
DPTR FM NORMAL   173    PTCLDY (SCALE 4-7)   0
TOTAL FM JUL 1  4765    CLOUDY (SCALE 8-10)  0
DPTR FM NORMAL  -189

[CDD (BASE 65) ]
TOTAL THIS MO.     5
DPTR FM NORMAL     5    [PRESSURE DATA]
TOTAL FM JAN 1     5    HIGHEST SLP  0.00 ON M
DPTR FM NORMAL     4    LOWEST  SLP  0.00 ON M

[REMARKS]
