000
CXUS55 KVEF 220940
CF6EED
PRELIMINARY LOCAL CLIMATOLOGICAL DATA (WS FORM: F-6)

                                          STATION:   NEEDLES CA
                                          MONTH:     MAY
                                          YEAR:      2019
                                          LATITUDE:   34 46 N
                                          LONGITUDE: 114 37 W

  TEMPERATURE IN F:       :PCPN:    SNOW:  WIND      :SUNSHINE: SKY     :PK WND
================================================================================
1   2   3   4   5  6A  6B    7    8   9   10  11  12  13   14  15   16   17  18
                                     12Z  AVG MX 2MIN
DY MAX MIN AVG DEP HDD CDD  WTR  SNW DPTH SPD SPD DIR MIN PSBL S-S WX    SPD DR
================================================================================

 1  86  63  75  -2   0  10 0.00    M    M 10.6 23  10   M    M   0        29  20
 2  91  61  76  -1   0  11 0.00    M    M  4.5 15  30   M    M   0        20  30
 3  96  63  80   2   0  15 0.00    M    M  4.2 14 260   M    M   0        17 110
 4  98  67  83   5   0  18 0.00    M    M  6.9 18 200   M    M   0        30 220
 5  96  69  83   5   0  18 0.00    M    M  9.9 22 200   M    M   0        29 210
 6  87  66  77  -2   0  12 0.00    M    M 10.7 23 200   M    M   0        30 220
 7  89  65  77  -2   0  12 0.00    M    M  8.1 18 200   M    M   2        26 220
 8  91  68  80   1   0  15    T    M    M  7.6 20 250   M    M   2        22 250
 9  88  67  78  -2   0  13    T    M    M 11.6 32  30   M    M   1        38  30
10  86  64  75  -5   0  10 0.00    M    M  9.3 29  20   M    M   2        37  20
11  91  67  79  -1   0  14 0.00    M    M  5.3 17  30   M    M   0        23  40
12  96  67  82   1   0  17 0.00    M    M  4.3 16  30   M    M   1        22  50
13  98  71  85   4   0  20 0.00  0.0    0  6.9 17 250   M    M   0        21 200
14 102  74  88   7   0  23 0.00    M    M  8.8 22 200   M    M   0        30 190
15  99  76  88   6   0  23 0.00    M    M 12.6 29 220   M    M   0        38 220
16  90  67  79  -3   0  14 0.00    M    M 16.2 36 250   M    M   1        45 240
17  85  61  73  -9   0   8 0.00  0.0    0  7.2 20 270   M    M   0        26 280
18  89  61  75  -7   0  10 0.00    M    M  8.7 21 230   M    M   0        26 220
19  84  63  74  -9   0   9 0.02    M    M 13.8 26 280   M    M   4        34 230
20  78  59  69 -14   0   4 0.00  0.0    0  7.2 22 280   M    M   4        31 280
21  84  60  72 -11   0   7 0.00  0.0    0 14.3 30 250   M    M   1        40 260
================================================================================
SM 1904 1379         0 283  0.02     0.0 188.7          M       18
================================================================================
AV 90.7 65.7                               9.0 FASTST   M    M   1    MAX(MPH)
                                 MISC ---->  # 36 250               # 45  240
================================================================================
NOTES:
# LAST OF SEVERAL OCCURRENCES

COLUMN 17 PEAK WIND IN M.P.H.

PRELIMINARY LOCAL CLIMATOLOGICAL DATA (WS FORM: F-6) , PAGE 2

                                          STATION:  NEEDLES CA
                                          MONTH:    MAY
                                          YEAR:     2019
                                          LATITUDE:   34 46 N
                                          LONGITUDE: 114 37 W

[TEMPERATURE DATA]      [PRECIPITATION DATA]       SYMBOLS USED IN COLUMN 16

AVERAGE MONTHLY: 78.2   TOTAL FOR MONTH:   0.02    1 = FOG OR MIST
DPTR FM NORMAL:  -2.1   DPTR FM NORMAL:   -0.05    2 = FOG REDUCING VISIBILITY
HIGHEST:   102 ON 14    GRTST 24HR  0.02 ON 19-19      TO 1/4 MILE OR LESS
LOWEST:     59 ON 20                               3 = THUNDER
                        SNOW, ICE PELLETS, HAIL    4 = ICE PELLETS
                        TOTAL MONTH:   0.0 INCH    5 = HAIL
                        GRTST 24HR     0.0         6 = FREEZING RAIN OR DRIZZLE
                        GRTST DEPTH:   0           7 = DUSTSTORM OR SANDSTORM:
                                                       VSBY 1/2 MILE OR LESS
                                                   8 = SMOKE OR HAZE
[NO. OF DAYS WITH]      [WEATHER - DAYS WITH]      9 = BLOWING SNOW
                                                   X = TORNADO
MAX 32 OR BELOW:   0    0.01 INCH OR MORE:   1
MAX 90 OR ABOVE:  11    0.10 INCH OR MORE:   0
MIN 32 OR BELOW:   0    0.50 INCH OR MORE:   0
MIN  0 OR BELOW:   0    1.00 INCH OR MORE:   0

[HDD (BASE 65) ]
TOTAL THIS MO.     0    CLEAR  (SCALE 0-3)  19
DPTR FM NORMAL     0    PTCLDY (SCALE 4-7)   2
TOTAL FM JUL 1  1024    CLOUDY (SCALE 8-10)  0
DPTR FM NORMAL  -146

[CDD (BASE 65) ]
TOTAL THIS MO.   283
DPTR FM NORMAL   -36    [PRESSURE DATA]
TOTAL FM JAN 1   700    HIGHEST SLP M ON M
DPTR FM NORMAL    69    LOWEST  SLP 29.46 ON 21

[REMARKS]
