000
CXUS56 KEKA 191230
CF6EKA
PRELIMINARY LOCAL CLIMATOLOGICAL DATA (WS FORM: F-6)

                                          STATION:   EUREKA CA
                                          MONTH:     MARCH
                                          YEAR:      2019
                                          LATITUDE:   40 47 N
                                          LONGITUDE: 124 10 W

  TEMPERATURE IN F:       :PCPN:    SNOW:  WIND      :SUNSHINE: SKY     :PK WND
================================================================================
1   2   3   4   5  6A  6B    7    8   9   10  11  12  13   14  15   16   17  18
                                     12Z  AVG MX 2MIN
DY MAX MIN AVG DEP HDD CDD  WTR  SNW DPTH SPD SPD DIR MIN PSBL S-S WX    SPD DR
================================================================================

 1  52  41  47  -2  18   0 0.03  0.0    0  3.7  7 300   M    M  10         9  M
 2  58  45  52   3  13   0 0.13  0.0    0  1.4  6  10   M    M  10         8  M
 3  57  47  52   3  13   0 0.20  0.0    0  3.3  8 350   M    M   9 1       8  M
 4  53  42  48  -1  17   0 0.00  0.0    0  4.8 10 360   M    M   9        10  M
 5  49  41  45  -4  20   0 0.37  0.0    0  2.5  7 120   M    M  10 1       8  M
 6  54  42  48  -1  17   0 1.27  0.0    0  5.8 13  10   M    M  10 1      20 330
 7  52  35  44  -6  21   0 0.00  0.0    0  3.6 13 350   M    M   4 1      13  M
 8  51  37  44  -6  21   0 0.06  0.0    0  2.7 10 300   M    M   8        12  M
 9  53  40  47  -3  18   0 0.17  0.0    0  3.8 10  40   M    M   9        16  M
10  55  40  48  -2  17   0 0.00  0.0    0  4.5 12  10   M    M   4        15  M
11  58  36  47  -3  18   0 0.00  0.0    0  3.5 10 350   M    M   1 1      13  M
12  52  42  47  -3  18   0 0.20  0.0    0  9.2 15  20   M    M   8 1      25  10
13  53  35  44  -6  21   0 0.00  0.0    0  6.2 13 360   M    M   1        17 360
14  55  35  45  -5  20   0 0.00  0.0    0  4.9  9 350   M    M   6        12  M
15  56  38  47  -3  18   0 0.00  0.0    0  2.7  9 350   M    M   4 1       9  M
16  55  44  50   0  15   0 0.00  0.0    0  4.1 10  10   M    M   8 1      12 350
17  56  46  51   1  14   0 0.00  0.0    0  2.2  7 310   M    M   4 28      7  M
18  56  41  49  -1  16   0 0.00  0.0    0  2.7  6 360   M    M   4 2       9  M
================================================================================
SM  975  727       315   0  2.43     0.0  71.6          M      119
================================================================================
AV 54.2 40.4                               4.0 FASTST   M    M   7    MAX(MPH)
                                 MISC ---->  # 15  20               # 25   10
================================================================================
NOTES:
# LAST OF SEVERAL OCCURRENCES

COLUMN 17 PEAK WIND IN M.P.H.

PRELIMINARY LOCAL CLIMATOLOGICAL DATA (WS FORM: F-6) , PAGE 2

                                          STATION:  EUREKA CA
                                          MONTH:    MARCH
                                          YEAR:     2019
                                          LATITUDE:   40 47 N
                                          LONGITUDE: 124 10 W

[TEMPERATURE DATA]      [PRECIPITATION DATA]       SYMBOLS USED IN COLUMN 16

AVERAGE MONTHLY: 47.3   TOTAL FOR MONTH:   2.43    1 = FOG OR MIST
DPTR FM NORMAL:  -2.4   DPTR FM NORMAL:   -0.82    2 = FOG REDUCING VISIBILITY
HIGHEST:    58 ON 11, 2 GRTST 24HR  1.27 ON  6- 6      TO 1/4 MILE OR LESS
LOWEST:     35 ON 14,13                            3 = THUNDER
                        SNOW, ICE PELLETS, HAIL    4 = ICE PELLETS
                        TOTAL MONTH:   0.0 INCH    5 = HAIL
                        GRTST 24HR     0.0         6 = FREEZING RAIN OR DRIZZLE
                        GRTST DEPTH:   0           7 = DUSTSTORM OR SANDSTORM:
                                                       VSBY 1/2 MILE OR LESS
                                                   8 = SMOKE OR HAZE
[NO. OF DAYS WITH]      [WEATHER - DAYS WITH]      9 = BLOWING SNOW
                                                   X = TORNADO
MAX 32 OR BELOW:   0    0.01 INCH OR MORE:   8
MAX 90 OR ABOVE:   0    0.10 INCH OR MORE:   6
MIN 32 OR BELOW:   0    0.50 INCH OR MORE:   1
MIN  0 OR BELOW:   0    1.00 INCH OR MORE:   1

[HDD (BASE 65) ]
TOTAL THIS MO.   315    CLEAR  (SCALE 0-3)   2
DPTR FM NORMAL    37    PTCLDY (SCALE 4-7)   9
TOTAL FM JUL 1  3289    CLOUDY (SCALE 8-10)  7
DPTR FM NORMAL    89

[CDD (BASE 65) ]
TOTAL THIS MO.     0
DPTR FM NORMAL     0    [PRESSURE DATA]
TOTAL FM JAN 1     0    HIGHEST SLP M ON M
DPTR FM NORMAL     0    LOWEST  SLP M ON M

[REMARKS]
