000
CXUS51 KRLX 261139
CF6EKN
PRELIMINARY LOCAL CLIMATOLOGICAL DATA (WS FORM: F-6)

                                          STATION:   ELKINS WV
                                          MONTH:     MAY
                                          YEAR:      2019
                                          LATITUDE:   38 52 N
                                          LONGITUDE:  79 51 W

  TEMPERATURE IN F:       :PCPN:    SNOW:  WIND      :SUNSHINE: SKY     :PK WND
================================================================================
1   2   3   4   5  6A  6B    7    8   9   10  11  12  13   14  15   16   17  18
                                     12Z  AVG MX 2MIN
DY MAX MIN AVG DEP HDD CDD  WTR  SNW DPTH SPD SPD DIR MIN PSBL S-S WX    SPD DR
================================================================================

 1  88  50  69  15   0   4 0.00  0.0    0  3.6 18 290   M    M   1 1      25 260
 2  80  53  67  13   0   2 0.12  0.0    0  3.5 16 230   M    M   4 1      21 230
 3  78  57  68  13   0   3 1.27  0.0    0  1.2 25 250   M    M   8 1      31 260
 4  71  58  65  10   0   0 0.04  0.0    0  1.1  8 330   M    M   9 1      10 260
 5  64  56  60   5   5   0 1.31  0.0    0  5.1 10 320   M    M   9 1      15 310
 6  71  47  59   4   6   0 0.00  0.0    0  2.9 15 290   M    M   5 1      19 290
 7  79  42  61   5   4   0 0.00  0.0    0  2.1 13 330   M    M   2 12     17 330
 8  82  48  65   9   0   0 0.00  0.0    0  2.3 10 150   M    M   3 8      14 290
 9  82  62  72  16   0   7 0.00  0.0    0  9.7 18 170   M    M   2        27 220
10  78  59  69  13   0   4 0.11  0.0    0  7.2 17 260   M    M   8 18     24 250
11  69  56  63   6   2   0 0.21  0.0    0  1.3  8 280   M    M   9 1       9 310
12  68  58  63   6   2   0 0.50  0.0    0  3.5 15 290   M    M  10 18     20 260
13  58  48  53  -4  12   0 0.37    M    0  6.6 17 280   M    M  10 1      23 260
14  53  37  45 -13  20   0 0.08    M    0  6.8 16 300   M    M   7 12     23 330
15  67  35  51  -7  14   0 0.00  0.0    0  3.9 16 290   M    M   5 12     21 240
16  72  42  57  -1   8   0 0.00  0.0    0  4.0 15 260   M    M   5        21 270
17  77  48  63   5   2   0 0.46  0.0    0  3.0 18 280   M    M   6 12     26 300
18  83  55  69  10   0   4    T  0.0    0  2.8 14 300   M    M   3 12     19 310
19  85  52  69  10   0   4 0.10  0.0    0  4.7 22 220   M    M   3 1      30 210
20  77  59  68   9   0   3    T  0.0    0  8.7 21 260   M    M   6        29 250
21  68  52  60   1   5   0 0.00  0.0    0  3.9 10 300   M    M   7        15 290
22  86  51  69   9   0   4 0.00  0.0    0  5.3 13 170   M    M   3        16 280
23  81  60  71  11   0   6 0.19  0.0    0  8.6 22 330   M    M   5        30 250
24  79  61  70  10   0   5    T  0.0    0  6.6 17 270   M    M   6 1      26 280
25  85  57  71  11   0   6 0.10  0.0    0  4.1 15 250   M    M   5 128    20 310
================================================================================
SM 1881 1303        80  52  4.86     0.0 112.5          M      141
================================================================================
AV 75.2 52.1                               4.5 FASTST   M    M   6    MAX(MPH)
                                 MISC ---->  # 25 250               # 31  260
================================================================================
NOTES:
# LAST OF SEVERAL OCCURRENCES

COLUMN 17 PEAK WIND IN M.P.H.

PRELIMINARY LOCAL CLIMATOLOGICAL DATA (WS FORM: F-6) , PAGE 2

                                          STATION:  ELKINS WV
                                          MONTH:    MAY
                                          YEAR:     2019
                                          LATITUDE:   38 52 N
                                          LONGITUDE:  79 51 W

[TEMPERATURE DATA]      [PRECIPITATION DATA]       SYMBOLS USED IN COLUMN 16

AVERAGE MONTHLY: 63.7   TOTAL FOR MONTH:   4.86    1 = FOG OR MIST
DPTR FM NORMAL:   6.4   DPTR FM NORMAL:    0.74    2 = FOG REDUCING VISIBILITY
HIGHEST:    88 ON  1    GRTST 24HR  1.31 ON  5- 5      TO 1/4 MILE OR LESS
LOWEST:     35 ON 15                               3 = THUNDER
                        SNOW, ICE PELLETS, HAIL    4 = ICE PELLETS
                        TOTAL MONTH:   0.0 INCH    5 = HAIL
                        GRTST 24HR     0.0         6 = FREEZING RAIN OR DRIZZLE
                        GRTST DEPTH:   0           7 = DUSTSTORM OR SANDSTORM:
                                                       VSBY 1/2 MILE OR LESS
                                                   8 = SMOKE OR HAZE
[NO. OF DAYS WITH]      [WEATHER - DAYS WITH]      9 = BLOWING SNOW
                                                   X = TORNADO
MAX 32 OR BELOW:   0    0.01 INCH OR MORE:  13
MAX 90 OR ABOVE:   0    0.10 INCH OR MORE:  11
MIN 32 OR BELOW:   0    0.50 INCH OR MORE:   3
MIN  0 OR BELOW:   0    1.00 INCH OR MORE:   2

[HDD (BASE 65) ]
TOTAL THIS MO.    80    CLEAR  (SCALE 0-3)   5
DPTR FM NORMAL  -127    PTCLDY (SCALE 4-7)  14
TOTAL FM JUL 1  5055    CLOUDY (SCALE 8-10)  6
DPTR FM NORMAL  -715

[CDD (BASE 65) ]
TOTAL THIS MO.    52
DPTR FM NORMAL    40    [PRESSURE DATA]
TOTAL FM JAN 1    55    HIGHEST SLP M ON M
DPTR FM NORMAL    40    LOWEST  SLP 29.62 ON 12

[REMARKS]
