000
CXUS54 KSHV 231500
CF6ELD
PRELIMINARY LOCAL CLIMATOLOGICAL DATA (WS FORM: F-6)

                                          STATION:   EL DORADO
                                          MONTH:     MAY
                                          YEAR:      2019
                                          LATITUDE:   33 13 N
                                          LONGITUDE:  92 49 W

  TEMPERATURE IN F:       :PCPN:    SNOW:  WIND      :SUNSHINE: SKY     :PK WND
================================================================================
1   2   3   4   5  6A  6B    7    8   9   10  11  12  13   14  15   16   17  18
                                     12Z  AVG MX 2MIN
DY MAX MIN AVG DEP HDD CDD  WTR  SNW DPTH SPD SPD DIR MIN PSBL S-S WX    SPD DR
================================================================================

 1  77  62  70   3   0   5 0.24  0.0    0  8.2 20  60   M    M   4 13     25 350
 2  78  65  72   4   0   7 0.10  0.0    0  6.5 23 130   M    M   4 13     28 120
 3  79  64  72   4   0   7 0.94  0.0    0  4.5 22 230   M    M   6 13     32 230
 4  75  59  67  -1   0   2 0.59  0.0    0  5.7 14 330   M    M   7 1      19  10
 5  77  54  66  -2   0   1 0.00  0.0    0  2.1 10 180   M    M   3 1      14 340
 6  85  56  71   2   0   6 0.00  0.0    0  4.0 12 190   M    M   1        15 200
 7  86  62  74   5   0   9 0.00  0.0    0  4.5 15 160   M    M   1        19 160
 8  77  65  71   2   0   6 1.09  0.0    0  8.9 30 230   M    M   6 138    45 240
 9  83  65  74   4   0   9 1.03  0.0    0  3.0 20  90   M    M   6 13     27 100
10  71  57  64  -6   1   0 0.06  0.0    0  8.0 16  50   M    M  10 1      20 340
11  74  56  65  -5   0   0 0.19  0.0    0  5.2 14 110   M    M  10 13     17 300
12  76  57  67  -3   0   2    T  0.0    0  4.8 14 320   M    M   7        20 280
13  81  50  66  -4   0   1 0.00  0.0    0  1.7 10 290   M    M   1        16 310
14  85  56  71   0   0   6 0.00  0.0    0  3.3 12 240   M    M   1 8      14 240
15  87  60  74   3   0   9 0.00  0.0    0  3.9 13 210   M    M   0        18 210
16  88  62  75   4   0  10 0.00  0.0    0  4.3 13 190   M    M   0 18     17 210
17  88  62  75   3   0  10 0.00  0.0    0  6.6 16 170   M    M   0 18     24 130
18  87  63  75   3   0  10 1.93  0.0    0  8.4 23 340   M    M   5 13     30 340
19  88  67  78   6   0  13 0.01  0.0    0  6.2 17  90   M    M   6 138    23  80
20  87  64  76   4   0  11    T  0.0    0  8.2 20 140   M    M   5 18     25 140
21  89  66  78   6   0  13 0.03  0.0    0  8.9 28 160   M    M   7 1      38 160
22  91  66  79   6   0  14 0.00  0.0    0  9.1 18 160   M    M   6 18     26 140
================================================================================
SM 1809 1338         1 151  6.21     0.0 126.0          M       96
================================================================================
AV 82.2 60.8                               5.7 FASTST   M    M   4    MAX(MPH)
                                 MISC ---->  # 30 230               # 45  240
================================================================================
NOTES:
# LAST OF SEVERAL OCCURRENCES

COLUMN 17 PEAK WIND IN M.P.H.

PRELIMINARY LOCAL CLIMATOLOGICAL DATA (WS FORM: F-6) , PAGE 2

                                          STATION:  EL DORADO
                                          MONTH:    MAY
                                          YEAR:     2019
                                          LATITUDE:   33 13 N
                                          LONGITUDE:  92 49 W

[TEMPERATURE DATA]      [PRECIPITATION DATA]       SYMBOLS USED IN COLUMN 16

AVERAGE MONTHLY: 71.5   TOTAL FOR MONTH:   6.21    1 = FOG OR MIST
DPTR FM NORMAL:   1.4   DPTR FM NORMAL:    2.60    2 = FOG REDUCING VISIBILITY
HIGHEST:    91 ON 22    GRTST 24HR  1.93 ON 18-18      TO 1/4 MILE OR LESS
LOWEST:     50 ON 13                               3 = THUNDER
                        SNOW, ICE PELLETS, HAIL    4 = ICE PELLETS
                        TOTAL MONTH:   0.0 INCH    5 = HAIL
                        GRTST 24HR     0.0         6 = FREEZING RAIN OR DRIZZLE
                        GRTST DEPTH:   0           7 = DUSTSTORM OR SANDSTORM:
                                                       VSBY 1/2 MILE OR LESS
                                                   8 = SMOKE OR HAZE
[NO. OF DAYS WITH]      [WEATHER - DAYS WITH]      9 = BLOWING SNOW
                                                   X = TORNADO
MAX 32 OR BELOW:   0    0.01 INCH OR MORE:  11
MAX 90 OR ABOVE:   1    0.10 INCH OR MORE:   8
MIN 32 OR BELOW:   0    0.50 INCH OR MORE:   5
MIN  0 OR BELOW:   0    1.00 INCH OR MORE:   3

[HDD (BASE 65) ]
TOTAL THIS MO.     1    CLEAR  (SCALE 0-3)   8
DPTR FM NORMAL   -15    PTCLDY (SCALE 4-7)  12
TOTAL FM JUL 1  2580    CLOUDY (SCALE 8-10)  2
DPTR FM NORMAL   -90

[CDD (BASE 65) ]
TOTAL THIS MO.   151
DPTR FM NORMAL    21    [PRESSURE DATA]
TOTAL FM JAN 1   227    HIGHEST SLP M ON M
DPTR FM NORMAL    -2    LOWEST  SLP 29.64 ON M

[REMARKS]
