000
CXUS56 KLKN 171009
CF6ELY
PRELIMINARY LOCAL CLIMATOLOGICAL DATA (WS FORM: F-6)

                                          STATION:   ELY AIRPORT NV
                                          MONTH:     JUNE
                                          YEAR:      2019
                                          LATITUDE:   39 16 N
                                          LONGITUDE: 114 51 W

  TEMPERATURE IN F:       :PCPN:    SNOW:  WIND      :SUNSHINE: SKY     :PK WND
================================================================================
1   2   3   4   5  6A  6B    7    8   9   10  11  12  13   14  15   16   17  18
                                     12Z  AVG MX 2MIN
DY MAX MIN AVG DEP HDD CDD  WTR  SNW DPTH SPD SPD DIR MIN PSBL S-S WX    SPD DR
================================================================================

 1  63  34  49  -6  16   0 0.18  0.0    0  6.2 17 190   M    M   2 3      23 200
 2  66  35  51  -4  14   0    T  0.0    0  6.9 25 130   M    M   2 3      33 140
 3  72  36  54  -2  11   0 0.00  0.0    0  7.5 20 280   M    M   1 3      25 280
 4  76  39  58   2   7   0 0.00  0.0    0  7.6 20  90   M    M   1        24  80
 5  79  43  61   5   4   0    T  0.0    0  6.3 23 250   M    M   1 3      28 260
 6  79  49  64   7   1   0    T    M    0 13.0 48 210   M    M   3 3      60 210
 7  74  41  58   1   7   0 0.00  0.0    0 13.9 28 230   M    M   2        39 230
 8  61  38  50  -7  15   0 0.00  0.0    0 12.3 20 360   M    M   2        26  10
 9  69  36  53  -5  12   0 0.00  0.0    0  8.1 17  20   M    M   0        21  20
10  79  32  56  -2   9   0 0.00  0.0    0  6.6 15 310   M    M   0        19 270
11  82  37  60   2   5   0 0.00  0.0    0  8.1 15 180   M    M   0        18 170
12  82  42  62   3   3   0 0.00  0.0    0  6.1 15 180   M    M   1        18 170
13  84  42  63   4   2   0    T  0.0    0 10.5 38 170   M    M   0 38     51 170
14  76  39  58  -1   7   0    T  0.0    0  8.6 24  30   M    M   1 3      27  30
15  81  42  62   2   3   0 0.00  0.0    0  7.3 17 310   M    M   1        22 300
16  77  45  61   1   4   0 0.04  0.0    0 10.8 28 240   M    M   4 3      38 230
================================================================================
SM 1200  630       120   0  0.22     0.0 139.8          M       21
================================================================================
AV 75.0 39.4                               8.7 FASTST   M    M   1    MAX(MPH)
                                 MISC ---->  # 48 210               # 60  210
================================================================================
NOTES:
# LAST OF SEVERAL OCCURRENCES

COLUMN 17 PEAK WIND IN M.P.H.

PRELIMINARY LOCAL CLIMATOLOGICAL DATA (WS FORM: F-6) , PAGE 2

                                          STATION:  ELY AIRPORT NV
                                          MONTH:    JUNE
                                          YEAR:     2019
                                          LATITUDE:   39 16 N
                                          LONGITUDE: 114 51 W

[TEMPERATURE DATA]      [PRECIPITATION DATA]       SYMBOLS USED IN COLUMN 16

AVERAGE MONTHLY: 57.2   TOTAL FOR MONTH:   0.22    1 = FOG OR MIST
DPTR FM NORMAL:  -0.3   DPTR FM NORMAL:   -0.24    2 = FOG REDUCING VISIBILITY
HIGHEST:    84 ON 13    GRTST 24HR  0.18 ON  1- 1      TO 1/4 MILE OR LESS
LOWEST:     32 ON 10                               3 = THUNDER
                        SNOW, ICE PELLETS, HAIL    4 = ICE PELLETS
                        TOTAL MONTH:   0.0 INCH    5 = HAIL
                        GRTST 24HR     0.0         6 = FREEZING RAIN OR DRIZZLE
                        GRTST DEPTH:   0           7 = DUSTSTORM OR SANDSTORM:
                                                       VSBY 1/2 MILE OR LESS
                                                   8 = SMOKE OR HAZE
[NO. OF DAYS WITH]      [WEATHER - DAYS WITH]      9 = BLOWING SNOW
                                                   X = TORNADO
MAX 32 OR BELOW:   0    0.01 INCH OR MORE:   2
MAX 90 OR ABOVE:   0    0.10 INCH OR MORE:   1
MIN 32 OR BELOW:   1    0.50 INCH OR MORE:   0
MIN  0 OR BELOW:   0    1.00 INCH OR MORE:   0

[HDD (BASE 65) ]
TOTAL THIS MO.   120    CLEAR  (SCALE 0-3)  15
DPTR FM NORMAL    -7    PTCLDY (SCALE 4-7)   1
TOTAL FM JUL 1  7462    CLOUDY (SCALE 8-10)  0
DPTR FM NORMAL   -12

[CDD (BASE 65) ]
TOTAL THIS MO.     0
DPTR FM NORMAL    -4    [PRESSURE DATA]
TOTAL FM JAN 1     0    HIGHEST SLP M ON M
DPTR FM NORMAL    -5    LOWEST  SLP 29.62 ON  6

[REMARKS]
