000
CXUS53 KTOP 190800
CF6EMP
PRELIMINARY LOCAL CLIMATOLOGICAL DATA (WS FORM: F-6)

                                          STATION:   Emporia KS
                                          MONTH:     MAY
                                          YEAR:      2019
                                          LATITUDE:   38 19 N
                                          LONGITUDE:  96 12 W

  TEMPERATURE IN F:       :PCPN:    SNOW:  WIND      :SUNSHINE: SKY     :PK WND
================================================================================
1   2   3   4   5  6A  6B    7    8   9   10  11  12  13   14  15   16   17  18
                                     12Z  AVG MX 2MIN
DY MAX MIN AVG DEP HDD CDD  WTR  SNW DPTH SPD SPD DIR MIN PSBL S-S WX    SPD DR
================================================================================

 1  62  51  57  -4   8   0 0.18    M    M  7.0 17  20   M    M  10 1      24  20
 2  63  48  56  -5   9   0 0.09    M    M 10.1 23 320   M    M   7 18     31 320
 3  59  51  55  -7  10   0 0.09    M    M  5.9 17 100   M    M  10 1      22 100
 4  70  43  57  -5   8   0 0.00    M    M  4.0 10  50   M    M   4 12     16  60
 5  75  51  63   1   2   0    T    M    M 11.7 29 210   M    M   0        36 210
 6  80  50  65   2   0   0 2.13    M    M  8.5 33 320   M    M   2 1      53 290
 7  69  57  63   0   2   0 1.52    M    M  9.8 21 110   M    M   8 1      30 110
 8  69  51  60  -3   5   0 2.05    M    M 11.4 23  80   M    M   8 1      32 310
 9  51  41  46 -18  19   0 0.01    M    M 10.5 22 330   M    M   9        32 330
10  61  38  50 -14  15   0 0.01    M    M  5.2 15  70   M    M   4        20  40
11  59  48  54 -10  11   0 0.04    M    M  5.1 12 140   M    M   8        16 150
12  68  48  58  -6   7   0 0.10    M    M  7.7 21 310   M    M   4 1      34 280
13  74  44  59  -6   6   0 0.00    M    M  7.1 13 160   M    M   0 1      17 130
14  84  54  69   4   0   4    T    M    M  9.0 17 180   M    M   1        21 170
15  86  59  73   8   0   8 0.00    M    M  8.4 18 140   M    M   0        25 150
16  89  67  78  12   0  13 0.00    M    M 18.0 28 200   M    M   0        37 190
17  86  65  76  10   0  11 0.00    M    M 18.4 30 190   M    M   2        45 180
18  72  52  62  -4   3   0    M    M    M 12.5 58 210   M    M   7 13     86 200
================================================================================
SM 1277  918       105  36  6.22    M    170.3          M       84
================================================================================
AV 70.9 51.0                               9.5 FASTST   M    M   5    MAX(MPH)
                                 MISC ---->  # 58 210               # 86  200
================================================================================
NOTES:
# LAST OF SEVERAL OCCURRENCES

COLUMN 17 PEAK WIND IN M.P.H.

PRELIMINARY LOCAL CLIMATOLOGICAL DATA (WS FORM: F-6) , PAGE 2

                                          STATION:  Emporia KS
                                          MONTH:    MAY
                                          YEAR:     2019
                                          LATITUDE:   38 19 N
                                          LONGITUDE:  96 12 W

[TEMPERATURE DATA]      [PRECIPITATION DATA]       SYMBOLS USED IN COLUMN 16

AVERAGE MONTHLY: 61.0   TOTAL FOR MONTH:   6.22    1 = FOG OR MIST
DPTR FM NORMAL:  -2.7   DPTR FM NORMAL:    3.53    2 = FOG REDUCING VISIBILITY
HIGHEST:    89 ON 16    GRTST 24HR  2.52 ON 30- 1      TO 1/4 MILE OR LESS
LOWEST:     38 ON 10                               3 = THUNDER
                        SNOW, ICE PELLETS, HAIL    4 = ICE PELLETS
                        TOTAL MONTH:    M          5 = HAIL
                        GRTST 24HR    M  ON   M    6 = FREEZING RAIN OR DRIZZLE
                        GRTST DEPTH:  M  ON   M    7 = DUSTSTORM OR SANDSTORM:
                                                       VSBY 1/2 MILE OR LESS
                                                   8 = SMOKE OR HAZE
[NO. OF DAYS WITH]      [WEATHER - DAYS WITH]      9 = BLOWING SNOW
                                                   X = TORNADO
MAX 32 OR BELOW:   0    0.01 INCH OR MORE:  10
MAX 90 OR ABOVE:   0    0.10 INCH OR MORE:   5
MIN 32 OR BELOW:   0    0.50 INCH OR MORE:   3
MIN  0 OR BELOW:   0    1.00 INCH OR MORE:   3

[HDD (BASE 65) ]
TOTAL THIS MO.   105    CLEAR  (SCALE 0-3)   7
DPTR FM NORMAL    42    PTCLDY (SCALE 4-7)   6
TOTAL FM JUL 1  5132    CLOUDY (SCALE 8-10)  5
DPTR FM NORMAL   340

[CDD (BASE 65) ]
TOTAL THIS MO.    36
DPTR FM NORMAL    -1    [PRESSURE DATA]
TOTAL FM JAN 1    59    HIGHEST SLP M ON M
DPTR FM NORMAL    -1    LOWEST  SLP 29.44 ON 18

[REMARKS]
