000
CXUS53 KTOP 180800
CF6EMP
PRELIMINARY LOCAL CLIMATOLOGICAL DATA (WS FORM: F-6)

                                          STATION:   Emporia KS
                                          MONTH:     MARCH
                                          YEAR:      2019
                                          LATITUDE:   38 19 N
                                          LONGITUDE:  96 12 W

  TEMPERATURE IN F:       :PCPN:    SNOW:  WIND      :SUNSHINE: SKY     :PK WND
================================================================================
1   2   3   4   5  6A  6B    7    8   9   10  11  12  13   14  15   16   17  18
                                     12Z  AVG MX 2MIN
DY MAX MIN AVG DEP HDD CDD  WTR  SNW DPTH SPD SPD DIR MIN PSBL S-S WX    SPD DR
================================================================================

 1  38  16  27 -13  38   0 0.00    M    M  3.5  8 350   M    M   4 1       M  M
 2  34  19  27 -13  38   0 0.00    M    M 13.7 21  10   M    M   2 18     29  40
 3  19   2  11 -30  54   0    M    M    M 15.3 29  10   M    M   6 128    39  10
 4  15  -3   6 -35  59   0 0.00    M    M  9.2 16 290   M    M   0        22 290
 5  25   3  14 -27  51   0 0.00    M    M  9.7 21 320   M    M   0        29 320
 6  39   6  23 -19  42   0 0.00    M    M  9.8 18 160   M    M   0        22 140
 7  47  26  37  -5  28   0    T    M    M 10.6 16  70   M    M   3        22  70
 8  40  33  37  -5  28   0 0.00    M    M  8.8 14 100   M    M  10 12     19 110
 9  60  30  45   2  20   0 0.07    M    M 17.6 39 300   M    M   8 128    58 290
10  48  29  39  -4  26   0 0.00    M    M  7.3 16 330   M    M   0        22 330
11  56  26  41  -3  24   0 0.00    M    M  6.5 12 130   M    M   1        17  50
12  53  43  48   4  17   0 0.76    M    M 16.4 29 170   M    M  10 13     39 160
13  63  50  57  13   8   0 0.70    M    M 24.9 38 190   M    M   9 13     54 190
14  50  35  43  -2  22   0 0.01    M    M 21.1 33 230   M    M   9 1      46 240
15  50  30  40  -5  25   0 0.00    M    M 12.0 21 340   M    M   0        33 300
16  61  27  44  -2  21   0 0.00    M    M  7.3 21 230   M    M   0        27 240
17  58  30  44  -2  21   0 0.00    M    M  5.4  9  70   M    M   3        15  40
================================================================================
SM  756  402       522   0  1.54    M    199.1          M       65
================================================================================
AV 44.5 23.7                              11.7 FASTST   M    M   4    MAX(MPH)
                                 MISC ---->  # 39 300               # 58  290
================================================================================
NOTES:
# LAST OF SEVERAL OCCURRENCES

COLUMN 17 PEAK WIND IN M.P.H.

PRELIMINARY LOCAL CLIMATOLOGICAL DATA (WS FORM: F-6) , PAGE 2

                                          STATION:  Emporia KS
                                          MONTH:    MARCH
                                          YEAR:     2019
                                          LATITUDE:   38 19 N
                                          LONGITUDE:  96 12 W

[TEMPERATURE DATA]      [PRECIPITATION DATA]       SYMBOLS USED IN COLUMN 16

AVERAGE MONTHLY: 34.1   TOTAL FOR MONTH:   1.54    1 = FOG OR MIST
DPTR FM NORMAL:  -8.8   DPTR FM NORMAL:    0.08    2 = FOG REDUCING VISIBILITY
HIGHEST:    63 ON 13    GRTST 24HR  0.76 ON 12-12      TO 1/4 MILE OR LESS
LOWEST:     -3 ON  4                               3 = THUNDER
                        SNOW, ICE PELLETS, HAIL    4 = ICE PELLETS
                        TOTAL MONTH:    M          5 = HAIL
                        GRTST 24HR    M  ON   M    6 = FREEZING RAIN OR DRIZZLE
                        GRTST DEPTH:  M  ON   M    7 = DUSTSTORM OR SANDSTORM:
                                                       VSBY 1/2 MILE OR LESS
                                                   8 = SMOKE OR HAZE
[NO. OF DAYS WITH]      [WEATHER - DAYS WITH]      9 = BLOWING SNOW
                                                   X = TORNADO
MAX 32 OR BELOW:   3    0.01 INCH OR MORE:   4
MAX 90 OR ABOVE:   0    0.10 INCH OR MORE:   2
MIN 32 OR BELOW:  13    0.50 INCH OR MORE:   2
MIN  0 OR BELOW:   1    1.00 INCH OR MORE:   0

[HDD (BASE 65) ]
TOTAL THIS MO.   522    CLEAR  (SCALE 0-3)   9
DPTR FM NORMAL   145    PTCLDY (SCALE 4-7)   4
TOTAL FM JUL 1  4565    CLOUDY (SCALE 8-10)  4
DPTR FM NORMAL   366

[CDD (BASE 65) ]
TOTAL THIS MO.     0
DPTR FM NORMAL     0    [PRESSURE DATA]
TOTAL FM JAN 1     0    HIGHEST SLP  0.00 ON  1
DPTR FM NORMAL     0    LOWEST  SLP 29.07 ON 13

[REMARKS]
