000
CXUS51 KCLE 180800
CF6ERI
PRELIMINARY LOCAL CLIMATOLOGICAL DATA (WS FORM: F-6)

                                          STATION:   ERIE PA
                                          MONTH:     MARCH
                                          YEAR:      2019
                                          LATITUDE:   42  4 N
                                          LONGITUDE:  80 11 W

  TEMPERATURE IN F:       :PCPN:    SNOW:  WIND      :SUNSHINE: SKY     :PK WND
================================================================================
1   2   3   4   5  6A  6B    7    8   9   10  11  12  13   14  15   16   17  18
                                     12Z  AVG MX 2MIN
DY MAX MIN AVG DEP HDD CDD  WTR  SNW DPTH SPD SPD DIR MIN PSBL S-S WX    SPD DR
================================================================================

 1  31  13  22  -9  43   0 0.00  0.0    1  6.2 16  40   M    M   1 1      19  50
 2  34  20  27  -4  38   0 0.01  0.1    T  5.2 15 270   M    M   7 18     21 240
 3  28  19  24  -7  41   0 0.05  0.8    0  3.9  8  40   M    M   6 1       8  40
 4  22  10  16 -16  49   0    T  0.2    1 12.5 18 250   M    M   5 18     30 250
 5  16   8  12 -20  53   0 0.07  1.7    1 12.9 24 220   M    M   9 18     33 270
 6  18  10  14 -18  51   0 0.01  0.5    1 10.4 15 270   M    M   6 8      24 280
 7  23  13  18 -14  47   0 0.02  0.4    2  7.3 15 270   M    M   7 18     21 280
 8  32  11  22 -11  43   0 0.00  0.0    1  4.5 10  40   M    M   0 8      13  10
 9  45  15  30  -3  35   0 0.28  0.0    0  9.2 36 140   M    M   1 18     49 150
10  50  37  44  11  21   0 0.79  0.0    0 18.7 40 130   M    M  10 1      54 140
11  38  27  33  -1  32   0 0.00  0.0    0 15.1 28 250   M    M   4        39 250
12  34  25  30  -4  35   0 0.00  0.0    0  4.4 15 300   M    M   4        19 300
13  62  27  45  11  20   0 0.00  0.0    0 11.2 22 200   M    M   5        30 210
14  74  53  64  29   1   0 0.28  0.0    0 16.1 31 190   M    M   4 1      42 190
15  62  36  49  14  16   0 0.09    T    0 16.4 28 260   M    M   9 1      42 250
16  36  30  33  -3  32   0    T    T    0 13.0 23 250   M    M  10 18     34 250
17  35  26  31  -5  34   0 0.00  0.0    0  5.2 13 320   M    M   2        18 320
================================================================================
SM  640  380       591   0  1.60     3.7 172.2          M       90
================================================================================
AV 37.7 22.4                              10.1 FASTST   M    M   5    MAX(MPH)
                                 MISC ---->  # 40 130               # 54  140
================================================================================
NOTES:
# LAST OF SEVERAL OCCURRENCES

COLUMN 17 PEAK WIND IN M.P.H.

PRELIMINARY LOCAL CLIMATOLOGICAL DATA (WS FORM: F-6) , PAGE 2

                                          STATION:  ERIE PA
                                          MONTH:    MARCH
                                          YEAR:     2019
                                          LATITUDE:   42  4 N
                                          LONGITUDE:  80 11 W

[TEMPERATURE DATA]      [PRECIPITATION DATA]       SYMBOLS USED IN COLUMN 16

AVERAGE MONTHLY: 30.0   TOTAL FOR MONTH:   1.60    1 = FOG OR MIST
DPTR FM NORMAL:  -3.2   DPTR FM NORMAL:    0.07    2 = FOG REDUCING VISIBILITY
HIGHEST:    74 ON 14    GRTST 24HR  0.79 ON 10-10      TO 1/4 MILE OR LESS
LOWEST:      8 ON  5                               3 = THUNDER
                        SNOW, ICE PELLETS, HAIL    4 = ICE PELLETS
                        TOTAL MONTH:   3.7 INCHES  5 = HAIL
                        GRTST 24HR   1.7 ON  5- 5  6 = FREEZING RAIN OR DRIZZLE
                        GRTST DEPTH:   2 ON  7     7 = DUSTSTORM OR SANDSTORM:
                                                       VSBY 1/2 MILE OR LESS
                                                   8 = SMOKE OR HAZE
[NO. OF DAYS WITH]      [WEATHER - DAYS WITH]      9 = BLOWING SNOW
                                                   X = TORNADO
MAX 32 OR BELOW:   7    0.01 INCH OR MORE:   9
MAX 90 OR ABOVE:   0    0.10 INCH OR MORE:   3
MIN 32 OR BELOW:  14    0.50 INCH OR MORE:   1
MIN  0 OR BELOW:   0    1.00 INCH OR MORE:   0

[HDD (BASE 65) ]
TOTAL THIS MO.   591    CLEAR  (SCALE 0-3)   4
DPTR FM NORMAL    49    PTCLDY (SCALE 4-7)   9
TOTAL FM JUL 1  4797    CLOUDY (SCALE 8-10)  4
DPTR FM NORMAL  -110

[CDD (BASE 65) ]
TOTAL THIS MO.     0
DPTR FM NORMAL     0    [PRESSURE DATA]
TOTAL FM JAN 1     0    HIGHEST SLP M ON M
DPTR FM NORMAL     0    LOWEST  SLP 29.57 ON 14

[REMARKS]
