000
CXUS53 KDMX 260920
CF6EST
PRELIMINARY LOCAL CLIMATOLOGICAL DATA (WS FORM: F-6)

                                          STATION:   ESTHERVILLE IA
                                          MONTH:     MAY
                                          YEAR:      2019
                                          LATITUDE:   43 24 N
                                          LONGITUDE:  94 45 W

  TEMPERATURE IN F:       :PCPN:    SNOW:  WIND      :SUNSHINE: SKY     :PK WND
================================================================================
1   2   3   4   5  6A  6B    7    8   9   10  11  12  13   14  15   16   17  18
                                     12Z  AVG MX 2MIN
DY MAX MIN AVG DEP HDD CDD  WTR  SNW DPTH SPD SPD DIR MIN PSBL S-S WX    SPD DR
================================================================================

 1  45  38  42 -11  23   0 0.03  0.0    0  8.7 17  30   M    M   9 1      22  40
 2  55  34  45  -9  20   0 0.00  0.0    0  7.0 17 310   M    M   6 1      21 300
 3  64  32  48  -6  17   0 0.05  0.0    0 10.8 24 170   M    M   3 1      32 190
 4  69  40  55   1  10   0 0.00  0.0    0  5.6 15 240   M    M   2 1      24 290
 5  66  44  55   0  10   0 0.11  0.0    0 10.4 17  10   M    M   4 3      25  10
 6  58  41  50  -5  15   0 0.01  0.0    0 14.8 26 350   M    M   7        35 360
 7  64  39  52  -3  13   0 0.00  0.0    0 12.3 23 150   M    M   7        29 160
 8  52  34  43 -13  22   0 1.28  0.0    0 21.8 31  20   M    M  10 1      40  20
 9  51  34  43 -13  22   0    T  0.0    0 19.2 32 360   M    M   9        43 360
10  60  33  47  -9  18   0 0.00  0.0    0  7.2 17 280   M    M   0        22 300
11  58  36  47 -10  18   0 0.06  0.0    0 13.9 26 160   M    M   6        36 180
12  57  41  49  -8  16   0 0.05  0.0    0 10.6 23 130   M    M   6 1      28 130
13  64  36  50  -8  15   0 0.00  0.0    0  8.0 17 180   M    M   2        24 160
14  69  50  60   2   5   0 0.12  0.0    0 11.3 21 170   M    M   5 1      27 160
15  77  45  61   3   4   0 0.00  0.0    0  8.3 18 170   M    M   2 12     26 170
16  83  57  70  12   0   5 0.00  0.0    0 15.2 25 350   M    M   0        34  20
17  64  51  58  -1   7   0 0.33  0.0    0 15.6 32  60   M    M   8 13     42  60
18  76  49  63   4   2   0 0.08  0.0    0 14.1 26 130   M    M   5 13     35 120
19  49  38  44 -16  21   0 0.35  0.0    0 15.2 22  10   M    M  10 1      29  20
20  57  34  46 -14  19   0 0.00  0.0    0  9.4 17  40   M    M   1        23  40
21  50  44  47 -13  18   0 0.47  0.0    0 21.9 39  80   M    M   8 1      54  80
22  61  48  55  -5  10   0 0.45    M    0 20.3 35 210   M    M   8 13     49 200
23  62  48  55  -6  10   0 0.28  0.0    0 13.1 28 120   M    M   6 1      37 120
24  71  51  61   0   4   0 0.41  0.0    0 14.0 29 120   M    M   6 1      40 110
25  69  51  60  -2   5   0 0.00  0.0    0 12.1 25 300   M    M   0        29 300
================================================================================
SM 1551 1048       324   5  4.08     0.0 320.8          M      130
================================================================================
AV 62.0 41.9                              12.8 FASTST   M    M   5    MAX(MPH)
                                 MISC ---->  # 39  80               # 54   80
================================================================================
NOTES:
# LAST OF SEVERAL OCCURRENCES

COLUMN 17 PEAK WIND IN M.P.H.

PRELIMINARY LOCAL CLIMATOLOGICAL DATA (WS FORM: F-6) , PAGE 2

                                          STATION:  ESTHERVILLE IA
                                          MONTH:    MAY
                                          YEAR:     2019
                                          LATITUDE:   43 24 N
                                          LONGITUDE:  94 45 W

[TEMPERATURE DATA]      [PRECIPITATION DATA]       SYMBOLS USED IN COLUMN 16

AVERAGE MONTHLY: 52.0   TOTAL FOR MONTH:   4.08    1 = FOG OR MIST
DPTR FM NORMAL:  -5.5   DPTR FM NORMAL:    1.03    2 = FOG REDUCING VISIBILITY
HIGHEST:    83 ON 16    GRTST 24HR  1.28 ON  8- 8      TO 1/4 MILE OR LESS
LOWEST:     32 ON  3                               3 = THUNDER
                        SNOW, ICE PELLETS, HAIL    4 = ICE PELLETS
                        TOTAL MONTH:   0.0 INCH    5 = HAIL
                        GRTST 24HR     0.0         6 = FREEZING RAIN OR DRIZZLE
                        GRTST DEPTH:   0           7 = DUSTSTORM OR SANDSTORM:
                                                       VSBY 1/2 MILE OR LESS
                                                   8 = SMOKE OR HAZE
[NO. OF DAYS WITH]      [WEATHER - DAYS WITH]      9 = BLOWING SNOW
                                                   X = TORNADO
MAX 32 OR BELOW:   0    0.01 INCH OR MORE:  15
MAX 90 OR ABOVE:   0    0.10 INCH OR MORE:   9
MIN 32 OR BELOW:   1    0.50 INCH OR MORE:   1
MIN  0 OR BELOW:   0    1.00 INCH OR MORE:   1

[HDD (BASE 65) ]
TOTAL THIS MO.   324    CLEAR  (SCALE 0-3)   7
DPTR FM NORMAL   112    PTCLDY (SCALE 4-7)  14
TOTAL FM JUL 1  8598    CLOUDY (SCALE 8-10)  4
DPTR FM NORMAL   925

[CDD (BASE 65) ]
TOTAL THIS MO.     5
DPTR FM NORMAL   -16    [PRESSURE DATA]
TOTAL FM JAN 1     8    HIGHEST SLP M ON M
DPTR FM NORMAL   -15    LOWEST  SLP 29.47 ON 22

[REMARKS]
