967
CXUS53 KDMX 230920
CF6EST
PRELIMINARY LOCAL CLIMATOLOGICAL DATA (WS FORM: F-6)

                                          STATION:   ESTHERVILLE IA
                                          MONTH:     MARCH
                                          YEAR:      2019
                                          LATITUDE:   43 24 N
                                          LONGITUDE:  94 45 W

  TEMPERATURE IN F:       :PCPN:    SNOW:  WIND      :SUNSHINE: SKY     :PK WND
================================================================================
1   2   3   4   5  6A  6B    7    8   9   10  11  12  13   14  15   16   17  18
                                     12Z  AVG MX 2MIN
DY MAX MIN AVG DEP HDD CDD  WTR  SNW DPTH SPD SPD DIR MIN PSBL S-S WX    SPD DR
================================================================================

 1  17   1   9 -17  56   0    M    M    M  7.8 16 340   M    M   9 12     22 340
 2  12  -6   3 -23  62   0    M    M    M 15.3 25 330   M    M   5 18     30 330
 3  -4 -20 -12 -39  77   0 0.00  0.0    M 16.5 26 290   M    M   0 8      32 290
 4   5 -11  -3 -30  68   0 0.00  0.0    M 18.9 28 250   M    M   2 18     34 260
 5  12  -1   6 -22  59   0 0.00  0.0    M 17.3 25 300   M    M   1 18     30 290
 6  19  -1   9 -19  56   0 0.00  0.0    M 10.1 17 310   M    M   0        21 260
 7  18   0   9 -19  56   0 0.00  0.0    M  9.7 17 120   M    M   4        20 110
 8  29  18  24  -5  41   0 0.00  0.0    M 11.9 23 140   M    M  10 1      29 140
 9  32  26  29   0  36   0 1.10    M    M 19.6 39 300   M    M  10 126    47 300
10  26  16  21  -9  44   0    T    T    M 18.5 37 300   M    M   2 18     47 300
11  30  17  24  -6  41   0 0.00  0.0    M  6.7 13 180   M    M   4 1      16 190
12  35  18  27  -4  38   0 0.22    M    M 16.4 26 170   M    M   8 12     32 180
13  38  32  35   4  30   0 0.73    M    M 13.9 29 120   M    M  10 12     36 130
14  37  29  33   1  32   0 0.20    M    M 23.6 47 330   M    M  10 12     59 340
15  32  25  29  -3  36   0 0.00  0.0    M 21.0 37 320   M    M   2        51 320
16  32  21  27  -6  38   0    T    T    M  5.1 10 290   M    M   6 1      12 120
17  37  24  31  -2  34   0 0.00  0.0    M 11.6 18 300   M    M   3        23 310
18  38  25  32  -2  33   0 0.00  0.0    M  8.5 15 290   M    M   0        18 290
19  45  28  37   3  28   0 0.00  0.0    M  9.3 18 230   M    M   1        24 240
20  42  29  36   1  29   0 0.00  0.0    M 16.4 23 300   M    M   3 1      29 340
21  49  28  39   4  26   0 0.00  0.0    M 12.5 20 280   M    M   0        25 280
22  49  29  39   3  26   0 0.00  0.0    M  7.1 15 320   M    M   0        20 320
================================================================================
SM  630  327       946   0  2.25    T    297.7          M       90
================================================================================
AV 28.6 14.9                              13.5 FASTST   M    M   4    MAX(MPH)
                                 MISC ---->  # 47 330               # 59  340
================================================================================
NOTES:
# LAST OF SEVERAL OCCURRENCES

COLUMN 17 PEAK WIND IN M.P.H.

PRELIMINARY LOCAL CLIMATOLOGICAL DATA (WS FORM: F-6) , PAGE 2

                                          STATION:  ESTHERVILLE IA
                                          MONTH:    MARCH
                                          YEAR:     2019
                                          LATITUDE:   43 24 N
                                          LONGITUDE:  94 45 W

[TEMPERATURE DATA]      [PRECIPITATION DATA]       SYMBOLS USED IN COLUMN 16

AVERAGE MONTHLY: 21.8   TOTAL FOR MONTH:   2.25    1 = FOG OR MIST
DPTR FM NORMAL:  -8.9   DPTR FM NORMAL:    1.32    2 = FOG REDUCING VISIBILITY
HIGHEST:    49 ON 22,21 GRTST 24HR  1.10 ON  9- 9      TO 1/4 MILE OR LESS
LOWEST:    -20 ON  3                               3 = THUNDER
                        SNOW, ICE PELLETS, HAIL    4 = ICE PELLETS
                        TOTAL MONTH:    T          5 = HAIL
                        GRTST 24HR    T  ON 16-16  6 = FREEZING RAIN OR DRIZZLE
                        GRTST DEPTH:  M  ON   M    7 = DUSTSTORM OR SANDSTORM:
                                                       VSBY 1/2 MILE OR LESS
                                                   8 = SMOKE OR HAZE
[NO. OF DAYS WITH]      [WEATHER - DAYS WITH]      9 = BLOWING SNOW
                                                   X = TORNADO
MAX 32 OR BELOW:  13    0.01 INCH OR MORE:   4
MAX 90 OR ABOVE:   0    0.10 INCH OR MORE:   4
MIN 32 OR BELOW:  22    0.50 INCH OR MORE:   2
MIN  0 OR BELOW:   6    1.00 INCH OR MORE:   1

[HDD (BASE 65) ]
TOTAL THIS MO.   946    CLEAR  (SCALE 0-3)  11
DPTR FM NORMAL   190    PTCLDY (SCALE 4-7)   6
TOTAL FM JUL 1  7448    CLOUDY (SCALE 8-10)  5
DPTR FM NORMAL   777

[CDD (BASE 65) ]
TOTAL THIS MO.     0
DPTR FM NORMAL     0    [PRESSURE DATA]
TOTAL FM JAN 1     0    HIGHEST SLP M ON M
DPTR FM NORMAL     0    LOWEST  SLP 29.11 ON 14

[REMARKS]
