000
CXUS56 KPQR 251200
CF6EUG
PRELIMINARY LOCAL CLIMATOLOGICAL DATA (WS FORM: F-6)

                                          STATION:   EUGENE OR
                                          MONTH:     MAY
                                          YEAR:      2019
                                          LATITUDE:   44  7 N
                                          LONGITUDE: 123 13 W

  TEMPERATURE IN F:       :PCPN:    SNOW:  WIND      :SUNSHINE: SKY     :PK WND
================================================================================
1   2   3   4   5  6A  6B    7    8   9   10  11  12  13   14  15   16   17  18
                                     12Z  AVG MX 2MIN
DY MAX MIN AVG DEP HDD CDD  WTR  SNW DPTH SPD SPD DIR MIN PSBL S-S WX    SPD DR
================================================================================

 1  71  35  53   0  12   0 0.00  0.0    0  4.6 17 290   M    M   1        25 320
 2  64  34  49  -4  16   0 0.00  0.0    0  4.6 15  20   M    M   1        19  40
 3  71  35  53   0  12   0 0.00  0.0    0  6.2 16  30   M    M   2 1      19  30
 4  73  39  56   3   9   0 0.00  0.0    0  6.0 15 360   M    M   3 1      20  20
 5  76  41  59   6   6   0 0.00  0.0    0  5.4 13  20   M    M   2 1      18  30
 6  77  41  59   5   6   0 0.00  0.0    0  6.2 16  40   M    M   2 1      23 350
 7  79  42  61   7   4   0 0.00  0.0    0  4.6 18 320   M    M   4 1      21 320
 8  75  42  59   5   6   0 0.00  0.0    0  5.1 18  40   M    M   3 1      23  40
 9  87  44  66  12   0   1 0.00  0.0    0  8.4 25 360   M    M   2 1      31  20
10  85  41  63   9   2   0 0.00  0.0    0  3.9 13  20   M    M   1        17  20
11  83  45  64  10   1   0 0.00  0.0    0  7.1 15 260   M    M   2        19 240
12  75  44  60   5   5   0 0.00  0.0    0  6.6 16 240   M    M   6        20 240
13  73  48  61   6   4   0 0.00  0.0    0  6.4 14 310   M    M   7        18 300
14  60  50  55   0  10   0 0.33  0.0    0  6.2 15 230   M    M   8 1      18 240
15  61  49  55   0  10   0 0.13  0.0    0  6.7 13 360   M    M   8 1      15 360
16  62  51  57   2   8   0 0.19  0.0    0  5.7 16 220   M    M   9 1      21 270
17  61  50  56   0   9   0 0.06  0.0    0  7.7 18 230   M    M   9 1      23 220
18  67  50  59   3   6   0 0.67  0.0    0  5.2 24 220   M    M   9 13     28 230
19  67  49  58   2   7   0 0.01  0.0    0  6.0 16 320   M    M   8 12     20 310
20  69  49  59   3   6   0 0.03  0.0    0  6.5 21 270   M    M   8        25 270
21  63  49  56   0   9   0 0.53  0.0    0  5.2 18  60   M    M   9 1      22  40
22  70  49  60   4   5   0 0.00  0.0    0  3.6 15 290   M    M   7        18 280
23  76  53  65   9   0   0 0.00  0.0    0  4.8 13 330   M    M   7 1      16 330
24  67  48  58   1   7   0    T  0.0    M  8.9 23 300   M    M   7        29 280
================================================================================
SM 1712 1078       160   1  1.95     0.0 141.6          M      125
================================================================================
AV 71.3 44.9                               5.9 FASTST   M    M   5    MAX(MPH)
                                 MISC ---->  # 25 360               # 31   20
================================================================================
NOTES:
# LAST OF SEVERAL OCCURRENCES

COLUMN 17 PEAK WIND IN M.P.H.

PRELIMINARY LOCAL CLIMATOLOGICAL DATA (WS FORM: F-6) , PAGE 2

                                          STATION:  EUGENE OR
                                          MONTH:    MAY
                                          YEAR:     2019
                                          LATITUDE:   44  7 N
                                          LONGITUDE: 123 13 W

[TEMPERATURE DATA]      [PRECIPITATION DATA]       SYMBOLS USED IN COLUMN 16

AVERAGE MONTHLY: 58.1   TOTAL FOR MONTH:   1.95    1 = FOG OR MIST
DPTR FM NORMAL:   3.4   DPTR FM NORMAL:   -0.17    2 = FOG REDUCING VISIBILITY
HIGHEST:    87 ON  9    GRTST 24HR  0.67 ON 18-18      TO 1/4 MILE OR LESS
LOWEST:     34 ON  2                               3 = THUNDER
                        SNOW, ICE PELLETS, HAIL    4 = ICE PELLETS
                        TOTAL MONTH:   0.0 INCH    5 = HAIL
                        GRTST 24HR     0.0         6 = FREEZING RAIN OR DRIZZLE
                        GRTST DEPTH:   0           7 = DUSTSTORM OR SANDSTORM:
                                                       VSBY 1/2 MILE OR LESS
                                                   8 = SMOKE OR HAZE
[NO. OF DAYS WITH]      [WEATHER - DAYS WITH]      9 = BLOWING SNOW
                                                   X = TORNADO
MAX 32 OR BELOW:   0    0.01 INCH OR MORE:   8
MAX 90 OR ABOVE:   0    0.10 INCH OR MORE:   5
MIN 32 OR BELOW:   0    0.50 INCH OR MORE:   2
MIN  0 OR BELOW:   0    1.00 INCH OR MORE:   0

[HDD (BASE 65) ]
TOTAL THIS MO.   160    CLEAR  (SCALE 0-3)  10
DPTR FM NORMAL   -90    PTCLDY (SCALE 4-7)   9
TOTAL FM JUL 1  4291    CLOUDY (SCALE 8-10)  5
DPTR FM NORMAL  -301

[CDD (BASE 65) ]
TOTAL THIS MO.     1
DPTR FM NORMAL     1    [PRESSURE DATA]
TOTAL FM JAN 1     1    HIGHEST SLP M ON M
DPTR FM NORMAL     1    LOWEST  SLP 29.49 ON 16

[REMARKS]
