000
CXUS56 KSLC 211327
CF6EVW
PRELIMINARY LOCAL CLIMATOLOGICAL DATA (WS FORM: F-6)

                                          STATION:   EVANSTON WY
                                          MONTH:     MARCH
                                          YEAR:      2019
                                          LATITUDE:   41 16 N
                                          LONGITUDE: 111  2 W

  TEMPERATURE IN F:       :PCPN:    SNOW:  WIND      :SUNSHINE: SKY     :PK WND
================================================================================
1   2   3   4   5  6A  6B    7    8   9   10  11  12  13   14  15   16   17  18
                                     12Z  AVG MX 2MIN
DY MAX MIN AVG DEP HDD CDD  WTR  SNW DPTH SPD SPD DIR MIN PSBL S-S WX    SPD DR
================================================================================

 1  32  18  25  -1  40   0    T    M    0  8.6 22 270   M    M   7 128    26 270
 2  28  22  25  -1  40   0 0.02    M    0  6.0 16 300   M    M  10 18     22 320
 3  24   8  16 -11  49   0    T    M    0  5.7 10  90   M    M   6 1      12  70
 4  25   1  13 -14  52   0    T    M    0  8.2 22 260   M    M   5 1      26 270
 5  21  11  16 -11  49   0 0.02    M    0 11.2 20  90   M    M   7 18     22  90
 6  37  20  29   1  36   0 0.13    M    0  9.7 23 220   M    M   7 12     28 230
 7  33  26  30   2  35   0 0.09    M    0 10.2 24 250   M    M   8 128    27 250
 8  30  14  22  -6  43   0 0.05    M    0 10.1 29 270   M    M   9 12     31 270
 9  24  11  18 -11  47   0    T    M    0  7.7 23 240   M    M   6        24 240
10  27  15  21  -8  44   0    T    M    0  8.3 16  70   M    M   8 18     19  70
11  27  13  20  -9  45   0 0.00  0.0    0  4.5 10  20   M    M   3        16  30
12  33  13  23  -7  42   0 0.01    M    0  5.6 14  80   M    M   5 1      14  90
13  25  20  23  -7  42   0 0.04    M    0 13.2 26 350   M    M  10 12     31 340
14  26  14  20 -10  45   0    T    M    0  5.3 12 250   M    M   4 1      13 250
15  29   9  19 -12  46   0 0.00  0.0    0  3.5  8 220   M    M   0        10 210
16  32  10  21 -10  44   0 0.00  0.0    0  2.2  7  20   M    M   0         8  40
17  33  16  25  -6  40   0 0.00  0.0    0  3.7  8  80   M    M   0         8  80
18  34  17  26  -6  39   0 0.00  0.0    0  5.0 12  10   M    M   0        13  10
19  32  12  22 -10  43   0 0.00  0.0    0  7.4 14  40   M    M   0        15  40
20  28   7  18 -14  47   0 0.00  0.0    0  6.3 17  80   M    M   3 128    21  80
================================================================================
SM  580  277       868   0  0.36     0.0 142.4          M       98
================================================================================
AV 29.0 13.9                               7.1 FASTST   M    M   5    MAX(MPH)
                                 MISC ---->  # 29 270               # 31  270
================================================================================
NOTES:
# LAST OF SEVERAL OCCURRENCES

COLUMN 17 PEAK WIND IN M.P.H.

PRELIMINARY LOCAL CLIMATOLOGICAL DATA (WS FORM: F-6) , PAGE 2

                                          STATION:  EVANSTON WY
                                          MONTH:    MARCH
                                          YEAR:     2019
                                          LATITUDE:   41 16 N
                                          LONGITUDE: 111  2 W

[TEMPERATURE DATA]      [PRECIPITATION DATA]       SYMBOLS USED IN COLUMN 16

AVERAGE MONTHLY: 21.4   TOTAL FOR MONTH:   0.36    1 = FOG OR MIST
DPTR FM NORMAL:  -7.7   DPTR FM NORMAL:   -0.08    2 = FOG REDUCING VISIBILITY
HIGHEST:    37 ON  6    GRTST 24HR  0.13 ON  6- 6      TO 1/4 MILE OR LESS
LOWEST:      1 ON  4                               3 = THUNDER
                        SNOW, ICE PELLETS, HAIL    4 = ICE PELLETS
                        TOTAL MONTH:   0.0 INCH    5 = HAIL
                        GRTST 24HR     0.0         6 = FREEZING RAIN OR DRIZZLE
                        GRTST DEPTH:   0           7 = DUSTSTORM OR SANDSTORM:
                                                       VSBY 1/2 MILE OR LESS
                                                   8 = SMOKE OR HAZE
[NO. OF DAYS WITH]      [WEATHER - DAYS WITH]      9 = BLOWING SNOW
                                                   X = TORNADO
MAX 32 OR BELOW:  15    0.01 INCH OR MORE:   7
MAX 90 OR ABOVE:   0    0.10 INCH OR MORE:   1
MIN 32 OR BELOW:  20    0.50 INCH OR MORE:   0
MIN  0 OR BELOW:   0    1.00 INCH OR MORE:   0

[HDD (BASE 65) ]
TOTAL THIS MO.   868    CLEAR  (SCALE 0-3)   7
DPTR FM NORMAL   151    PTCLDY (SCALE 4-7)  10
TOTAL FM JUL 1  6612    CLOUDY (SCALE 8-10)  3
DPTR FM NORMAL  -113

[CDD (BASE 65) ]
TOTAL THIS MO.     0
DPTR FM NORMAL     0    [PRESSURE DATA]
TOTAL FM JAN 1     0    HIGHEST SLP M ON M
DPTR FM NORMAL     0    LOWEST  SLP 29.43 ON 12

[REMARKS]
