000
CXUS56 KSLC 191228
CF6EVW
PRELIMINARY LOCAL CLIMATOLOGICAL DATA (WS FORM: F-6)

                                          STATION:   EVANSTON WY
                                          MONTH:     MAY
                                          YEAR:      2019
                                          LATITUDE:   41 16 N
                                          LONGITUDE: 111  2 W

  TEMPERATURE IN F:       :PCPN:    SNOW:  WIND      :SUNSHINE: SKY     :PK WND
================================================================================
1   2   3   4   5  6A  6B    7    8   9   10  11  12  13   14  15   16   17  18
                                     12Z  AVG MX 2MIN
DY MAX MIN AVG DEP HDD CDD  WTR  SNW DPTH SPD SPD DIR MIN PSBL S-S WX    SPD DR
================================================================================

 1  43  24  34 -10  31   0    T    M    0  9.0 21 270   M    M   6 18     26 270
 2  50  24  37  -7  28   0 0.00  0.0    0 13.4 30 260   M    M   1        36 240
 3  57  31  44  -1  21   0 0.00  0.0    0 11.1 24 270   M    M   0        30 240
 4  62  33  48   3  17   0 0.00  0.0    0 11.8 26 260   M    M   1        33 280
 5  65  38  52   7  13   0 0.00  0.0    0 13.4 30 270   M    M   2        42 240
 6  65  37  51   5  14   0    T    M    0  9.0 32 220   M    M   5        41 240
 7  54  34  44  -2  21   0 0.19    M    0  8.5 29 270   M    M   6 13     33 270
 8  47  34  41  -5  24   0 0.01    M    0 13.2 23  90   M    M  10 1      28  80
 9  43  30  37 -10  28   0    T    M    0 17.3 26  80   M    M   8 8      33  70
10  54  28  41  -6  24   0 0.00  0.0    0  8.8 21  80   M    M   2        26  80
11  62  32  47   0  18   0 0.00  0.0    0  6.5 17 350   M    M   2        24 360
12  67  38  53   5  12   0 0.00  0.0    0  8.7 23 270   M    M   0        35 300
13  71  42  57   9   8   0 0.00  0.0    0  9.7 21 260   M    M   0        26 260
14  69  41  55   7  10   0    T    M    0  9.9 31 190   M    M   2        38 190
15  70  47  59  10   6   0 0.00  0.0    0 12.1 31 220   M    M   1        42 220
16  68  38  53   4  12   0 0.10    M    0 12.6 39 230   M    M   4 1      46 220
17  45  32  39 -10  26   0 0.03    M    0 13.5 31 270   M    M   7 128    37 270
18  50  32  41  -9  24   0 0.01    M    0 11.9 28 250   M    M   6 12     33 260
================================================================================
SM 1042  615       337   0  0.34     0.0 200.4          M       63
================================================================================
AV 57.9 34.2                              11.1 FASTST   M    M   4    MAX(MPH)
                                 MISC ---->  # 39 230               # 46  220
================================================================================
NOTES:
# LAST OF SEVERAL OCCURRENCES

COLUMN 17 PEAK WIND IN M.P.H.

PRELIMINARY LOCAL CLIMATOLOGICAL DATA (WS FORM: F-6) , PAGE 2

                                          STATION:  EVANSTON WY
                                          MONTH:    MAY
                                          YEAR:     2019
                                          LATITUDE:   41 16 N
                                          LONGITUDE: 111  2 W

[TEMPERATURE DATA]      [PRECIPITATION DATA]       SYMBOLS USED IN COLUMN 16

AVERAGE MONTHLY: 46.0   TOTAL FOR MONTH:   0.34    1 = FOG OR MIST
DPTR FM NORMAL:  -0.8   DPTR FM NORMAL:   -0.70    2 = FOG REDUCING VISIBILITY
HIGHEST:    71 ON 13    GRTST 24HR  0.19 ON  7- 7      TO 1/4 MILE OR LESS
LOWEST:     24 ON  2, 1                            3 = THUNDER
                        SNOW, ICE PELLETS, HAIL    4 = ICE PELLETS
                        TOTAL MONTH:   0.0 INCH    5 = HAIL
                        GRTST 24HR     0.0         6 = FREEZING RAIN OR DRIZZLE
                        GRTST DEPTH:   0           7 = DUSTSTORM OR SANDSTORM:
                                                       VSBY 1/2 MILE OR LESS
                                                   8 = SMOKE OR HAZE
[NO. OF DAYS WITH]      [WEATHER - DAYS WITH]      9 = BLOWING SNOW
                                                   X = TORNADO
MAX 32 OR BELOW:   0    0.01 INCH OR MORE:   5
MAX 90 OR ABOVE:   0    0.10 INCH OR MORE:   2
MIN 32 OR BELOW:   8    0.50 INCH OR MORE:   0
MIN  0 OR BELOW:   0    1.00 INCH OR MORE:   0

[HDD (BASE 65) ]
TOTAL THIS MO.   337    CLEAR  (SCALE 0-3)  10
DPTR FM NORMAL     9    PTCLDY (SCALE 4-7)   7
TOTAL FM JUL 1  8086    CLOUDY (SCALE 8-10)  1
DPTR FM NORMAL   -79

[CDD (BASE 65) ]
TOTAL THIS MO.     0
DPTR FM NORMAL     0    [PRESSURE DATA]
TOTAL FM JAN 1     0    HIGHEST SLP M ON M
DPTR FM NORMAL     0    LOWEST  SLP 29.45 ON 16

[REMARKS]
