000
CXUS52 KMHX 210700
CF6EWN
PRELIMINARY LOCAL CLIMATOLOGICAL DATA (WS FORM: F-6)

                                          STATION:   NEW BERN NC
                                          MONTH:     MARCH
                                          YEAR:      2019
                                          LATITUDE:   35  4 N
                                          LONGITUDE:  77  3 W

  TEMPERATURE IN F:       :PCPN:    SNOW:  WIND      :SUNSHINE: SKY     :PK WND
================================================================================
1   2   3   4   5  6A  6B    7    8   9   10  11  12  13   14  15   16   17  18
                                     12Z  AVG MX 2MIN
DY MAX MIN AVG DEP HDD CDD  WTR  SNW DPTH SPD SPD DIR MIN PSBL S-S WX    SPD DR
================================================================================

 1  67  45  56   6   9   0 0.51  0.0    0  6.4 17 320   M    M   7 1      25 310
 2  60  44  52   2  13   0 0.00  0.0    0  6.7 15  40   M    M   5 1      18 300
 3  66  45  56   6   9   0 0.15  0.0    0  7.4 17 200   M    M   9 1      25 210
 4  65  36  51   1  14   0 0.16  0.0    0  9.0 22 320   M    M   7 1      28 360
 5  43  28  36 -14  29   0 0.01  0.2    0  5.8 15 360   M    M   6 1      17  10
 6  44  26  35 -16  30   0 0.00  0.0    0  8.1 17 290   M    M   0        24 270
 7  54  23  39 -12  26   0 0.00  0.0    0  3.6 14 280   M    M   0        20 320
 8  57  39  48  -3  17   0 0.04  0.0    0  5.4 13 110   M    M   9 1      15  90
 9  55  42  49  -2  16   0    T  0.0    0  6.2 13  60   M    M   9        17  80
10  79  47  63  11   2   0    T  0.0    0  8.3 21 200   M    M   6 1      29 210
11  71  51  61   9   4   0    T  0.0    0  3.6 12  20   M    M   4        15 360
12  59  38  49  -3  16   0 0.00  0.0    0  7.9 17  40   M    M   0        22 230
13  63  35  49  -3  16   0 0.00  0.0    0  4.4 14  90   M    M   0        18 100
14  75  41  58   5   7   0 0.00  0.0    0  7.3 21 170   M    M   0        29 170
15  79  61  70  17   0   5 0.00  0.0    0 13.5 25 200   M    M   3        36 220
16  68  41  55   2  10   0    T  0.0    0  7.6 22 350   M    M   1        28 340
17  59  33  46  -8  19   0 0.00  0.0    0  4.8 16  60   M    M   0 1      20  40
18  67  32  50  -4  15   0 0.00  0.0    0  6.2 26  40   M    M   2 12     32  30
19  56  38  47  -7  18   0    T  0.0    0 13.9 21  20   M    M   4        26  10
20  52  43  48  -6  17   0 0.63  0.0    0   M  20  30   M    M  10 18     25  10
================================================================================
SM 1239  788       287   5  1.50     0.2 136.1          M       82
================================================================================
AV 62.0 39.4                               7.2 FASTST   M    M   4    MAX(MPH)
                                 MISC ---->  # 26  40               # 36  220
================================================================================
NOTES:
# LAST OF SEVERAL OCCURRENCES

COLUMN 17 PEAK WIND IN M.P.H.

PRELIMINARY LOCAL CLIMATOLOGICAL DATA (WS FORM: F-6) , PAGE 2

                                          STATION:  NEW BERN NC
                                          MONTH:    MARCH
                                          YEAR:     2019
                                          LATITUDE:   35  4 N
                                          LONGITUDE:  77  3 W

[TEMPERATURE DATA]      [PRECIPITATION DATA]       SYMBOLS USED IN COLUMN 16

AVERAGE MONTHLY: 50.7   TOTAL FOR MONTH:   1.50    1 = FOG OR MIST
DPTR FM NORMAL:  -1.2   DPTR FM NORMAL:   -1.40    2 = FOG REDUCING VISIBILITY
HIGHEST:    79 ON 15,10 GRTST 24HR  0.63 ON 20-20      TO 1/4 MILE OR LESS
LOWEST:     23 ON  7                               3 = THUNDER
                        SNOW, ICE PELLETS, HAIL    4 = ICE PELLETS
                        TOTAL MONTH:   0.2 INCH    5 = HAIL
                        GRTST 24HR   0.2 ON  5- 5  6 = FREEZING RAIN OR DRIZZLE
                        GRTST DEPTH:   0           7 = DUSTSTORM OR SANDSTORM:
                                                       VSBY 1/2 MILE OR LESS
                                                   8 = SMOKE OR HAZE
[NO. OF DAYS WITH]      [WEATHER - DAYS WITH]      9 = BLOWING SNOW
                                                   X = TORNADO
MAX 32 OR BELOW:   0    0.01 INCH OR MORE:   6
MAX 90 OR ABOVE:   0    0.10 INCH OR MORE:   4
MIN 32 OR BELOW:   4    0.50 INCH OR MORE:   2
MIN  0 OR BELOW:   0    1.00 INCH OR MORE:   0

[HDD (BASE 65) ]
TOTAL THIS MO.   287    CLEAR  (SCALE 0-3)   9
DPTR FM NORMAL    19    PTCLDY (SCALE 4-7)   7
TOTAL FM JUL 1  2209    CLOUDY (SCALE 8-10)  4
DPTR FM NORMAL  -205

[CDD (BASE 65) ]
TOTAL THIS MO.     5
DPTR FM NORMAL     5    [PRESSURE DATA]
TOTAL FM JAN 1    17    HIGHEST SLP M ON M
DPTR FM NORMAL    14    LOWEST  SLP 29.53 ON  4

[REMARKS]
