000
CXUS51 KOKX 260703
CF6EWR
PRELIMINARY LOCAL CLIMATOLOGICAL DATA (WS FORM: F-6)

                                          STATION:   NEWARK NJ
                                          MONTH:     MAY
                                          YEAR:      2019
                                          LATITUDE:   40 42 N
                                          LONGITUDE:  74 10 W

  TEMPERATURE IN F:       :PCPN:    SNOW:  WIND      :SUNSHINE: SKY     :PK WND
================================================================================
1   2   3   4   5  6A  6B    7    8   9   10  11  12  13   14  15   16   17  18
                                     12Z  AVG MX 2MIN
DY MAX MIN AVG DEP HDD CDD  WTR  SNW DPTH SPD SPD DIR MIN PSBL S-S WX    SPD DR
================================================================================

 1  55  50  53  -5  12   0 0.01  0.0    0  6.1 13 120   M    M  10 1      21 110
 2  78  51  65   7   0   0 0.14  0.0    0  6.4 18 100   M    M   9 18     24 140
 3  57  50  54  -5  11   0 0.01  0.0    0  4.2 10  60   M    M  10 138    13  90
 4  70  54  62   3   3   0 0.07  0.0    0  4.0 13 130   M    M   9 138    17 130
 5  58  52  55  -4  10   0 1.53  0.0    0  9.8 20  40   M    M  10 1      26  40
 6  72  52  62   2   3   0 0.00  0.0    0  7.8 18  40   M    M   7        24  30
 7  75  54  65   5   0   0 0.18  0.0    0  6.6 18  10   M    M   7 13     22  10
 8  71  56  64   4   1   0 0.00  0.0    0  7.7 18  10   M    M   7        22  10
 9  59  55  57  -3   8   0 0.00  0.0    0 10.1 17  90   M    M   9        23 100
10  79  55  67   6   0   2 0.03  0.0    0  9.0 23 220   M    M   9 1      27 230
11  71  57  64   3   1   0 0.03  0.0    0  9.2 21 340   M    M   7        25 310
12  59  44  52  -9  13   0 1.48  0.0    0 12.7 23  70   M    M  10 1      30  60
13  50  43  47 -15  18   0 0.84  0.0    0  9.0 18  70   M    M  10 1      23  70
14  52  44  48 -14  17   0 0.28  0.0    0  6.5 16 310   M    M  10 1      21 310
15  72  45  59  -3   6   0 0.01  0.0    0 10.6 20 260   M    M   5        27 300
16  75  52  64   1   1   0 0.04  0.0    0  6.4 18 270   M    M   6        22 270
17  80  56  68   5   0   3 0.02  0.0    0 10.8 20 220   M    M   7        24 220
18  78  58  68   5   0   3 0.00  0.0    0  8.3 18 330   M    M   6        24 320
19  84  59  72   8   0   7 0.06  0.0    0  8.7 21 190   M    M   7 3      26 190
20  89  68  79  15   0  14    T  0.0    0 14.0 32 240   M    M   6 3      39 260
21  74  58  66   2   0   1 0.00  0.0    0 17.5 31 330   M    M   4        39 320
22  77  55  66   2   0   1 0.00  0.0    0  7.9 17 350   M    M   6        24 310
23  75  56  66   1   0   1 0.51  0.0    0  9.4 23 300   M    M   8 13     27 300
24  78  60  69   4   0   4 0.00  0.0    0 17.6 33 320   M    M   4        46 320
25  70  57  64  -2   1   0 0.00  0.0    0  9.7 18 160   M    M   6        24 150
================================================================================
SM 1758 1341       105  36  5.24     0.0 230.0          M      189
================================================================================
AV 70.3 53.6                               9.2 FASTST   M    M   8    MAX(MPH)
                                 MISC ---->  # 33 320               # 46  320
================================================================================
NOTES:
# LAST OF SEVERAL OCCURRENCES

COLUMN 17 PEAK WIND IN M.P.H.

PRELIMINARY LOCAL CLIMATOLOGICAL DATA (WS FORM: F-6) , PAGE 2

                                          STATION:  NEWARK NJ
                                          MONTH:    MAY
                                          YEAR:     2019
                                          LATITUDE:   40 42 N
                                          LONGITUDE:  74 10 W

[TEMPERATURE DATA]      [PRECIPITATION DATA]       SYMBOLS USED IN COLUMN 16

AVERAGE MONTHLY: 62.0   TOTAL FOR MONTH:   5.24    1 = FOG OR MIST
DPTR FM NORMAL:   0.3   DPTR FM NORMAL:    2.00    2 = FOG REDUCING VISIBILITY
HIGHEST:    89 ON 20    GRTST 24HR  1.53 ON  5- 5      TO 1/4 MILE OR LESS
LOWEST:     43 ON 13                               3 = THUNDER
                        SNOW, ICE PELLETS, HAIL    4 = ICE PELLETS
                        TOTAL MONTH:   0.0 INCH    5 = HAIL
                        GRTST 24HR     0.0         6 = FREEZING RAIN OR DRIZZLE
                        GRTST DEPTH:   0           7 = DUSTSTORM OR SANDSTORM:
                                                       VSBY 1/2 MILE OR LESS
                                                   8 = SMOKE OR HAZE
[NO. OF DAYS WITH]      [WEATHER - DAYS WITH]      9 = BLOWING SNOW
                                                   X = TORNADO
MAX 32 OR BELOW:   0    0.01 INCH OR MORE:  16
MAX 90 OR ABOVE:   0    0.10 INCH OR MORE:   7
MIN 32 OR BELOW:   0    0.50 INCH OR MORE:   4
MIN  0 OR BELOW:   0    1.00 INCH OR MORE:   2

[HDD (BASE 65) ]
TOTAL THIS MO.   105    CLEAR  (SCALE 0-3)   0
DPTR FM NORMAL   -18    PTCLDY (SCALE 4-7)  14
TOTAL FM JUL 1  4699    CLOUDY (SCALE 8-10) 11
DPTR FM NORMAL  -144

[CDD (BASE 65) ]
TOTAL THIS MO.    36
DPTR FM NORMAL    -5    [PRESSURE DATA]
TOTAL FM JAN 1    51    HIGHEST SLP M ON M
DPTR FM NORMAL    -2    LOWEST  SLP 29.68 ON 20

[REMARKS]
