000
CXUS53 KIND 260730
CF6EYE
PRELIMINARY LOCAL CLIMATOLOGICAL DATA (WS FORM: F-6)

                                          STATION:   INDIANAPOLIS EAGLE CREEK IN
                                          MONTH:     MAY
                                          YEAR:      2019
                                          LATITUDE:   39 49 N
                                          LONGITUDE:  86 18 W

  TEMPERATURE IN F:       :PCPN:    SNOW:  WIND      :SUNSHINE: SKY     :PK WND
================================================================================
1   2   3   4   5  6A  6B    7    8   9   10  11  12  13   14  15   16   17  18
                                     12Z  AVG MX 2MIN
DY MAX MIN AVG DEP HDD CDD  WTR  SNW DPTH SPD SPD DIR MIN PSBL S-S WX    SPD DR
================================================================================

 1  73  57  65   7   0   0 0.13    M    M  7.2 23 280   M    M   6 12     32 200
 2  71  57  64   6   1   0 0.11    M    M  2.8 12 240   M    M   9 12     22 240
 3  63  51  57  -2   8   0 0.16    M    M  6.5 12 340   M    M  10 1      15 330
 4  58  50  54  -5  11   0 0.42    M    M  5.3 12  60   M    M   8 1      19  50
 5  71  45  58  -1   7   0 0.00    M    M  5.1 14 360   M    M   0        19 360
 6  76  45  61   1   4   0 0.00    M    M  4.0 12 250   M    M   0        20 240
 7  77  51  64   4   1   0 0.00    M    M  3.8 14  60   M    M   4        20  50
 8  82  50  66   6   0   1 0.00    M    M  9.4 22 130   M    M   1        32 120
 9  74  55  65   5   0   0 0.41    M    M 10.1 18 310   M    M   7 18     29 220
10  54  46  50 -11  15   0    T    M    M  6.8 15 300   M    M   9        20 320
11  59  40  50 -11  15   0 0.37    M    M  8.4 16 100   M    M   5 1      25  40
12  49  44  47 -14  18   0 0.02    M    M  6.0 13  50   M    M   9 1      19  30
13  60  45  53  -9  12   0 0.01    M    M  8.2 16 310   M    M   8 1      22 330
14  68  40  54  -8  11   0 0.00    M    M  2.9 13 300   M    M   2 12     16 290
15  72  48  60  -2   5   0 0.00    M    M  2.4 12 210   M    M   5        19 210
16  78  52  65   2   0   0 0.52    M    M  5.6 33 350   M    M   3 123    50 350
17  81  63  72   9   0   7    T    M    M  4.2 15 310   M    M   1 3      19 350
18  86  61  74  11   0   9 0.00    M    M  6.7 20 210   M    M   1 1      32 260
19  75  62  69   5   0   4 0.35    M    M  8.4 17 290   M    M   6 13     29 230
20  64  47  56  -8   9   0 0.00    M    M  9.6 21 290   M    M   6        28 280
21  58  47  53 -11  12   0 0.16    M    M 10.9 20 100   M    M   4 1      28 110
22  77  57  67   2   0   2 0.26    M    M  6.4 16 120   M    M   5 1      24 130
23  83  65  74   9   0   9 0.45    M    M  6.9 28 280   M    M   4 13     37 280
24  87  61  74   9   0   9 0.03    M    M  4.1 14 200   M    M   3 13     23 200
25  86  69  78  12   0  13 0.19    M    M  7.0 25 290   M    M   1 3      35 300
================================================================================
SM 1782 1308       129  54  3.59    M    158.7          M      117
================================================================================
AV 71.3 52.3                               6.3 FASTST   M    M   5    MAX(MPH)
                                 MISC ---->  # 33 350               # 50  350
================================================================================
NOTES:
# LAST OF SEVERAL OCCURRENCES

COLUMN 17 PEAK WIND IN M.P.H.

PRELIMINARY LOCAL CLIMATOLOGICAL DATA (WS FORM: F-6) , PAGE 2

                                          STATION:  INDIANAPOLIS EAGLE CREEK IN
                                          MONTH:    MAY
                                          YEAR:     2019
                                          LATITUDE:   39 49 N
                                          LONGITUDE:  86 18 W

[TEMPERATURE DATA]      [PRECIPITATION DATA]       SYMBOLS USED IN COLUMN 16

AVERAGE MONTHLY: 61.8   TOTAL FOR MONTH:   3.59    1 = FOG OR MIST
DPTR FM NORMAL:   0.0   DPTR FM NORMAL:   -0.92    2 = FOG REDUCING VISIBILITY
HIGHEST:    87 ON 24    GRTST 24HR  0.52 ON 16-16      TO 1/4 MILE OR LESS
LOWEST:     40 ON 14,11                            3 = THUNDER
                        SNOW, ICE PELLETS, HAIL    4 = ICE PELLETS
                        TOTAL MONTH:    M          5 = HAIL
                        GRTST 24HR    M  ON   M    6 = FREEZING RAIN OR DRIZZLE
                        GRTST DEPTH:  M  ON   M    7 = DUSTSTORM OR SANDSTORM:
                                                       VSBY 1/2 MILE OR LESS
                                                   8 = SMOKE OR HAZE
[NO. OF DAYS WITH]      [WEATHER - DAYS WITH]      9 = BLOWING SNOW
                                                   X = TORNADO
MAX 32 OR BELOW:   0    0.01 INCH OR MORE:  15
MAX 90 OR ABOVE:   0    0.10 INCH OR MORE:  12
MIN 32 OR BELOW:   0    0.50 INCH OR MORE:   1
MIN  0 OR BELOW:   0    1.00 INCH OR MORE:   0

[HDD (BASE 65) ]
TOTAL THIS MO.   129    CLEAR  (SCALE 0-3)   8
DPTR FM NORMAL     3    PTCLDY (SCALE 4-7)  13
TOTAL FM JUL 1  5307    CLOUDY (SCALE 8-10)  4
DPTR FM NORMAL   -14

[CDD (BASE 65) ]
TOTAL THIS MO.    54
DPTR FM NORMAL     8    [PRESSURE DATA]
TOTAL FM JAN 1    54    HIGHEST SLP M ON M
DPTR FM NORMAL    -7    LOWEST  SLP 29.70 ON 19

[REMARKS]
