000
CXUS52 KKEY 250600
CF6EYW
PRELIMINARY LOCAL CLIMATOLOGICAL DATA (WS FORM: F-6)

                                          STATION:   KEY WEST
                                          MONTH:     MAY
                                          YEAR:      2019
                                          LATITUDE:   24 32 N
                                          LONGITUDE:  81 45 W

  TEMPERATURE IN F:       :PCPN:    SNOW:  WIND      :SUNSHINE: SKY     :PK WND
================================================================================
1   2   3   4   5  6A  6B    7    8   9   10  11  12  13   14  15   16   17  18
                                     12Z  AVG MX 2MIN
DY MAX MIN AVG DEP HDD CDD  WTR  SNW DPTH SPD SPD DIR MIN PSBL S-S WX    SPD DR
================================================================================

 1  85  74  80   2   0  15 0.04  0.0    0 11.3 22 100   M    M   4        29  90
 2  85  77  81   3   0  16 0.00  0.0    0  8.9 20 160   M    M   2        22 160
 3  86  80  83   4   0  18 0.00  0.0    0 10.8 17 140   M    M   2        20 150
 4  86  80  83   4   0  18 0.00  0.0    0 12.3 17 130   M    M   2        21 100
 5  88  75  82   3   0  17 0.66  0.0    0  9.0 21 180   M    M   3 138    28 180
 6  86  75  81   2   0  16 0.10  0.0    0  6.4 18 120   M    M   3 38     21 130
 7  86  74  80   1   0  15 2.09  0.0    0  7.5 22 110   M    M   2 123    28 100
 8  87  79  83   4   0  18 0.00  0.0    0 10.9 17 100   M    M   1 8      22 130
 9  87  80  84   4   0  19 0.00  0.0    0 10.4 16 130   M    M   2        24 150
10  87  77  82   2   0  17 0.22  0.0    0 10.9 18 100   M    M   2 18     23 100
11  86  79  83   3   0  18    T  0.0    0 13.2 20 160   M    M   1        26 170
12  86  78  82   2   0  17    T  0.0    0  7.9 17 170   M    M   2 38     21 190
13  89  80  85   5   0  20    T  0.0    0 10.7 17 310   M    M   2        20 320
14  94  80  87   7   0  22 0.00  0.0    0  9.0 24 250   M    M   2 3      30 250
15  88  80  84   4   0  19    T  0.0    0  5.0 14 160   M    M   4 3      17  70
16  87  75  81   1   0  16 0.38  0.0    0  8.1 20 150   M    M   4 13     25 140
17  86  78  82   2   0  17    T  0.0    0 11.9 18  80   M    M   2        26  90
18  86  78  82   1   0  17 0.00  0.0    0 10.2 15 160   M    M   3        20 100
19  87  78  83   2   0  18 0.00  0.0    0  8.4 13 110   M    M   0 3      15 140
20  89  79  84   3   0  19 0.00  0.0    0  7.4 13  30   M    M   2        17  30
21  86  79  83   2   0  18 0.00  0.0    0  8.9 18 110   M    M   1        24 120
22  88  80  84   3   0  19 0.00  0.0    0 13.6 21  90   M    M   2        26  90
23  86  80  83   2   0  18    T  0.0    0 15.4 23 100   M    M   3        30 100
24  86  77  82   1   0  17 0.00  0.0    0 12.9 20  90   M    M   3        27  90
================================================================================
SM 2087 1872         0 424  3.49     0.0 241.0          M       54
================================================================================
AV 87.0 78.0                              10.0 FASTST   M    M   2    MAX(MPH)
                                 MISC ---->  # 24 250               # 30  250
================================================================================
NOTES:
# LAST OF SEVERAL OCCURRENCES

COLUMN 17 PEAK WIND IN M.P.H.

PRELIMINARY LOCAL CLIMATOLOGICAL DATA (WS FORM: F-6) , PAGE 2

                                          STATION:  KEY WEST
                                          MONTH:    MAY
                                          YEAR:     2019
                                          LATITUDE:   24 32 N
                                          LONGITUDE:  81 45 W

[TEMPERATURE DATA]      [PRECIPITATION DATA]       SYMBOLS USED IN COLUMN 16

AVERAGE MONTHLY: 82.5   TOTAL FOR MONTH:   3.49    1 = FOG OR MIST
DPTR FM NORMAL:   2.6   DPTR FM NORMAL:    1.45    2 = FOG REDUCING VISIBILITY
HIGHEST:    94 ON 14    GRTST 24HR  2.09 ON  7- 7      TO 1/4 MILE OR LESS
LOWEST:     74 ON  7, 1                            3 = THUNDER
                        SNOW, ICE PELLETS, HAIL    4 = ICE PELLETS
                        TOTAL MONTH:   0.0 INCH    5 = HAIL
                        GRTST 24HR     0.0         6 = FREEZING RAIN OR DRIZZLE
                        GRTST DEPTH:   0           7 = DUSTSTORM OR SANDSTORM:
                                                       VSBY 1/2 MILE OR LESS
                                                   8 = SMOKE OR HAZE
[NO. OF DAYS WITH]      [WEATHER - DAYS WITH]      9 = BLOWING SNOW
                                                   X = TORNADO
MAX 32 OR BELOW:   0    0.01 INCH OR MORE:   6
MAX 90 OR ABOVE:   1    0.10 INCH OR MORE:   5
MIN 32 OR BELOW:   0    0.50 INCH OR MORE:   2
MIN  0 OR BELOW:   0    1.00 INCH OR MORE:   1

[HDD (BASE 65) ]
TOTAL THIS MO.     0    CLEAR  (SCALE 0-3)  21
DPTR FM NORMAL     0    PTCLDY (SCALE 4-7)   3
TOTAL FM JUL 1    12    CLOUDY (SCALE 8-10)  0
DPTR FM NORMAL   -61

[CDD (BASE 65) ]
TOTAL THIS MO.   424
DPTR FM NORMAL    66    [PRESSURE DATA]
TOTAL FM JAN 1  1766    HIGHEST SLP M ON M
DPTR FM NORMAL   454    LOWEST  SLP 29.86 ON  5

[REMARKS]
