000
CXUS52 KKEY 240545
CF6EYW
PRELIMINARY LOCAL CLIMATOLOGICAL DATA (WS FORM: F-6)

                                          STATION:   KEY WEST
                                          MONTH:     MARCH
                                          YEAR:      2019
                                          LATITUDE:   24 32 N
                                          LONGITUDE:  81 45 W

  TEMPERATURE IN F:       :PCPN:    SNOW:  WIND      :SUNSHINE: SKY     :PK WND
================================================================================
1   2   3   4   5  6A  6B    7    8   9   10  11  12  13   14  15   16   17  18
                                     12Z  AVG MX 2MIN
DY MAX MIN AVG DEP HDD CDD  WTR  SNW DPTH SPD SPD DIR MIN PSBL S-S WX    SPD DR
================================================================================

 1  82  71  77   5   0  12 0.00  0.0    0  7.1 15 120   M    M   0        18 120
 2  82  74  78   6   0  13 0.00  0.0    0  5.6 12 120   M    M   2        15 140
 3  83  73  78   6   0  13 0.00  0.0    0  5.4 12 160   M    M   1        16 170
 4  84  76  80   8   0  15 0.00  0.0    0  6.1 13 320   M    M   1        15 320
 5  84  71  78   6   0  13    T  0.0    0  8.0 20 350   M    M   4        27 360
 6  71  62  67  -5   0   2    T  0.0    0 13.8 22  20   M    M   3        30 340
 7  77  65  71  -1   0   6 0.00  0.0    0 11.0 18  90   M    M   0        24  90
 8  82  69  76   3   0  11 0.00  0.0    0 10.0 18 110   M    M   3        24  50
 9  82  75  79   6   0  14 0.00  0.0    0 12.1 16 110   M    M   1        20 140
10  84  77  81   8   0  16 0.00  0.0    0 10.7 15 110   M    M   1        20 140
11  84  77  81   8   0  16 0.00  0.0    0 10.5 16 100   M    M   1        21 130
12  85  75  80   7   0  15 0.00  0.0    0  8.1 16 100   M    M   2        21 130
13  84  76  80   7   0  15    T  0.0    0 12.9 23 100   M    M   4        29 100
14  84  75  80   7   0  15    T  0.0    0 16.4 23 110   M    M   5        29 120
15  83  75  79   6   0  14 0.11  0.0    0 14.0 20 130   M    M   4 18     24 130
16  83  77  80   7   0  15 0.00  0.0    0  6.8 14 130   M    M   1        18 110
17  84  74  79   6   0  14    T  0.0    0  5.1 12 360   M    M   2        16 360
18  80  75  78   5   0  13 0.00  0.0    0  8.9 16  10   M    M   5        21  50
19  75  67  71  -3   0   6 1.60  0.0    0 13.1 25  20   M    M   8 1      37  20
20  77  68  73  -1   0   8 0.09  0.0    0 10.7 17 350   M    M   8        23 350
21  77  70  74   0   0   9    T  0.0    0 11.7 21 330   M    M   4        27 350
22  74  66  70  -4   0   5 0.00  0.0    0 10.7 18 340   M    M   2        25 340
23  77  62  70  -4   0   5 0.00  0.0    0  6.4 13  20   M    M   1 8      17  30
================================================================================
SM 1858 1650         0 265  1.80     0.0 225.1          M       63
================================================================================
AV 80.8 71.7                               9.8 FASTST   M    M   3    MAX(MPH)
                                 MISC ---->  # 25  20               # 37   20
================================================================================
NOTES:
# LAST OF SEVERAL OCCURRENCES

COLUMN 17 PEAK WIND IN M.P.H.

PRELIMINARY LOCAL CLIMATOLOGICAL DATA (WS FORM: F-6) , PAGE 2

                                          STATION:  KEY WEST
                                          MONTH:    MARCH
                                          YEAR:     2019
                                          LATITUDE:   24 32 N
                                          LONGITUDE:  81 45 W

[TEMPERATURE DATA]      [PRECIPITATION DATA]       SYMBOLS USED IN COLUMN 16

AVERAGE MONTHLY: 76.3   TOTAL FOR MONTH:   1.80    1 = FOG OR MIST
DPTR FM NORMAL:   3.3   DPTR FM NORMAL:    0.22    2 = FOG REDUCING VISIBILITY
HIGHEST:    85 ON 12    GRTST 24HR  1.60 ON 19-19      TO 1/4 MILE OR LESS
LOWEST:     62 ON 23, 6                            3 = THUNDER
                        SNOW, ICE PELLETS, HAIL    4 = ICE PELLETS
                        TOTAL MONTH:   0.0 INCH    5 = HAIL
                        GRTST 24HR     0.0         6 = FREEZING RAIN OR DRIZZLE
                        GRTST DEPTH:   0           7 = DUSTSTORM OR SANDSTORM:
                                                       VSBY 1/2 MILE OR LESS
                                                   8 = SMOKE OR HAZE
[NO. OF DAYS WITH]      [WEATHER - DAYS WITH]      9 = BLOWING SNOW
                                                   X = TORNADO
MAX 32 OR BELOW:   0    0.01 INCH OR MORE:   3
MAX 90 OR ABOVE:   0    0.10 INCH OR MORE:   2
MIN 32 OR BELOW:   0    0.50 INCH OR MORE:   1
MIN  0 OR BELOW:   0    1.00 INCH OR MORE:   1

[HDD (BASE 65) ]
TOTAL THIS MO.     0    CLEAR  (SCALE 0-3)  15
DPTR FM NORMAL     0    PTCLDY (SCALE 4-7)   7
TOTAL FM JUL 1    12    CLOUDY (SCALE 8-10)  1
DPTR FM NORMAL   -54

[CDD (BASE 65) ]
TOTAL THIS MO.   265
DPTR FM NORMAL    76    [PRESSURE DATA]
TOTAL FM JAN 1   823    HIGHEST SLP M ON M
DPTR FM NORMAL   286    LOWEST  SLP 29.93 ON  3

[REMARKS]
