000
CXUS54 KFWD 260731
CF6F44
PRELIMINARY LOCAL CLIMATOLOGICAL DATA (WS FORM: F-6)

                                          STATION:   ATHENS
                                          MONTH:     MAY
                                          YEAR:      2019
                                          LATITUDE:   32  9 N
                                          LONGITUDE:  95 50 W

  TEMPERATURE IN F:       :PCPN:    SNOW:  WIND      :SUNSHINE: SKY     :PK WND
================================================================================
1   2   3   4   5  6A  6B    7    8   9   10  11  12  13   14  15   16   17  18
                                     12Z  AVG MX 2MIN
DY MAX MIN AVG DEP HDD CDD  WTR  SNW DPTH SPD SPD DIR MIN PSBL S-S WX    SPD DR
================================================================================

 1  82  63  73   M   0   8 0.01  0.0    0  9.3 15 170   M    M   8 3      25  20
 2  79  61  70   M   0   5 1.43  0.0    0  7.1 17 170   M    M   6 3      20  40
 3  73  61  67   M   0   2 0.02  0.0    0  1.4  8 110   M    M   7        17 110
 4  79  63  71   M   0   6 0.00  0.0    0  4.7 10  10   M    M   6 13      M  M
 5  81  57  69   M   0   4 0.00  0.0    0  1.4  6 170   M    M   1         M  M
 6  82  63  73   M   0   8 0.00  0.0    0  3.9 12 170   M    M   0         M  M
 7  84  68  76   M   0  11 0.00  0.0    0  5.6 21 150   M    M   5 3      33 150
 8  70  61  66   M   0   1 1.02  0.0    0  3.9 14  20   M    M   9 3      22 100
 9  82  59  71   M   0   6 0.00  0.0    0  5.8 15 360   M    M   9 1      22 350
10  66  54  60   M   5   0 0.00  0.0    0  8.4 14  20   M    M  10        27  20
11  64  59  62   M   3   0 0.66  0.0    0  3.2  8 350   M    M  10 13     16 350
12  75  59  67   M   0   2 0.00  0.0    0  2.7  8  10   M    M   5         M  M
13  81  54  68   M   0   3 0.00  0.0    0  0.7  5 100   M    M   0         M  M
14  82  55  69   M   0   4 0.00  0.0    0  1.5  7 110   M    M   1         M  M
15  82  61  72   M   0   7 0.00  0.0    0  1.6  7 180   M    M   1         M  M
16  82  61  72   M   0   7 0.00  0.0    0  4.5 10 190   M    M   0        18 170
17  86  64  75   M   0  10 0.00  0.0    0  7.6 14 160   M    M   5        18 160
18  82  64  73   M   0   8 1.60  0.0    0  7.7 15 170   M    M   9 3      22 150
19  88  68  78   M   0  13 0.00  0.0    0  1.7  6 170   M    M   6 18      M  M
20  88  70  79   M   0  14 0.00  0.0    0 11.3 20 160   M    M   7 1      30 170
21  79  63  71   M   0   6 0.32  0.0    0  7.8 22 170   M    M   8        30 170
22  88  63  76   M   0  11 0.00  0.0    0  9.5 20 180   M    M   6 1      27 160
23  90  77  84   M   0  19 0.00  0.0    0  9.8 14 160   M    M   7        21 160
24  88  73  81   M   0  16 0.00  0.0    0  8.9 14 150   M    M   5        20 170
25  88  72  80   M   0  15 0.00  0.0    0  6.4 12 150   M    M   5        20 150
================================================================================
SM 2021 1573         8 186  5.06     0.0 136.4          M      136
================================================================================
AV 80.8 62.9                               5.5 FASTST   M    M   5    MAX(MPH)
                                 MISC ---->  # 22 170               # 33  150
================================================================================
NOTES:
# LAST OF SEVERAL OCCURRENCES

COLUMN 17 PEAK WIND IN M.P.H.

PRELIMINARY LOCAL CLIMATOLOGICAL DATA (WS FORM: F-6) , PAGE 2

                                          STATION:  ATHENS
                                          MONTH:    MAY
                                          YEAR:     2019
                                          LATITUDE:   32  9 N
                                          LONGITUDE:  95 50 W

[TEMPERATURE DATA]      [PRECIPITATION DATA]       SYMBOLS USED IN COLUMN 16

AVERAGE MONTHLY: 71.9   TOTAL FOR MONTH:   5.06    1 = FOG OR MIST
DPTR FM NORMAL:     M   DPTR FM NORMAL:       M    2 = FOG REDUCING VISIBILITY
HIGHEST:    90 ON 23    GRTST 24HR  1.60 ON 18-18      TO 1/4 MILE OR LESS
LOWEST:     54 ON 13,10                            3 = THUNDER
                        SNOW, ICE PELLETS, HAIL    4 = ICE PELLETS
                        TOTAL MONTH:   0.0 INCH    5 = HAIL
                        GRTST 24HR     0.0         6 = FREEZING RAIN OR DRIZZLE
                        GRTST DEPTH:   0           7 = DUSTSTORM OR SANDSTORM:
                                                       VSBY 1/2 MILE OR LESS
                                                   8 = SMOKE OR HAZE
[NO. OF DAYS WITH]      [WEATHER - DAYS WITH]      9 = BLOWING SNOW
                                                   X = TORNADO
MAX 32 OR BELOW:   0    0.01 INCH OR MORE:   7
MAX 90 OR ABOVE:   1    0.10 INCH OR MORE:   5
MIN 32 OR BELOW:   0    0.50 INCH OR MORE:   4
MIN  0 OR BELOW:   0    1.00 INCH OR MORE:   3

[HDD (BASE 65) ]
TOTAL THIS MO.     8    CLEAR  (SCALE 0-3)   6
DPTR FM NORMAL     M    PTCLDY (SCALE 4-7)  14
TOTAL FM JUL 1  2402    CLOUDY (SCALE 8-10)  5
DPTR FM NORMAL     M

[CDD (BASE 65) ]
TOTAL THIS MO.   186
DPTR FM NORMAL     M    [PRESSURE DATA]
TOTAL FM JAN 1   293    HIGHEST SLP M ON M
DPTR FM NORMAL     M    LOWEST  SLP M ON M

[REMARKS]
