000
CXUS54 KFWD 190730
CF6F46
PRELIMINARY LOCAL CLIMATOLOGICAL DATA (WS FORM: F-6)

                                          STATION:   ROCKWALL
                                          MONTH:     MAY
                                          YEAR:      2019
                                          LATITUDE:   32 55 N
                                          LONGITUDE:  96 26 W

  TEMPERATURE IN F:       :PCPN:    SNOW:  WIND      :SUNSHINE: SKY     :PK WND
================================================================================
1   2   3   4   5  6A  6B    7    8   9   10  11  12  13   14  15   16   17  18
                                     12Z  AVG MX 2MIN
DY MAX MIN AVG DEP HDD CDD  WTR  SNW DPTH SPD SPD DIR MIN PSBL S-S WX    SPD DR
================================================================================

 1  82  61  72   M   0   7 1.83  0.0    0 10.0 17 160   M    M   8 3      32 360
 2  79  61  70   M   0   5 0.30  0.0    0  7.0 14 110   M    M   3 38     24 310
 3  75  62  69   M   0   4 0.00  0.0    0  4.4  9 160   M    M   4 3       M  M
 4  77  60  69   M   0   4 0.23  0.0    0  6.4 10  10   M    M   5 3      16 360
 5  82  57  70   M   0   5 0.00  0.0    0  3.7 12 200   M    M   2        16 200
 6  83  66  75   M   0  10 0.00  0.0    0  7.8 14 200   M    M   0        17 200
 7  85  65  75   M   0  10 0.00  0.0    0  6.1 14 170   M    M   5 128    24 170
 8  70  60  65   M   0   0 1.42  0.0    0  8.6 25 100   M    M   9 3      30 340
 9  75  53  64   M   1   0 0.00  0.0    0  7.6 16 350   M    M   9 13     22 360
10  58  50  54   M  11   0 0.05  0.0    0  8.1 13  10   M    M  10 3      21  20
11  64  56  60   M   5   0 1.35  0.0    0  4.9 10 360   M    M  10 3       M  M
12  76  58  67   M   0   2 0.00  0.0    0  3.6  6 280   M    M   4 8       M  M
13  82  59  71   M   0   6 0.00  0.0    0  5.7  9 180   M    M   0         M  M
14  83  62  73   M   0   8 0.00  0.0    0  5.9  9 220   M    M   1        17 220
15  85  63  74   M   0   9 0.00  0.0    0  6.5 13 220   M    M   1        17 230
16  85  67  76   M   0  11 0.00  0.0    0  8.8 14 180   M    M   0        20 180
17  84  65  75   M   0  10 0.00  0.0    0 10.6 16 200   M    M   4        22 200
18  78  64  71   M   0   6 1.72  0.0    0 10.1 22 250   M    M   8 3      35 250
================================================================================
SM 1403 1089        17  97  6.90     0.0 125.8          M       83
================================================================================
AV 77.9 60.5                               7.0 FASTST   M    M   5    MAX(MPH)
                                 MISC ---->  # 25 100               # 35  250
================================================================================
NOTES:
# LAST OF SEVERAL OCCURRENCES

COLUMN 17 PEAK WIND IN M.P.H.

PRELIMINARY LOCAL CLIMATOLOGICAL DATA (WS FORM: F-6) , PAGE 2

                                          STATION:  ROCKWALL
                                          MONTH:    MAY
                                          YEAR:     2019
                                          LATITUDE:   32 55 N
                                          LONGITUDE:  96 26 W

[TEMPERATURE DATA]      [PRECIPITATION DATA]       SYMBOLS USED IN COLUMN 16

AVERAGE MONTHLY: 69.2   TOTAL FOR MONTH:   6.90    1 = FOG OR MIST
DPTR FM NORMAL:     M   DPTR FM NORMAL:       M    2 = FOG REDUCING VISIBILITY
HIGHEST:    85 ON 16,15 GRTST 24HR  1.83 ON  1- 1      TO 1/4 MILE OR LESS
LOWEST:     50 ON 10                               3 = THUNDER
                        SNOW, ICE PELLETS, HAIL    4 = ICE PELLETS
                        TOTAL MONTH:   0.0 INCH    5 = HAIL
                        GRTST 24HR     0.0         6 = FREEZING RAIN OR DRIZZLE
                        GRTST DEPTH:   0           7 = DUSTSTORM OR SANDSTORM:
                                                       VSBY 1/2 MILE OR LESS
                                                   8 = SMOKE OR HAZE
[NO. OF DAYS WITH]      [WEATHER - DAYS WITH]      9 = BLOWING SNOW
                                                   X = TORNADO
MAX 32 OR BELOW:   0    0.01 INCH OR MORE:   7
MAX 90 OR ABOVE:   0    0.10 INCH OR MORE:   6
MIN 32 OR BELOW:   0    0.50 INCH OR MORE:   4
MIN  0 OR BELOW:   0    1.00 INCH OR MORE:   4

[HDD (BASE 65) ]
TOTAL THIS MO.    17    CLEAR  (SCALE 0-3)   7
DPTR FM NORMAL     M    PTCLDY (SCALE 4-7)   6
TOTAL FM JUL 1  2031    CLOUDY (SCALE 8-10)  5
DPTR FM NORMAL     M

[CDD (BASE 65) ]
TOTAL THIS MO.    97
DPTR FM NORMAL     M    [PRESSURE DATA]
TOTAL FM JAN 1   236    HIGHEST SLP M ON M
DPTR FM NORMAL     M    LOWEST  SLP M ON M

[REMARKS]
