000
CXAK56 PAFG 190949
CF6FAI
PRELIMINARY LOCAL CLIMATOLOGICAL DATA (WS FORM: F-6)

                                          STATION:   FAIRBANKS AK
                                          MONTH:     MAY
                                          YEAR:      2019
                                          LATITUDE:   64 49 N
                                          LONGITUDE: 147 52 W

  TEMPERATURE IN F:       :PCPN:    SNOW:  WIND      :SUNSHINE: SKY     :PK WND
================================================================================
1   2   3   4   5  6A  6B    7    8   9   10  11  12  13   14  15   16   17  18
                                     12Z  AVG MX 2MIN
DY MAX MIN AVG DEP HDD CDD  WTR  SNW DPTH SPD SPD DIR MIN PSBL S-S WX    SPD DR
================================================================================

 1  70  35  53  10  12   0 0.00  0.0    0  4.7 16  10   M    M   1        19  20
 2  58  37  48   5  17   0 0.03  0.0    0 11.2 21  20   M    M   7        25  50
 3  45  34  40  -4  25   0 0.04    T    0  6.4 13 360   M    M   9 1      16 350
 4  50  33  42  -2  23   0 0.00  0.0    0  7.7 16  10   M    M   7        20  10
 5  49  30  40  -5  25   0 0.00  0.0    0  5.7 18  30   M    M   5        21  30
 6  46  35  41  -4  24   0    T    T    0 10.8 16 340   M    M   9        20 350
 7  69  29  49   3  16   0    T  0.0    0  6.7 17 250   M    M   6        23 260
 8  56  43  50   4  15   0 0.14  0.0    0  3.7 14 250   M    M   9        18 250
 9  61  41  51   4  14   0 0.01  0.0    0  5.3 15  30   M    M   7        18  20
10  68  44  56   9   9   0    T  0.0    0  9.3 26 250   M    M   7        35 250
11  59  36  48   0  17   0    T  0.0    0  5.4 23 260   M    M   7        28 260
12  60  41  51   3  14   0 0.00  0.0    0  4.0 13 200   M    M   7        18 210
13  64  40  52   4  13   0 0.00  0.0    0  3.5  9  50   M    M   8        12 110
14  65  35  50   1  15   0 0.00  0.0    0  1.5  7  50   M    M   7         8  50
15  75  40  58   9   7   0    T  0.0    0  5.8 29  70   M    M   7 78     47 100
16  72  52  62  12   3   0 0.00  0.0    0  9.9 23  80   M    M   5        36  70
17  68  46  57   7   8   0 0.02  0.0    0  4.4 15  50   M    M   7        21 130
18  67  47  57   7   8   0 0.35  0.0    0  2.8 18  70   M    M   8 8      25  70
================================================================================
SM 1102  698       265   0  0.59    T    108.8          M      123
================================================================================
AV 61.2 38.8                               6.0 FASTST   M    M   7    MAX(MPH)
                                 MISC ---->  # 29  70               # 47  100
================================================================================
NOTES:
# LAST OF SEVERAL OCCURRENCES

COLUMN 17 PEAK WIND IN M.P.H.

PRELIMINARY LOCAL CLIMATOLOGICAL DATA (WS FORM: F-6) , PAGE 2

                                          STATION:  FAIRBANKS AK
                                          MONTH:    MAY
                                          YEAR:     2019
                                          LATITUDE:   64 49 N
                                          LONGITUDE: 147 52 W

[TEMPERATURE DATA]      [PRECIPITATION DATA]       SYMBOLS USED IN COLUMN 16

AVERAGE MONTHLY: 50.0   TOTAL FOR MONTH:   0.59    1 = FOG OR MIST
DPTR FM NORMAL:   3.2   DPTR FM NORMAL:    0.28    2 = FOG REDUCING VISIBILITY
HIGHEST:    75 ON 15    GRTST 24HR  0.35 ON 18-18      TO 1/4 MILE OR LESS
LOWEST:     29 ON  7                               3 = THUNDER
                        SNOW, ICE PELLETS, HAIL    4 = ICE PELLETS
                        TOTAL MONTH:    T          5 = HAIL
                        GRTST 24HR    T  ON  6- 6  6 = FREEZING RAIN OR DRIZZLE
                        GRTST DEPTH:   0           7 = DUSTSTORM OR SANDSTORM:
                                                       VSBY 1/2 MILE OR LESS
                                                   8 = SMOKE OR HAZE
[NO. OF DAYS WITH]      [WEATHER - DAYS WITH]      9 = BLOWING SNOW
                                                   X = TORNADO
MAX 32 OR BELOW:   0    0.01 INCH OR MORE:   6
MAX 90 OR ABOVE:   0    0.10 INCH OR MORE:   2
MIN 32 OR BELOW:   2    0.50 INCH OR MORE:   0
MIN  0 OR BELOW:   0    1.00 INCH OR MORE:   0

[HDD (BASE 65) ]
TOTAL THIS MO.   265    CLEAR  (SCALE 0-3)   1
DPTR FM NORMAL   -64    PTCLDY (SCALE 4-7)  14
TOTAL FM JUL 1 11527    CLOUDY (SCALE 8-10)  3
DPTR FM NORMAL -1826

[CDD (BASE 65) ]
TOTAL THIS MO.     0
DPTR FM NORMAL     0    [PRESSURE DATA]
TOTAL FM JAN 1     0    HIGHEST SLP M ON M
DPTR FM NORMAL     0    LOWEST  SLP 29.39 ON 10

[REMARKS]
