000
CXAK56 PAFG 180957
CF6FAI
PRELIMINARY LOCAL CLIMATOLOGICAL DATA (WS FORM: F-6)

                                          STATION:   FAIRBANKS AK
                                          MONTH:     MARCH
                                          YEAR:      2019
                                          LATITUDE:   64 49 N
                                          LONGITUDE: 147 52 W

  TEMPERATURE IN F:       :PCPN:    SNOW:  WIND      :SUNSHINE: SKY     :PK WND
================================================================================
1   2   3   4   5  6A  6B    7    8   9   10  11  12  13   14  15   16   17  18
                                     12Z  AVG MX 2MIN
DY MAX MIN AVG DEP HDD CDD  WTR  SNW DPTH SPD SPD DIR MIN PSBL S-S WX    SPD DR
================================================================================

 1  25  -9   8   4  57   0 0.00  0.0   20  0.8  6 240   M    M   0         7 240
 2  22 -10   6   2  59   0 0.02  0.9   20  1.4  9 200   M    M   4 1      12 210
 3  25   2  14   9  51   0 0.02  0.4   20  1.6  7  70   M    M   7 1       7  50
 4  27  -4  12   7  53   0 0.00  0.0   21  1.4  8  50   M    M   1         9  60
 5  27  -9   9   3  56   0 0.00  0.0   20  1.6  7  50   M    M   5         7  40
 6  24  13  19  13  46   0 0.11  0.1   21  1.0  5  30   M    M  10 1       6  10
 7  32  15  24  18  41   0    T    T   21  2.5  8  70   M    M   9        11  60
 8  37  16  27  20  38   0 0.00  0.0   20  1.2  6  30   M    M   9 1       6  20
 9  43  14  29  22  36   0 0.00  0.0   20  5.4 13  60   M    M   7        16 100
10  43  16  30  22  35   0 0.00  0.0   20  3.5 10  30   M    M   7        11  30
11  37  10  24  16  41   0 0.00  0.0   18  1.6  7 210   M    M   8        10 200
12  36   8  22  13  43   0 0.05  0.4   19  0.9  6 180   M    M   8 1       6 160
13  38   8  23  14  42   0 0.00  0.0   19  7.4 13  70   M    M   7        16  60
14  38  11  25  15  40   0 0.00  0.0   19  4.4 12  60   M    M   8        13  60
15  44   5  25  15  40   0 0.00  0.0   19  4.6 12 100   M    M   7        14 100
16  45  22  34  23  31   0 0.00  0.0   19  4.9 14 110   M    M   8        21 120
17  48  26  37  26  28   0 0.00  0.0   19  5.8 16 100   M    M   8        22 120
================================================================================
SM  591  134       737   0  0.20     1.8  50.0          M      113
================================================================================
AV 34.8  7.9                               2.9 FASTST   M    M   7    MAX(MPH)
                                 MISC ---->  # 16 100               # 22  120
================================================================================
NOTES:
# LAST OF SEVERAL OCCURRENCES

COLUMN 17 PEAK WIND IN M.P.H.

PRELIMINARY LOCAL CLIMATOLOGICAL DATA (WS FORM: F-6) , PAGE 2

                                          STATION:  FAIRBANKS AK
                                          MONTH:    MARCH
                                          YEAR:     2019
                                          LATITUDE:   64 49 N
                                          LONGITUDE: 147 52 W

[TEMPERATURE DATA]      [PRECIPITATION DATA]       SYMBOLS USED IN COLUMN 16

AVERAGE MONTHLY: 21.3   TOTAL FOR MONTH:   0.20    1 = FOG OR MIST
DPTR FM NORMAL:  13.9   DPTR FM NORMAL:    0.05    2 = FOG REDUCING VISIBILITY
HIGHEST:    48 ON 17    GRTST 24HR  0.11 ON  6- 6      TO 1/4 MILE OR LESS
LOWEST:    -10 ON  2                               3 = THUNDER
                        SNOW, ICE PELLETS, HAIL    4 = ICE PELLETS
                        TOTAL MONTH:   1.8 INCHES  5 = HAIL
                        GRTST 24HR   0.9 ON  2- 2  6 = FREEZING RAIN OR DRIZZLE
                        GRTST DEPTH:  21 ON  7, 6  7 = DUSTSTORM OR SANDSTORM:
                                                       VSBY 1/2 MILE OR LESS
                                                   8 = SMOKE OR HAZE
[NO. OF DAYS WITH]      [WEATHER - DAYS WITH]      9 = BLOWING SNOW
                                                   X = TORNADO
MAX 32 OR BELOW:   7    0.01 INCH OR MORE:   4
MAX 90 OR ABOVE:   0    0.10 INCH OR MORE:   1
MIN 32 OR BELOW:  17    0.50 INCH OR MORE:   0
MIN  0 OR BELOW:   4    1.00 INCH OR MORE:   0

[HDD (BASE 65) ]
TOTAL THIS MO.   737    CLEAR  (SCALE 0-3)   2
DPTR FM NORMAL  -240    PTCLDY (SCALE 4-7)  11
TOTAL FM JUL 1 10012    CLOUDY (SCALE 8-10)  4
DPTR FM NORMAL -1355

[CDD (BASE 65) ]
TOTAL THIS MO.     0
DPTR FM NORMAL     0    [PRESSURE DATA]
TOTAL FM JAN 1     0    HIGHEST SLP M ON M
DPTR FM NORMAL     0    LOWEST  SLP 28.85 ON 10

[REMARKS]
