000
CXUS53 KFGF 240915
CF6FAR
PRELIMINARY LOCAL CLIMATOLOGICAL DATA (WS FORM: F-6)

                                          STATION:   FARGO HECTOR INTL AP ND
                                          MONTH:     MARCH
                                          YEAR:      2019
                                          LATITUDE:   46 54 N
                                          LONGITUDE:  96 48 W

  TEMPERATURE IN F:       :PCPN:    SNOW:  WIND      :SUNSHINE: SKY     :PK WND
================================================================================
1   2   3   4   5  6A  6B    7    8   9   10  11  12  13   14  15   16   17  18
                                     12Z  AVG MX 2MIN
DY MAX MIN AVG DEP HDD CDD  WTR  SNW DPTH SPD SPD DIR MIN PSBL S-S WX    SPD DR
================================================================================

 1  17  -9   4 -16  61   0 0.08  0.9   20  6.3 16 350   M    M   8 128    20 360
 2   2 -18  -8 -29  73   0    T    T   20  8.0 18 330   M    M   5 18     22 340
 3  -1 -20 -10 -31  75   0    T    T   20 13.0 22 290   M    M   3 18     27 280
 4  10 -11   0 -22  65   0 0.03  0.3   19 15.4 24 280   M    M   7 128    30 290
 5  13   1   7 -15  58   0 0.00  0.0   19 12.2 18 260   M    M   6 18     22 300
 6  14 -10   2 -21  63   0    T    T   19  6.9 15 340   M    M   1 18     17 340
 7  13 -17  -2 -25  67   0 0.00  0.0   18  5.3 15 160   M    M   3 18     20 170
 8  25  13  19  -5  46   0 0.00  0.0   18  9.8 15 160   M    M  10 18     22 150
 9  30  21  26   2  39   0 0.90  9.0   17 13.4 28 330   M    M  10 12     35 340
10  22  -1  11 -14  54   0    T  0.1   25 11.8 22 320   M    M   1 18     28 320
11  21  -7   7 -18  58   0 0.00  0.0   24  9.5 18 170   M    M   1 18     25 170
12  38  18  28   2  37   0 0.00  0.0   24 14.8 22 160   M    M   3 18     31 160
13  33  24  29   3  36   0 0.59  0.9   22 11.2 30  10   M    M  10 126    39 360
14  33  24  29   2  36   0 0.06  0.1   22 32.5 46 340   M    M   7 126    57 340
15  31  11  21  -6  44   0 0.00  0.0   22 11.7 22 320   M    M   3 1      30 310
16  27   1  14 -14  51   0 0.00  0.0   22  4.6 14 190   M    M   4 128    16 190
17  34  15  25  -3  40   0 0.00  0.0   21  7.5 12 210   M    M   1 1      14 290
18  34  11  23  -6  42   0 0.00  0.0   21  9.4 17 180   M    M   4 18     22 190
19  35  29  32   3  33   0 0.00  0.0   20  8.3 16 220   M    M   6 18     20 230
20  36  24  30   0  35   0 0.00  0.0   19 11.4 21 340   M    M   0 1      25 340
21  41  20  31   1  34   0 0.00  0.0   19  7.8 13 220   M    M   0 18     16 240
22  38  13  26  -5  39   0 0.00  0.0   17  4.7 13 340   M    M   0 1      13 330
23  40  18  29  -2  36   0 0.00  0.0   16  8.5 15 170   M    M   0 1      20 170
================================================================================
SM  586  150      1122   0  1.66    11.3 244.0          M       93
================================================================================
AV 25.5  6.5                              10.6 FASTST   M    M   4    MAX(MPH)
                                 MISC ---->  # 46 340               # 57  340
================================================================================
NOTES:
# LAST OF SEVERAL OCCURRENCES

COLUMN 17 PEAK WIND IN M.P.H.

PRELIMINARY LOCAL CLIMATOLOGICAL DATA (WS FORM: F-6) , PAGE 2

                                          STATION:  FARGO HECTOR INTL AP ND
                                          MONTH:    MARCH
                                          YEAR:     2019
                                          LATITUDE:   46 54 N
                                          LONGITUDE:  96 48 W

[TEMPERATURE DATA]      [PRECIPITATION DATA]       SYMBOLS USED IN COLUMN 16

AVERAGE MONTHLY: 16.0   TOTAL FOR MONTH:   1.66    1 = FOG OR MIST
DPTR FM NORMAL:  -9.7   DPTR FM NORMAL:    0.70    2 = FOG REDUCING VISIBILITY
HIGHEST:    41 ON 21    GRTST 24HR  0.90 ON  9- 9      TO 1/4 MILE OR LESS
LOWEST:    -20 ON  3                               3 = THUNDER
                        SNOW, ICE PELLETS, HAIL    4 = ICE PELLETS
                        TOTAL MONTH:  11.3 INCHES  5 = HAIL
                        GRTST 24HR   9.0 ON  9- 9  6 = FREEZING RAIN OR DRIZZLE
                        GRTST DEPTH:  25 ON 10     7 = DUSTSTORM OR SANDSTORM:
                                                       VSBY 1/2 MILE OR LESS
                                                   8 = SMOKE OR HAZE
[NO. OF DAYS WITH]      [WEATHER - DAYS WITH]      9 = BLOWING SNOW
                                                   X = TORNADO
MAX 32 OR BELOW:  13    0.01 INCH OR MORE:   5
MAX 90 OR ABOVE:   0    0.10 INCH OR MORE:   2
MIN 32 OR BELOW:  23    0.50 INCH OR MORE:   2
MIN  0 OR BELOW:   8    1.00 INCH OR MORE:   0

[HDD (BASE 65) ]
TOTAL THIS MO.  1122    CLEAR  (SCALE 0-3)  11
DPTR FM NORMAL   219    PTCLDY (SCALE 4-7)   9
TOTAL FM JUL 1  8420    CLOUDY (SCALE 8-10)  3
DPTR FM NORMAL   839

[CDD (BASE 65) ]
TOTAL THIS MO.     0
DPTR FM NORMAL     0    [PRESSURE DATA]
TOTAL FM JAN 1     0    HIGHEST SLP M ON M
DPTR FM NORMAL     0    LOWEST  SLP 29.43 ON 14

[REMARKS]
