000
CXUS53 KFGF 250915
CF6FAR
PRELIMINARY LOCAL CLIMATOLOGICAL DATA (WS FORM: F-6)

                                          STATION:   FARGO HECTOR INTL AP ND
                                          MONTH:     MAY
                                          YEAR:      2019
                                          LATITUDE:   46 54 N
                                          LONGITUDE:  96 48 W

  TEMPERATURE IN F:       :PCPN:    SNOW:  WIND      :SUNSHINE: SKY     :PK WND
================================================================================
1   2   3   4   5  6A  6B    7    8   9   10  11  12  13   14  15   16   17  18
                                     12Z  AVG MX 2MIN
DY MAX MIN AVG DEP HDD CDD  WTR  SNW DPTH SPD SPD DIR MIN PSBL S-S WX    SPD DR
================================================================================

 1  45  38  42 -10  23   0 0.10  0.0    0  5.1  9  50   M    M   9 1      12  30
 2  57  34  46  -6  19   0 0.02  0.0    0  6.9 17 150   M    M   5 1      26 150
 3  64  38  51  -2  14   0 0.01  0.0    0 12.7 24 170   M    M   2        35 160
 4  55  36  46  -7  19   0 0.00  0.0    0 10.4 21 350   M    M   3        30 310
 5  54  32  43 -10  22   0 0.00  0.0    0  9.9 21  10   M    M   2        33  10
 6  50  28  39 -15  26   0 0.00  0.0    0  9.5 18 360   M    M   2        27  20
 7  60  24  42 -12  23   0 0.00  0.0    0  4.1 13 110   M    M   1 18     17 100
 8  51  44  48  -7  17   0 0.08  0.0    0  8.9 18  40   M    M  10 1      26  40
 9  58  34  46  -9  19   0    T  0.0    0 16.2 28 350   M    M   3 8      34 330
10  63  28  46  -9  19   0 0.00  0.0    0 10.0 22 190   M    M   3 8      29 190
11  69  45  57   1   8   0 0.04  0.0    0 14.0 30 190   M    M   2        40 160
12  65  44  55  -1  10   0 0.00  0.0    0 10.5 17 150   M    M   5        24 140
13  74  45  60   4   5   0 0.00  0.0    0 11.7 18 190   M    M   1        28 190
14  76  50  63   6   2   0 0.00  0.0    0 11.1 22 360   M    M   1        29 350
15  82  36  59   2   6   0 0.13  0.0    0 13.5 30 160   M    M   0 38     42 190
16  62  44  53  -4  12   0 0.00  0.0    0 16.4 29 340   M    M   4 18     38 340
17  62  39  51  -7  14   0 0.05  0.0    0 12.9 22  50   M    M   5 8      29  50
18  50  43  47 -11  18   0 0.64  0.0    0 16.6 31  50   M    M  10 1      42  40
19  55  40  48 -10  17   0 0.06  0.0    0 12.4 25  40   M    M   6 1      36  30
20  66  32  49  -9  16   0 0.00  0.0    0  3.4 10  80   M    M   0 1      15 110
21  70  41  56  -3   9   0 0.08  0.0    0 14.4 28 100   M    M   1 1      43 100
22  52  46  49 -10  16   0 0.83  0.0    0 13.3 24  70   M    M  10 1      36  70
23  57  47  52  -7  13   0    T  0.0    0  9.2 18 340   M    M  10 1      23 350
24  68  51  60   0   5   0 0.86  0.0    0 11.1 28 200   M    M   7 13     36 210
================================================================================
SM 1465  939       352   0  2.90     0.0 264.2          M      102
================================================================================
AV 61.0 39.1                              11.0 FASTST   M    M   4    MAX(MPH)
                                 MISC ---->  # 31  50               # 43  100
================================================================================
NOTES:
# LAST OF SEVERAL OCCURRENCES

COLUMN 17 PEAK WIND IN M.P.H.

PRELIMINARY LOCAL CLIMATOLOGICAL DATA (WS FORM: F-6) , PAGE 2

                                          STATION:  FARGO HECTOR INTL AP ND
                                          MONTH:    MAY
                                          YEAR:     2019
                                          LATITUDE:   46 54 N
                                          LONGITUDE:  96 48 W

[TEMPERATURE DATA]      [PRECIPITATION DATA]       SYMBOLS USED IN COLUMN 16

AVERAGE MONTHLY: 50.1   TOTAL FOR MONTH:   2.90    1 = FOG OR MIST
DPTR FM NORMAL:  -5.9   DPTR FM NORMAL:    0.80    2 = FOG REDUCING VISIBILITY
HIGHEST:    82 ON 15    GRTST 24HR  0.86 ON 24-24      TO 1/4 MILE OR LESS
LOWEST:     24 ON  7                               3 = THUNDER
                        SNOW, ICE PELLETS, HAIL    4 = ICE PELLETS
                        TOTAL MONTH:   0.0 INCH    5 = HAIL
                        GRTST 24HR     0.0         6 = FREEZING RAIN OR DRIZZLE
                        GRTST DEPTH:   0           7 = DUSTSTORM OR SANDSTORM:
                                                       VSBY 1/2 MILE OR LESS
                                                   8 = SMOKE OR HAZE
[NO. OF DAYS WITH]      [WEATHER - DAYS WITH]      9 = BLOWING SNOW
                                                   X = TORNADO
MAX 32 OR BELOW:   0    0.01 INCH OR MORE:  12
MAX 90 OR ABOVE:   0    0.10 INCH OR MORE:   5
MIN 32 OR BELOW:   5    0.50 INCH OR MORE:   3
MIN  0 OR BELOW:   0    1.00 INCH OR MORE:   0

[HDD (BASE 65) ]
TOTAL THIS MO.   352    CLEAR  (SCALE 0-3)  13
DPTR FM NORMAL   119    PTCLDY (SCALE 4-7)   6
TOTAL FM JUL 1  9698    CLOUDY (SCALE 8-10)  5
DPTR FM NORMAL  1009

[CDD (BASE 65) ]
TOTAL THIS MO.     0
DPTR FM NORMAL   -20    [PRESSURE DATA]
TOTAL FM JAN 1     0    HIGHEST SLP M ON M
DPTR FM NORMAL   -23    LOWEST  SLP 29.52 ON 15

[REMARKS]
