000
CXUS52 KRAH 230845
CF6FAY
PRELIMINARY LOCAL CLIMATOLOGICAL DATA (WS FORM: F-6)

                                          STATION:   FAYETTEVILLE REGL AIRPORT NC
                                          MONTH:     MARCH
                                          YEAR:      2019
                                          LATITUDE:   35  0 N
                                          LONGITUDE:  78 53 W

  TEMPERATURE IN F:       :PCPN:    SNOW:  WIND      :SUNSHINE: SKY     :PK WND
================================================================================
1   2   3   4   5  6A  6B    7    8   9   10  11  12  13   14  15   16   17  18
                                     12Z  AVG MX 2MIN
DY MAX MIN AVG DEP HDD CDD  WTR  SNW DPTH SPD SPD DIR MIN PSBL S-S WX    SPD DR
================================================================================

 1  57  45  51   1  14   0 0.48    M    M  7.0 17  10   M    M  10 18     20  20
 2  63  43  53   3  12   0 0.00    M    M  4.4 10  10   M    M   6 1      13  60
 3  59  49  54   3  11   0 0.87    M    M  6.2 23 310   M    M  10 1      33 310
 4  51  39  45  -6  20   0 0.01    M    M  9.2 16  20   M    M   7 1      24 350
 5  46  34  40 -11  25   0 0.00    M    M  7.0 14  10   M    M   6        19 320
 6  47  29  38 -13  27   0 0.00    M    M  7.3 17 310   M    M   0        26 290
 7  55  25  40 -12  25   0 0.00    M    M  4.2 12  10   M    M   2        15 290
 8  57  41  49  -3  16   0 0.42    M    M  4.2 12 360   M    M  10 1      14 340
 9  53  45  49  -3  16   0 0.02    M    M  5.7 10  50   M    M  10 1      14  40
10  79  50  65  12   0   0    T    M    M  9.0 23 220   M    M   6        29 230
11  72  54  63  10   2   0 0.00    M    M  5.7 14 340   M    M   4        18 360
12  64  39  52  -1  13   0 0.00    M    M  7.9 23 360   M    M   0        28  10
13  66  32  49  -4  16   0 0.00    M    M  4.3 12 160   M    M   0        17 180
14  77  46  62   8   3   0 0.00    M    M  9.7 22 180   M    M   1        26 180
15  81  63  72  18   0   7 0.22    M    M 12.1 29 200   M    M   4 13     34 200
16  63  42  53  -1  12   0 0.00    M    M  9.0 22 340   M    M   0        29 340
17  61  37  49  -6  16   0 0.00    M    M  6.3 17  20   M    M   0        23  20
18  66  33  50  -5  15   0 0.00    M    M  7.3 22  10   M    M   1        27  10
19  57  37  47  -8  18   0 0.00    M    M  9.0 21  20   M    M   1        27  20
20  48  40  44 -12  21   0 0.13    M    M 11.6 17  30   M    M  10 1      22  30
21  63  46  55  -1  10   0 0.06    M    M 10.4 21 300   M    M   8 1      26 300
22  65  44  55  -1  10   0 0.00    M    M 12.6 25 250   M    M   0        35 250
================================================================================
SM 1350  913       302   7  2.21    M    170.1          M       96
================================================================================
AV 61.4 41.5                               7.7 FASTST   M    M   4    MAX(MPH)
                                 MISC ---->  # 29 200               # 35  250
================================================================================
NOTES:
# LAST OF SEVERAL OCCURRENCES

COLUMN 17 PEAK WIND IN M.P.H.

PRELIMINARY LOCAL CLIMATOLOGICAL DATA (WS FORM: F-6) , PAGE 2

                                          STATION:  FAYETTEVILLE REGL AIRPORT NC
                                          MONTH:    MARCH
                                          YEAR:     2019
                                          LATITUDE:   35  0 N
                                          LONGITUDE:  78 53 W

[TEMPERATURE DATA]      [PRECIPITATION DATA]       SYMBOLS USED IN COLUMN 16

AVERAGE MONTHLY: 51.4   TOTAL FOR MONTH:   2.21    1 = FOG OR MIST
DPTR FM NORMAL:  -1.6   DPTR FM NORMAL:   -0.18    2 = FOG REDUCING VISIBILITY
HIGHEST:    81 ON 15    GRTST 24HR  0.87 ON  3- 3      TO 1/4 MILE OR LESS
LOWEST:     25 ON  7                               3 = THUNDER
                        SNOW, ICE PELLETS, HAIL    4 = ICE PELLETS
                        TOTAL MONTH:    M          5 = HAIL
                        GRTST 24HR    M  ON   M    6 = FREEZING RAIN OR DRIZZLE
                        GRTST DEPTH:  M  ON   M    7 = DUSTSTORM OR SANDSTORM:
                                                       VSBY 1/2 MILE OR LESS
                                                   8 = SMOKE OR HAZE
[NO. OF DAYS WITH]      [WEATHER - DAYS WITH]      9 = BLOWING SNOW
                                                   X = TORNADO
MAX 32 OR BELOW:   0    0.01 INCH OR MORE:   8
MAX 90 OR ABOVE:   0    0.10 INCH OR MORE:   5
MIN 32 OR BELOW:   3    0.50 INCH OR MORE:   1
MIN  0 OR BELOW:   0    1.00 INCH OR MORE:   0

[HDD (BASE 65) ]
TOTAL THIS MO.   302    CLEAR  (SCALE 0-3)  10
DPTR FM NORMAL    31    PTCLDY (SCALE 4-7)   7
TOTAL FM JUL 1  2291    CLOUDY (SCALE 8-10)  5
DPTR FM NORMAL  -205

[CDD (BASE 65) ]
TOTAL THIS MO.     7
DPTR FM NORMAL     7    [PRESSURE DATA]
TOTAL FM JAN 1    16    HIGHEST SLP M ON M
DPTR FM NORMAL    12    LOWEST  SLP 29.61 ON  3

[REMARKS]
