000
CXUS52 KRAH 221345
CF6FAY
PRELIMINARY LOCAL CLIMATOLOGICAL DATA (WS FORM: F-6)

                                          STATION:   FAYETTEVILLE REGL AIRPORT NC
                                          MONTH:     MAY
                                          YEAR:      2019
                                          LATITUDE:   35  0 N
                                          LONGITUDE:  78 53 W

  TEMPERATURE IN F:       :PCPN:    SNOW:  WIND      :SUNSHINE: SKY     :PK WND
================================================================================
1   2   3   4   5  6A  6B    7    8   9   10  11  12  13   14  15   16   17  18
                                     12Z  AVG MX 2MIN
DY MAX MIN AVG DEP HDD CDD  WTR  SNW DPTH SPD SPD DIR MIN PSBL S-S WX    SPD DR
================================================================================

 1  88  62  75   8   0  10 0.00    M    M  8.0 15 210   M    M   4 12     22 210
 2  86  61  74   7   0   9 0.00    M    M  6.8 16 200   M    M   2 12     20 230
 3  86  59  73   6   0   8 0.01    M    M  4.5 18 190   M    M   3 12     22 190
 4  87  67  77  10   0  12 0.17    M    M  8.1 28 230   M    M   6 13     37 210
 5  84  67  76   8   0  11 0.22    M    M  9.7 26 230   M    M   6 1      35 220
 6  82  64  73   5   0   8 0.00    M    M  7.1 16  30   M    M   5        21 350
 7  84  59  72   4   0   7 0.00    M    M  4.4 10 140   M    M   2 1      14 100
 8  85  57  71   3   0   6 0.00    M    M  4.1 14 150   M    M   2 1      19 160
 9  86  59  73   4   0   8 0.00    M    M  7.0 17 130   M    M   3 12     21 130
10  82  60  71   2   0   6 0.00    M    M  5.7 14 210   M    M   5        18 220
11  88  64  76   7   0  11 0.63    M    M  7.8 26 270   M    M   3 138    34 270
12  80  68  74   4   0   9 0.05    M    M 11.1 22 230   M    M   3 1      27 240
13  86  64  75   5   0  10 0.00    M    M 12.5 25 250   M    M   4        34 250
14  73  53  63  -7   2   0 0.00    M    M  9.2 18 340   M    M   2        24 350
15  75  47  61  -9   4   0 0.00    M    M  4.6 13  20   M    M   0        19  20
16  83  53  68  -3   0   3 0.00  0.0    0  7.6 15 260   M    M   2        21 270
17  91  65  78   7   0  13 0.00  0.0    0  8.9 20 230   M    M   1 1      23 230
18  95  67  81  10   0  16 0.00  0.0    0  5.2 12 120   M    M   1        16 180
19  92  69  81   9   0  16 0.00  0.0    0 10.3 20 170   M    M   1        26 200
20  90  68  79   7   0  14 0.07    M    M  8.2 21 280   M    M   4 38     24 280
21  91  68  80   8   0  15 0.00    M    M  5.1  9  30   M    M   1 12      M  M
================================================================================
SM 1794 1301         6 192  1.15     0.0 155.9          M       60
================================================================================
AV 85.4 62.0                               7.4 FASTST   M    M   3    MAX(MPH)
                                 MISC ---->  # 28 230               # 37  210
================================================================================
NOTES:
# LAST OF SEVERAL OCCURRENCES

COLUMN 17 PEAK WIND IN M.P.H.

PRELIMINARY LOCAL CLIMATOLOGICAL DATA (WS FORM: F-6) , PAGE 2

                                          STATION:  FAYETTEVILLE REGL AIRPORT NC
                                          MONTH:    MAY
                                          YEAR:     2019
                                          LATITUDE:   35  0 N
                                          LONGITUDE:  78 53 W

[TEMPERATURE DATA]      [PRECIPITATION DATA]       SYMBOLS USED IN COLUMN 16

AVERAGE MONTHLY: 73.7   TOTAL FOR MONTH:   1.15    1 = FOG OR MIST
DPTR FM NORMAL:   4.4   DPTR FM NORMAL:   -0.77    2 = FOG REDUCING VISIBILITY
HIGHEST:    95 ON 18    GRTST 24HR  0.63 ON 11-11      TO 1/4 MILE OR LESS
LOWEST:     47 ON 15                               3 = THUNDER
                        SNOW, ICE PELLETS, HAIL    4 = ICE PELLETS
                        TOTAL MONTH:   0.0 INCH    5 = HAIL
                        GRTST 24HR     0.0         6 = FREEZING RAIN OR DRIZZLE
                        GRTST DEPTH:   0           7 = DUSTSTORM OR SANDSTORM:
                                                       VSBY 1/2 MILE OR LESS
                                                   8 = SMOKE OR HAZE
[NO. OF DAYS WITH]      [WEATHER - DAYS WITH]      9 = BLOWING SNOW
                                                   X = TORNADO
MAX 32 OR BELOW:   0    0.01 INCH OR MORE:   6
MAX 90 OR ABOVE:   5    0.10 INCH OR MORE:   3
MIN 32 OR BELOW:   0    0.50 INCH OR MORE:   1
MIN  0 OR BELOW:   0    1.00 INCH OR MORE:   0

[HDD (BASE 65) ]
TOTAL THIS MO.     6    CLEAR  (SCALE 0-3)  11
DPTR FM NORMAL   -17    PTCLDY (SCALE 4-7)  10
TOTAL FM JUL 1  2484    CLOUDY (SCALE 8-10)  0
DPTR FM NORMAL  -246

[CDD (BASE 65) ]
TOTAL THIS MO.   192
DPTR FM NORMAL    80    [PRESSURE DATA]
TOTAL FM JAN 1   311    HIGHEST SLP M ON M
DPTR FM NORMAL   116    LOWEST  SLP 29.64 ON  5

[REMARKS]
