000
CXUS54 KOUN 220700
CF6FDR
PRELIMINARY LOCAL CLIMATOLOGICAL DATA (WS FORM: F-6)

                                          STATION:   FREDERICK MUNICIPAL
                                          MONTH:     MAY
                                          YEAR:      2019
                                          LATITUDE:   34 21 N
                                          LONGITUDE:  98 59 W

  TEMPERATURE IN F:       :PCPN:    SNOW:  WIND      :SUNSHINE: SKY     :PK WND
================================================================================
1   2   3   4   5  6A  6B    7    8   9   10  11  12  13   14  15   16   17  18
                                     12Z  AVG MX 2MIN
DY MAX MIN AVG DEP HDD CDD  WTR  SNW DPTH SPD SPD DIR MIN PSBL S-S WX    SPD DR
================================================================================

 1  78  62  70   3   0   5 0.00  0.0    0  7.0 18 100   M    M   6 13     23 110
 2  70  57  64  -4   1   0 1.12  0.0    0 10.8 31  60   M    M   5 13     39  50
 3  70  58  64  -4   1   0 0.07  0.0    0  9.2 22  60   M    M   9 13     27 160
 4  73  58  66  -2   0   1 0.00  0.0    0  6.9 14  20   M    M   7 1      17  50
 5  80  57  69   1   0   4 0.00  0.0    0 10.5 22 180   M    M   4        27 180
 6  87  62  75   6   0  10 0.00  0.0    0 11.9 23 140   M    M   0 1      27 160
 7  83  64  74   5   0   9    T  0.0    0 14.6 28 140   M    M   5 13     33 150
 8  76  60  68  -2   0   3 0.94  0.0    M 13.3 39 130   M    M   5 13     46 120
 9  62  50  56 -14   9   0 0.07  0.0    0 18.0 29 360   M    M   8 13     38 340
10  62  44  53 -17  12   0 0.88  0.0    0  9.7 20  20   M    M   6 1      25  40
11  61  51  56 -14   9   0    T  0.0    0  6.3 13  20   M    M   8 1      16  10
12  76  49  63  -8   2   0 0.00  0.0    0  5.0 12 270   M    M   0        14 240
13  84  56  70  -1   0   5 0.00  0.0    0  9.7 20 180   M    M   0        25 210
14  85  55  70  -1   0   5 0.00  0.0    0  8.8 15 190   M    M   0        20 200
15  88  61  75   3   0  10 0.00  0.0    0  9.8 16 180   M    M   0        20 170
16  89  64  77   5   0  12 0.00  0.0    0 13.2 23 170   M    M   0        30 190
17  87  66  77   5   0  12 0.00  0.0    0 18.4 30 160   M    M   3        39 170
18  86  60  73   0   0   8 0.53  0.0    0 13.6 33 190   M    M   2 13     44 190
19  80  54  67  -6   0   2 0.00  0.0    0  8.2 18 340   M    M   0        23 350
20  85  62  74   1   0   9 1.25  0.0    0 17.7 32 160   M    M   8 138    40 150
21  80  61  71  -3   0   6 1.13  0.0    0 19.9 36 230   M    M   4 13     45 220
================================================================================
SM 1642 1211        34 101  5.99     0.0 242.5          M       80
================================================================================
AV 78.2 57.7                              11.5 FASTST   M    M   4    MAX(MPH)
                                 MISC ---->  # 39 130               # 46  120
================================================================================
NOTES:
# LAST OF SEVERAL OCCURRENCES

COLUMN 17 PEAK WIND IN M.P.H.

PRELIMINARY LOCAL CLIMATOLOGICAL DATA (WS FORM: F-6) , PAGE 2

                                          STATION:  FREDERICK MUNICIPAL
                                          MONTH:    MAY
                                          YEAR:     2019
                                          LATITUDE:   34 21 N
                                          LONGITUDE:  98 59 W

[TEMPERATURE DATA]      [PRECIPITATION DATA]       SYMBOLS USED IN COLUMN 16

AVERAGE MONTHLY: 67.9   TOTAL FOR MONTH:   5.99    1 = FOG OR MIST
DPTR FM NORMAL:  -2.5   DPTR FM NORMAL:    3.38    2 = FOG REDUCING VISIBILITY
HIGHEST:    89 ON 16    GRTST 24HR  1.25 ON 20-20      TO 1/4 MILE OR LESS
LOWEST:     44 ON 10                               3 = THUNDER
                        SNOW, ICE PELLETS, HAIL    4 = ICE PELLETS
                        TOTAL MONTH:   0.0 INCH    5 = HAIL
                        GRTST 24HR     0.0         6 = FREEZING RAIN OR DRIZZLE
                        GRTST DEPTH:   0           7 = DUSTSTORM OR SANDSTORM:
                                                       VSBY 1/2 MILE OR LESS
                                                   8 = SMOKE OR HAZE
[NO. OF DAYS WITH]      [WEATHER - DAYS WITH]      9 = BLOWING SNOW
                                                   X = TORNADO
MAX 32 OR BELOW:   0    0.01 INCH OR MORE:   8
MAX 90 OR ABOVE:   0    0.10 INCH OR MORE:   6
MIN 32 OR BELOW:   0    0.50 INCH OR MORE:   6
MIN  0 OR BELOW:   0    1.00 INCH OR MORE:   3

[HDD (BASE 65) ]
TOTAL THIS MO.    34    CLEAR  (SCALE 0-3)   9
DPTR FM NORMAL    14    PTCLDY (SCALE 4-7)  10
TOTAL FM JUL 1  3173    CLOUDY (SCALE 8-10)  2
DPTR FM NORMAL   123

[CDD (BASE 65) ]
TOTAL THIS MO.   101
DPTR FM NORMAL   -34    [PRESSURE DATA]
TOTAL FM JAN 1   172    HIGHEST SLP M ON M
DPTR FM NORMAL   -46    LOWEST  SLP 29.43 ON 21

[REMARKS]
