000
CXUS53 KLMK 190800
CF6FFT
PRELIMINARY LOCAL CLIMATOLOGICAL DATA (WS FORM: F-6)

                                          STATION:   FRANKFORT KY
                                          MONTH:     MAY
                                          YEAR:      2019
                                          LATITUDE:   38 10 N
                                          LONGITUDE:  84 54 W

  TEMPERATURE IN F:       :PCPN:    SNOW:  WIND      :SUNSHINE: SKY     :PK WND
================================================================================
1   2   3   4   5  6A  6B    7    8   9   10  11  12  13   14  15   16   17  18
                                     12Z  AVG MX 2MIN
DY MAX MIN AVG DEP HDD CDD  WTR  SNW DPTH SPD SPD DIR MIN PSBL S-S WX    SPD DR
================================================================================

 1  83  65  74  14   0   9 0.01    M    M 10.5 26 210   M    M   2 1      39 190
 2  83  59  71  11   0   6 0.04    M    M  5.5 25 300   M    M   4 123    43 290
 3  76  62  69   9   0   4 0.79    M    M  4.2 12 300   M    M   6 13     17 280
 4  69  57  63   2   2   0 0.74    M    M  4.4 16  40   M    M   9 18     21  30
 5  72  50  61   0   4   0 0.26    M    M  4.1  9  40   M    M   6 1      14  10
 6  77  45  61   0   4   0 0.00    M    M  1.4  9 160   M    M   0 1      14 160
 7  81  51  66   5   0   1 0.00    M    M  1.8 10 150   M    M   1        14 160
 8  84  57  71   9   0   6 0.00    M    M  6.0 15 130   M    M   0        21 160
 9  77  66  72  10   0   7 0.20    M    M 10.1 24 200   M    M   6 1      33 230
10  66  56  61  -1   4   0 0.01    M    M  6.3 10 320   M    M  10 1      16 320
11  69  50  60  -2   5   0 0.05    M    M  5.7 13  70   M    M   8 1      15 100
12  62  51  57  -6   8   0 0.03    M    M  5.4 10 290   M    M   8 18     17 280
13  58  50  54  -9  11   0 0.00    M    M  5.3 14 320   M    M  10        23 290
14  70  44  57  -6   8   0 0.00    M    M  1.7 12 330   M    M   4        17  40
15  70  44  57  -7   8   0 0.00    M    M  3.8 13 210   M    M   4        17 220
16  79  46  63  -1   2   0 0.29    M    M  5.1 29 340   M    M   1 13     52 340
17  87  63  75  11   0  10 0.00  0.0    0  7.1 17 230   M    M   0        24 230
18  88  63  76  12   0  11 0.00    M    M  8.4 17 200   M    M   1        25 190
================================================================================
SM 1351  979        56  54  2.42     0.0  96.8          M       80
================================================================================
AV 75.1 54.4                               5.4 FASTST   M    M   4    MAX(MPH)
                                 MISC ---->  # 29 340               # 52  340
================================================================================
NOTES:
# LAST OF SEVERAL OCCURRENCES

COLUMN 17 PEAK WIND IN M.P.H.

PRELIMINARY LOCAL CLIMATOLOGICAL DATA (WS FORM: F-6) , PAGE 2

                                          STATION:  FRANKFORT KY
                                          MONTH:    MAY
                                          YEAR:     2019
                                          LATITUDE:   38 10 N
                                          LONGITUDE:  84 54 W

[TEMPERATURE DATA]      [PRECIPITATION DATA]       SYMBOLS USED IN COLUMN 16

AVERAGE MONTHLY: 64.7   TOTAL FOR MONTH:   2.42    1 = FOG OR MIST
DPTR FM NORMAL:   2.7   DPTR FM NORMAL:   -0.47    2 = FOG REDUCING VISIBILITY
HIGHEST:    88 ON 18    GRTST 24HR  0.79 ON  3- 3      TO 1/4 MILE OR LESS
LOWEST:     44 ON 15,14                            3 = THUNDER
                        SNOW, ICE PELLETS, HAIL    4 = ICE PELLETS
                        TOTAL MONTH:   0.0 INCH    5 = HAIL
                        GRTST 24HR     0.0         6 = FREEZING RAIN OR DRIZZLE
                        GRTST DEPTH:   0           7 = DUSTSTORM OR SANDSTORM:
                                                       VSBY 1/2 MILE OR LESS
                                                   8 = SMOKE OR HAZE
[NO. OF DAYS WITH]      [WEATHER - DAYS WITH]      9 = BLOWING SNOW
                                                   X = TORNADO
MAX 32 OR BELOW:   0    0.01 INCH OR MORE:  10
MAX 90 OR ABOVE:   0    0.10 INCH OR MORE:   5
MIN 32 OR BELOW:   0    0.50 INCH OR MORE:   2
MIN  0 OR BELOW:   0    1.00 INCH OR MORE:   0

[HDD (BASE 65) ]
TOTAL THIS MO.    56    CLEAR  (SCALE 0-3)   7
DPTR FM NORMAL   -27    PTCLDY (SCALE 4-7)   6
TOTAL FM JUL 1  4309    CLOUDY (SCALE 8-10)  5
DPTR FM NORMAL  -352

[CDD (BASE 65) ]
TOTAL THIS MO.    54
DPTR FM NORMAL    23    [PRESSURE DATA]
TOTAL FM JAN 1    81    HIGHEST SLP M ON M
DPTR FM NORMAL    30    LOWEST  SLP 29.67 ON 12

[REMARKS]
