262
CXUS53 KLMK 220800
CF6FFT
PRELIMINARY LOCAL CLIMATOLOGICAL DATA (WS FORM: F-6)

                                          STATION:   FRANKFORT KY
                                          MONTH:     MARCH
                                          YEAR:      2019
                                          LATITUDE:   38 10 N
                                          LONGITUDE:  84 54 W

  TEMPERATURE IN F:       :PCPN:    SNOW:  WIND      :SUNSHINE: SKY     :PK WND
================================================================================
1   2   3   4   5  6A  6B    7    8   9   10  11  12  13   14  15   16   17  18
                                     12Z  AVG MX 2MIN
DY MAX MIN AVG DEP HDD CDD  WTR  SNW DPTH SPD SPD DIR MIN PSBL S-S WX    SPD DR
================================================================================

 1  38  33  36  -4  29   0 0.00    M    M  4.7 12  40   M    M  10 1      16  40
 2  44  35  40   0  25   0 0.00    M    M  4.1  9  30   M    M  10 18     14  30
 3  40  27  34  -7  31   0 0.16    M    M  8.1 15 350   M    M   9 128    24 340
 4  28  14  21 -20  44   0    T    M    M  8.0 16 320   M    M   4 1      24 320
 5  30   9  20 -21  45   0    T    M    M  9.7 20 310   M    M   3        30 300
 6  34  14  24 -18  41   0 0.00    M    M  6.6 16 230   M    M   0        23 280
 7  38  20  29 -13  36   0    T    M    M  3.4 12  70   M    M   6 1      15  50
 8  42  32  37  -5  28   0 0.24    M    M  5.2 10  80   M    M  10 1      14  70
 9  61  37  49   7  16   0 1.57    M    M 11.6 25 160   M    M   9 13     39 160
10  61  44  53  10  12   0 0.00    M    M 10.5 24 210   M    M   1        36 260
11  58  32  45   2  20   0 0.00    M    M  3.5 15 330   M    M   4        19 330
12  52  26  39  -5  26   0 0.00    M    M  2.1  9 120   M    M   0        12 110
13  72  36  54  10  11   0 0.00    M    M  7.8 18 160   M    M   3        27 160
14  77  57  67  23   0   2 0.21    M    M 19.3 41 190   M    M   7 13     59 210
15  58  34  46   2  19   0 0.00    M    M  9.2 18 250   M    M   5        30 280
16  51  29  40  -5  25   0 0.00    M    M  6.4 15 260   M    M   0        25 250
17  58  23  41  -4  24   0 0.00    M    M  6.9 23 230   M    M   3        32 230
18  51  24  38  -8  27   0 0.00    M    M  2.9 14 320   M    M   2        20 310
19  54  23  39  -7  26   0 0.00    M    M  1.9 12 260   M    M   0        20 290
20  63  32  48   2  17   0 0.00    M    M  5.4 15 200   M    M   2        21 220
21  51  38  45  -2  20   0 0.15    M    M  6.7 17 280   M    M  10 18     27 290
================================================================================
SM 1061  619       522   2  2.33    M    144.0          M       98
================================================================================
AV 50.5 29.5                               6.9 FASTST   M    M   5    MAX(MPH)
                                 MISC ---->  # 41 190               # 59  210
================================================================================
NOTES:
# LAST OF SEVERAL OCCURRENCES

COLUMN 17 PEAK WIND IN M.P.H.

PRELIMINARY LOCAL CLIMATOLOGICAL DATA (WS FORM: F-6) , PAGE 2

                                          STATION:  FRANKFORT KY
                                          MONTH:    MARCH
                                          YEAR:     2019
                                          LATITUDE:   38 10 N
                                          LONGITUDE:  84 54 W

[TEMPERATURE DATA]      [PRECIPITATION DATA]       SYMBOLS USED IN COLUMN 16

AVERAGE MONTHLY: 40.0   TOTAL FOR MONTH:   2.33    1 = FOG OR MIST
DPTR FM NORMAL:  -3.2   DPTR FM NORMAL:   -0.56    2 = FOG REDUCING VISIBILITY
HIGHEST:    77 ON 14    GRTST 24HR  1.57 ON  9- 9      TO 1/4 MILE OR LESS
LOWEST:      9 ON  5                               3 = THUNDER
                        SNOW, ICE PELLETS, HAIL    4 = ICE PELLETS
                        TOTAL MONTH:    M          5 = HAIL
                        GRTST 24HR    M  ON   M    6 = FREEZING RAIN OR DRIZZLE
                        GRTST DEPTH:  M  ON   M    7 = DUSTSTORM OR SANDSTORM:
                                                       VSBY 1/2 MILE OR LESS
                                                   8 = SMOKE OR HAZE
[NO. OF DAYS WITH]      [WEATHER - DAYS WITH]      9 = BLOWING SNOW
                                                   X = TORNADO
MAX 32 OR BELOW:   2    0.01 INCH OR MORE:   5
MAX 90 OR ABOVE:   0    0.10 INCH OR MORE:   5
MIN 32 OR BELOW:  13    0.50 INCH OR MORE:   1
MIN  0 OR BELOW:   0    1.00 INCH OR MORE:   1

[HDD (BASE 65) ]
TOTAL THIS MO.   522    CLEAR  (SCALE 0-3)  10
DPTR FM NORMAL    62    PTCLDY (SCALE 4-7)   5
TOTAL FM JUL 1  3872    CLOUDY (SCALE 8-10)  6
DPTR FM NORMAL  -227

[CDD (BASE 65) ]
TOTAL THIS MO.     2
DPTR FM NORMAL     2    [PRESSURE DATA]
TOTAL FM JAN 1     2    HIGHEST SLP M ON M
DPTR FM NORMAL     2    LOWEST  SLP 29.54 ON  9

[REMARKS]
