000
CXUS53 KFGF 220915
CF6FGF
PRELIMINARY LOCAL CLIMATOLOGICAL DATA (WS FORM: F-6)

                                          STATION:   GRAND FORKS UNIV. (NWS) ND
                                          MONTH:     MARCH
                                          YEAR:      2019
                                          LATITUDE:   47 55 N
                                          LONGITUDE:  97  6 W

  TEMPERATURE IN F:       :PCPN:    SNOW:  WIND      :SUNSHINE: SKY     :PK WND
================================================================================
1   2   3   4   5  6A  6B    7    8   9   10  11  12  13   14  15   16   17  18
                                     12Z  AVG MX 2MIN
DY MAX MIN AVG DEP HDD CDD  WTR  SNW DPTH SPD SPD DIR MIN PSBL S-S WX    SPD DR
================================================================================

 1  16  -5   6 -13  59   0 0.02  0.3   17   M   M   M   M    M   M 1       M  M
 2   2 -12  -5 -24  70   0    T    T   17   M   M   M   M    M   M 8       M  M
 3   0 -15  -7 -27  72   0    T    T   17   M   M   M   M    M   M         M  M
 4  10  -7   2 -18  63   0    T  0.2   17   M   M   M   M    M   M         M  M
 5  14  -2   6 -14  59   0    T    T   17   M   M   M   M    M   M         M  M
 6  14  -8   3 -18  62   0 0.00  0.0   17   M   M   M   M    M   M         M  M
 7   9 -14  -2 -23  67   0 0.00  0.0   17   M   M   M   M    M   M         M  M
 8  22   9  16  -6  49   0    T    T   17   M   M   M   M    M   M         M  M
 9  29  20  25   3  40   0 0.61  6.2   16   M   M   M   M    M   M         M  M
10  22   2  12 -11  53   0 0.00  0.0   21   M   M   M   M    M   M         M  M
11  20  -5   8 -15  57   0 0.00  0.0   20   M   M   M   M    M   M         M  M
12  37  15  26   2  39   0 0.00  0.0   20   M   M   M   M    M   M         M  M
13  30  15  23  -1  42   0 0.20  1.9   18   M   M   M   M    M   M         M  M
14  31  22  27   2  38   0 0.37  4.2   23   M   M   M   M    M   M 9       M  M
15  30   7  19  -6  46   0    T    T   22   M   M   M   M    M   M         M  M
16  28  -2  13 -13  52   0 0.00  0.0   22   M   M   M   M    M   M         M  M
17  36  16  26   0  39   0 0.00  0.0   22   M   M   M   M    M   M         M  M
18  37  11  24  -3  41   0    T    T   19   M   M   M   M    M   M         M  M
19  37  28  33   6  32   0 0.00  0.0   19   M   M   M   M    M   M         M  M
20  40  26  33   5  32   0 0.00  0.0   18   M   M   M   M    M   M         M  M
21  43  24  34   6  31   0 0.00  0.0   18   M   M   M   M    M   M         M  M
================================================================================
SM  507  125      1043   0  1.20    12.8     M          M        M
================================================================================
AV 24.1  6.0                                 M FASTST   M    M   4    MAX(MPH)
                                 MISC ---->     M   M                  M    M
================================================================================
NOTES:
# LAST OF SEVERAL OCCURRENCES

COLUMN 17 PEAK WIND IN M.P.H.

PRELIMINARY LOCAL CLIMATOLOGICAL DATA (WS FORM: F-6) , PAGE 2

                                          STATION:  GRAND FORKS UNIV. (NWS) ND
                                          MONTH:    MARCH
                                          YEAR:     2019
                                          LATITUDE:   47 55 N
                                          LONGITUDE:  97  6 W

[TEMPERATURE DATA]      [PRECIPITATION DATA]       SYMBOLS USED IN COLUMN 16

AVERAGE MONTHLY: 15.1   TOTAL FOR MONTH:   1.20    1 = FOG OR MIST
DPTR FM NORMAL:  -8.3   DPTR FM NORMAL:    0.53    2 = FOG REDUCING VISIBILITY
HIGHEST:    43 ON 21    GRTST 24HR  0.61 ON  9- 9      TO 1/4 MILE OR LESS
LOWEST:    -15 ON  3                               3 = THUNDER
                        SNOW, ICE PELLETS, HAIL    4 = ICE PELLETS
                        TOTAL MONTH:  12.8 INCHES  5 = HAIL
                        GRTST 24HR   6.2 ON  9- 9  6 = FREEZING RAIN OR DRIZZLE
                        GRTST DEPTH:  23 ON 14     7 = DUSTSTORM OR SANDSTORM:
                                                       VSBY 1/2 MILE OR LESS
                                                   8 = SMOKE OR HAZE
[NO. OF DAYS WITH]      [WEATHER - DAYS WITH]      9 = BLOWING SNOW
                                                   X = TORNADO
MAX 32 OR BELOW:  15    0.01 INCH OR MORE:   4
MAX 90 OR ABOVE:   0    0.10 INCH OR MORE:   3
MIN 32 OR BELOW:  21    0.50 INCH OR MORE:   1
MIN  0 OR BELOW:   9    1.00 INCH OR MORE:   0

[HDD (BASE 65) ]
TOTAL THIS MO.  1043    CLEAR  (SCALE 0-3)   0
DPTR FM NORMAL   170    PTCLDY (SCALE 4-7)   0
TOTAL FM JUL 1  8599    CLOUDY (SCALE 8-10)  0
DPTR FM NORMAL   766

[CDD (BASE 65) ]
TOTAL THIS MO.     0
DPTR FM NORMAL     0    [PRESSURE DATA]
TOTAL FM JAN 1     0    HIGHEST SLP M ON M
DPTR FM NORMAL     0    LOWEST  SLP M ON M

[REMARKS]
