000
CXUS53 KFGF 250915
CF6FGF
PRELIMINARY LOCAL CLIMATOLOGICAL DATA (WS FORM: F-6)

                                          STATION:   GRAND FORKS UNIV. (NWS) ND
                                          MONTH:     MAY
                                          YEAR:      2019
                                          LATITUDE:   47 55 N
                                          LONGITUDE:  97  6 W

  TEMPERATURE IN F:       :PCPN:    SNOW:  WIND      :SUNSHINE: SKY     :PK WND
================================================================================
1   2   3   4   5  6A  6B    7    8   9   10  11  12  13   14  15   16   17  18
                                     12Z  AVG MX 2MIN
DY MAX MIN AVG DEP HDD CDD  WTR  SNW DPTH SPD SPD DIR MIN PSBL S-S WX    SPD DR
================================================================================

 1  42  37  40 -10  25   0 0.16  0.0    0   M   M   M   M    M   M         M  M
 2  56  34  45  -6  20   0 0.04  0.0    0   M   M   M   M    M   M         M  M
 3  62  39  51   0  14   0 0.04  0.0    0   M   M   M   M    M   M 3       M  M
 4  50  38  44  -8  21   0 0.00  0.0    0   M   M   M   M    M   M         M  M
 5  51  32  42 -10  23   0 0.00  0.0    0   M   M   M   M    M   M         M  M
 6  46  27  37 -15  28   0 0.00  0.0    0   M   M   M   M    M   M         M  M
 7  57  25  41 -12  24   0 0.00  0.0    0   M   M   M   M    M   M         M  M
 8  55  40  48  -5  17   0 0.00  0.0    0   M   M   M   M    M   M         M  M
 9  57  32  45  -8  20   0 0.00  0.0    0   M   M   M   M    M   M         M  M
10  62  28  45  -9  20   0 0.00  0.0    0   M   M   M   M    M   M         M  M
11  69  44  57   3   8   0 0.01  0.0    0   M   M   M   M    M   M         M  M
12  65  44  55   1  10   0 0.00  0.0    0   M   M   M   M    M   M         M  M
13  76  46  61   6   4   0 0.00  0.0    0   M   M   M   M    M   M         M  M
14  75  50  63   8   2   0    T  0.0    0   M   M   M   M    M   M         M  M
15  79  41  60   4   5   0 0.05  0.0    0   M   M   M   M    M   M 3       M  M
16  59  42  51  -5  14   0    T  0.0    0   M   M   M   M    M   M         M  M
17  61  33  47  -9  18   0 0.00  0.0    0   M   M   M   M    M   M         M  M
18  57  46  52  -4  13   0 0.00  0.0    0   M   M   M   M    M   M         M  M
19  60  42  51  -6  14   0 0.00  0.0    0   M   M   M   M    M   M         M  M
20  69  37  53  -4  12   0 0.00  0.0    0   M   M   M   M    M   M         M  M
21  71  46  59   1   6   0 0.00  0.0    M   M   M   M   M    M   M         M  M
22  60  45  53  -5  12   0 0.44  0.0    0   M   M   M   M    M   M         M  M
23  67  46  57  -1   8   0    T  0.0    0   M   M   M   M    M   M         M  M
24  58  50  54  -4  11   0 0.94  0.0    0   M   M   M   M    M   M 13      M  M
================================================================================
SM 1464  944       349   0  1.68     0.0     M          M        M
================================================================================
AV 61.0 39.3                                 M FASTST   M    M   4    MAX(MPH)
                                 MISC ---->     M   M                  M    M
================================================================================
NOTES:
# LAST OF SEVERAL OCCURRENCES

COLUMN 17 PEAK WIND IN M.P.H.

PRELIMINARY LOCAL CLIMATOLOGICAL DATA (WS FORM: F-6) , PAGE 2

                                          STATION:  GRAND FORKS UNIV. (NWS) ND
                                          MONTH:    MAY
                                          YEAR:     2019
                                          LATITUDE:   47 55 N
                                          LONGITUDE:  97  6 W

[TEMPERATURE DATA]      [PRECIPITATION DATA]       SYMBOLS USED IN COLUMN 16

AVERAGE MONTHLY: 50.2   TOTAL FOR MONTH:   1.68    1 = FOG OR MIST
DPTR FM NORMAL:  -4.4   DPTR FM NORMAL:   -0.32    2 = FOG REDUCING VISIBILITY
HIGHEST:    79 ON 15    GRTST 24HR  0.94 ON 24-24      TO 1/4 MILE OR LESS
LOWEST:     25 ON  7                               3 = THUNDER
                        SNOW, ICE PELLETS, HAIL    4 = ICE PELLETS
                        TOTAL MONTH:   0.0 INCH    5 = HAIL
                        GRTST 24HR     0.0         6 = FREEZING RAIN OR DRIZZLE
                        GRTST DEPTH:   0           7 = DUSTSTORM OR SANDSTORM:
                                                       VSBY 1/2 MILE OR LESS
                                                   8 = SMOKE OR HAZE
[NO. OF DAYS WITH]      [WEATHER - DAYS WITH]      9 = BLOWING SNOW
                                                   X = TORNADO
MAX 32 OR BELOW:   0    0.01 INCH OR MORE:   7
MAX 90 OR ABOVE:   0    0.10 INCH OR MORE:   3
MIN 32 OR BELOW:   5    0.50 INCH OR MORE:   1
MIN  0 OR BELOW:   0    1.00 INCH OR MORE:   0

[HDD (BASE 65) ]
TOTAL THIS MO.   349    CLEAR  (SCALE 0-3)   0
DPTR FM NORMAL    84    PTCLDY (SCALE 4-7)   0
TOTAL FM JUL 1  9997    CLOUDY (SCALE 8-10)  0
DPTR FM NORMAL   917

[CDD (BASE 65) ]
TOTAL THIS MO.     0
DPTR FM NORMAL   -19    [PRESSURE DATA]
TOTAL FM JAN 1     0    HIGHEST SLP M ON M
DPTR FM NORMAL   -22    LOWEST  SLP M ON M

[REMARKS]
