000
CXUS53 KARX 260930
CF6FKA
PRELIMINARY LOCAL CLIMATOLOGICAL DATA (WS FORM: F-6)

                                          STATION:   PRESTON MN
                                          MONTH:     MAY
                                          YEAR:      2019
                                          LATITUDE:   43 40 N
                                          LONGITUDE:  92 11 W

  TEMPERATURE IN F:       :PCPN:    SNOW:  WIND      :SUNSHINE: SKY     :PK WND
================================================================================
1   2   3   4   5  6A  6B    7    8   9   10  11  12  13   14  15   16   17  18
                                     12Z  AVG MX 2MIN
DY MAX MIN AVG DEP HDD CDD  WTR  SNW DPTH SPD SPD DIR MIN PSBL S-S WX    SPD DR
================================================================================

 1  46  37  42   M  23   0 0.10    M    0  4.4 14  40   M    M  10 1       M  M
 2  51  39  45   M  20   0 0.00  0.0    0  3.3  9 330   M    M   6 1       M  M
 3  57  35  46   M  19   0 0.00  0.0    0  4.5  9 190   M    M   1         M  M
 4  66  42  54   M  11   0 0.00  0.0    0  7.5 12 230   M    M   2        17 210
 5  70  48  59   M   6   0 0.00  0.0    0  9.3 13 270   M    M   3 3      18 270
 6  59  46  53   M  12   0 0.00  0.0    0  8.5 13 360   M    M   7        21 360
 7  60  45  53   M  12   0 0.00  0.0    0  7.1 13 110   M    M   4        16 130
 8  50  40  45   M  20   0 1.05  0.0    0 14.3 22  90   M    M   9 1      31  90
 9  47  36  42   M  23   0 0.00  0.0    0 12.2 20 340   M    M  10 1      27 330
10  59  35  47   M  18   0 0.00  0.0    0  6.1 14 320   M    M   2        21 320
11  58  38  48   M  17   0 0.00  0.0    0  8.9 20 190   M    M   2        27 190
12  57  36  47   M  18   0 0.00  0.0    0  3.0  7  40   M    M   2 1       M  M
13  64  41  53   M  12   0 0.00  0.0    0  4.3 10 270   M    M   4         M  M
14  62  44  53   M  12   0 0.00  0.0    0  7.5 13 190   M    M   4        16 180
15  75  49  62   M   3   0 0.00  0.0    0  5.2 10 210   M    M   2         M  M
16  80  59  70   M   0   5    M  0.0    0  8.0 22 200   M    M   1 3      28 200
17  59  48  54   M  11   0 0.10  0.0    0 10.2 14 120   M    M   5 3      23 110
18  62  45  54   M  11   0 0.88  0.0    0 10.8 16 110   M    M   9 13     25  40
19  47  36  42   M  23   0    M    M    0 13.1 17 330   M    M  10 13     25  40
20  56  36  46   M  19   0 0.00  0.0    0  8.2 16 350   M    M   3        22 350
21  51  44  48   M  17   0 0.46  0.0    0 14.3 23 110   M    M   5        33  90
22  70  47  59   M   6   0    T  0.0    0 18.4 31 190   M    M   5 1      41 200
23  62  48  55   M  10   0 0.00  0.0    0 11.2 18 300   M    M   5        24 300
24  74  50  62   M   3   0 0.35  0.0    0  9.6 21 170   M    M   7 3      28 170
25  73  53  63   M   2   0 0.00  0.0    0  8.8 14 250   M    M   0        20 270
================================================================================
SM 1515 1077       328   5  2.94     0.0 218.7          M      118
================================================================================
AV 60.6 43.1                               8.7 FASTST   M    M   5    MAX(MPH)
                                 MISC ---->  # 31 190               # 41  200
================================================================================
NOTES:
# LAST OF SEVERAL OCCURRENCES

COLUMN 17 PEAK WIND IN M.P.H.

PRELIMINARY LOCAL CLIMATOLOGICAL DATA (WS FORM: F-6) , PAGE 2

                                          STATION:  PRESTON MN
                                          MONTH:    MAY
                                          YEAR:     2019
                                          LATITUDE:   43 40 N
                                          LONGITUDE:  92 11 W

[TEMPERATURE DATA]      [PRECIPITATION DATA]       SYMBOLS USED IN COLUMN 16

AVERAGE MONTHLY: 51.8   TOTAL FOR MONTH:   2.94    1 = FOG OR MIST
DPTR FM NORMAL:     M   DPTR FM NORMAL:       M    2 = FOG REDUCING VISIBILITY
HIGHEST:    80 ON 16    GRTST 24HR  1.05 ON  8- 8      TO 1/4 MILE OR LESS
LOWEST:     35 ON 10, 3                            3 = THUNDER
                        SNOW, ICE PELLETS, HAIL    4 = ICE PELLETS
                        TOTAL MONTH:   0.0 INCH    5 = HAIL
                        GRTST 24HR     0.0         6 = FREEZING RAIN OR DRIZZLE
                        GRTST DEPTH:   0           7 = DUSTSTORM OR SANDSTORM:
                                                       VSBY 1/2 MILE OR LESS
                                                   8 = SMOKE OR HAZE
[NO. OF DAYS WITH]      [WEATHER - DAYS WITH]      9 = BLOWING SNOW
                                                   X = TORNADO
MAX 32 OR BELOW:   0    0.01 INCH OR MORE:   6
MAX 90 OR ABOVE:   0    0.10 INCH OR MORE:   6
MIN 32 OR BELOW:   0    0.50 INCH OR MORE:   2
MIN  0 OR BELOW:   0    1.00 INCH OR MORE:   1

[HDD (BASE 65) ]
TOTAL THIS MO.   328    CLEAR  (SCALE 0-3)   9
DPTR FM NORMAL     M    PTCLDY (SCALE 4-7)  11
TOTAL FM JUL 1  8381    CLOUDY (SCALE 8-10)  5
DPTR FM NORMAL     M

[CDD (BASE 65) ]
TOTAL THIS MO.     5
DPTR FM NORMAL     M    [PRESSURE DATA]
TOTAL FM JAN 1     7    HIGHEST SLP M ON M
DPTR FM NORMAL     M    LOWEST  SLP M ON M

[REMARKS]
