000
CXUS56 KFGZ 240900
CF6FLG
PRELIMINARY LOCAL CLIMATOLOGICAL DATA (WS FORM: F-6)

                                          STATION:   FLAGSTAFF AZ AIRPORT
                                          MONTH:     MARCH
                                          YEAR:      2019
                                          LATITUDE:   35  7 N
                                          LONGITUDE: 111 40 W

  TEMPERATURE IN F:       :PCPN:    SNOW:  WIND      :SUNSHINE: SKY     :PK WND
================================================================================
1   2   3   4   5  6A  6B    7    8   9   10  11  12  13   14  15   16   17  18
                                     12Z  AVG MX 2MIN
DY MAX MIN AVG DEP HDD CDD  WTR  SNW DPTH SPD SPD DIR MIN PSBL S-S WX    SPD DR
================================================================================

 1  51  29  40   6  25   0 0.00  0.0    9 10.1 24 220   M    M   0        31 240
 2  41  33  37   3  28   0 0.40    T    6 12.9 24 210   M    M   7 12     30 240
 3  48  34  41   6  24   0 0.00  0.0    4 11.4 28 230   M    M   6        38 230
 4  50  27  39   4  26   0 0.00  0.0    0  5.0 16 250   M    M   4        21 250
 5  57  21  39   4  26   0 0.00  0.0    0  5.8 20 220   M    M   0        25 230
 6  51  29  40   5  25   0 0.07  0.0    0 15.4 33 210   M    M   6 1      42 210
 7  50  37  44   9  21   0    T  0.0    0 18.0 26 220   M    M   4        35 210
 8  39  26  33  -3  32   0 0.58    T    T 19.1 36 220   M    M   7 138    47 200
 9  40  17  29  -7  36   0 0.00  0.0    0  7.6 22 220   M    M   0        26 210
10  44  20  32  -4  33   0 0.00  0.0    0  9.3 25 210   M    M   1        35 220
11  47  25  36   0  29   0 0.29    T    0  5.1 14 130   M    M   7 1      22  90
12  38  30  34  -2  31   0 0.70  4.6    T  8.5 24 230   M    M  10 12     30 230
13  31  20  26 -10  39   0 0.33  6.9    5 13.4 24 260   M    M   7 128    37 280
14  35   7  21 -16  44   0    T    T    4 10.4 23  50   M    M   5        29  40
15  44  25  35  -2  30   0 0.00  0.0    2 16.2 28  60   M    M   0        37  80
16  50  26  38   1  27   0 0.00  0.0    T  9.3 20  60   M    M   0        29  50
17  55  22  39   2  26   0 0.00  0.0    0  3.0 14  90   M    M   2        20  80
18  55  23  39   2  26   0    T  0.0    0  3.2 17 230   M    M   4        23 220
19  56  26  41   3  24   0 0.00  0.0    0  2.8 15 220   M    M   3        18 210
20  56  26  41   3  24   0 0.01  0.0    0  6.9 22 210   M    M   5        33 180
21  43  30  37  -1  28   0 0.19  1.8    T 11.7 33 200   M    M   8 1238   44 210
22  46  23  35  -3  30   0 0.02  0.2    T  5.3 18 250   M    M   4 1      24 260
23  53  24  39   1  26   0 0.00  0.0    0  6.7 21 220   M    M   1        28 210
================================================================================
SM 1080  580       660   0  2.59    13.5 217.1          M       91
================================================================================
AV 47.0 25.2                               9.4 FASTST   M    M   4    MAX(MPH)
                                 MISC ---->  # 36 220               # 47  200
================================================================================
NOTES:
# LAST OF SEVERAL OCCURRENCES

COLUMN 17 PEAK WIND IN M.P.H.

PRELIMINARY LOCAL CLIMATOLOGICAL DATA (WS FORM: F-6) , PAGE 2

                                          STATION:  FLAGSTAFF AZ AIRPORT
                                          MONTH:    MARCH
                                          YEAR:     2019
                                          LATITUDE:   35  7 N
                                          LONGITUDE: 111 40 W

[TEMPERATURE DATA]      [PRECIPITATION DATA]       SYMBOLS USED IN COLUMN 16

AVERAGE MONTHLY: 36.1   TOTAL FOR MONTH:   2.59    1 = FOG OR MIST
DPTR FM NORMAL:  -0.2   DPTR FM NORMAL:    0.93    2 = FOG REDUCING VISIBILITY
HIGHEST:    57 ON  5    GRTST 24HR  0.70 ON 12-12      TO 1/4 MILE OR LESS
LOWEST:      7 ON 14                               3 = THUNDER
                        SNOW, ICE PELLETS, HAIL    4 = ICE PELLETS
                        TOTAL MONTH:  13.5 INCHES  5 = HAIL
                        GRTST 24HR   6.9 ON 13-13  6 = FREEZING RAIN OR DRIZZLE
                        GRTST DEPTH:   9 ON  1     7 = DUSTSTORM OR SANDSTORM:
                                                       VSBY 1/2 MILE OR LESS
                                                   8 = SMOKE OR HAZE
[NO. OF DAYS WITH]      [WEATHER - DAYS WITH]      9 = BLOWING SNOW
                                                   X = TORNADO
MAX 32 OR BELOW:   1    0.01 INCH OR MORE:   9
MAX 90 OR ABOVE:   0    0.10 INCH OR MORE:   6
MIN 32 OR BELOW:  20    0.50 INCH OR MORE:   2
MIN  0 OR BELOW:   0    1.00 INCH OR MORE:   0

[HDD (BASE 65) ]
TOTAL THIS MO.   660    CLEAR  (SCALE 0-3)   9
DPTR FM NORMAL     1    PTCLDY (SCALE 4-7)  12
TOTAL FM JUL 1  5534    CLOUDY (SCALE 8-10)  2
DPTR FM NORMAL    36

[CDD (BASE 65) ]
TOTAL THIS MO.     0
DPTR FM NORMAL     0    [PRESSURE DATA]
TOTAL FM JAN 1     0    HIGHEST SLP M ON M
DPTR FM NORMAL     0    LOWEST  SLP 29.49 ON 13

[REMARKS]
