000
CXUS56 KFGZ 260900
CF6FLG
PRELIMINARY LOCAL CLIMATOLOGICAL DATA (WS FORM: F-6)

                                          STATION:   FLAGSTAFF AZ AIRPORT
                                          MONTH:     MAY
                                          YEAR:      2019
                                          LATITUDE:   35  7 N
                                          LONGITUDE: 111 40 W

  TEMPERATURE IN F:       :PCPN:    SNOW:  WIND      :SUNSHINE: SKY     :PK WND
================================================================================
1   2   3   4   5  6A  6B    7    8   9   10  11  12  13   14  15   16   17  18
                                     12Z  AVG MX 2MIN
DY MAX MIN AVG DEP HDD CDD  WTR  SNW DPTH SPD SPD DIR MIN PSBL S-S WX    SPD DR
================================================================================

 1  59  31  45  -3  20   0 0.00  0.0    0  9.6 25 220   M    M   2        30 220
 2  63  31  47  -1  18   0 0.00  0.0    0  6.2 22 220   M    M   0        29 210
 3  66  27  47  -1  18   0 0.00  0.0    0  4.5 22 220   M    M   0        26 220
 4  69  30  50   2  15   0 0.00  0.0    0  6.5 23 220   M    M   0        29 230
 5  68  33  51   2  14   0 0.00  0.0    0  7.1 23 230   M    M   0        28 210
 6  61  32  47  -2  18   0 0.00  0.0    0  6.7 25 210   M    M   0        33 210
 7  53  30  42  -7  23   0 0.01  0.0    0  7.5 23 220   M    M   6 13     27 210
 8  53  33  43  -7  22   0 0.46  0.0    0  6.2 22 240   M    M   6 135    30 230
 9  51  29  40 -10  25   0 0.94  0.0    0  4.1 23 230   M    M   8 13     29 220
10  57  35  46  -4  19   0 0.07  0.0    0  5.9 16 210   M    M   7 138    21 210
11  57  33  45  -5  20   0 0.07  0.0    0  2.3 12  40   M    M   5 13     18 270
12  65  31  48  -3  17   0 0.00  0.0    0  4.4 17  40   M    M   3        27  80
13  68  36  52   1  13   0 0.00  0.0    0  4.3 16 240   M    M   2        20 250
14  69  42  56   5   9   0 0.00  0.0    0  4.2 23 220   M    M   1        28 210
15  71  36  54   3  11   0 0.00  0.0    0  8.3 28 230   M    M   1        34 210
16  65  40  53   1  12   0 0.05  0.0    0 18.6 40 220   M    M   1 3      54 220
17  55  32  44  -8  21   0    T  0.0    0 11.2 29 230   M    M   4        38 230
18  59  26  43  -9  22   0 0.00  0.0    0  6.3 22 230   M    M   1        31 220
19  51  34  43  -9  22   0 0.26    T    0 13.6 32 210   M    M   7 1      41 220
20  42  29  36 -17  29   0 0.26  0.9    T  9.0 24 250   M    M   7 123    33 250
21  49  30  40 -13  25   0 0.01  0.0    0 14.7 38 220   M    M   7        49 230
22  46  33  40 -13  25   0 0.02    T    0 13.3 25 220   M    M   9 1      34 210
23  40  28  34 -19  31   0 0.24  0.6    T  9.9 25 220   M    M   8 12     31 220
24  58  24  41 -13  24   0 0.00  0.0    0  4.4 21 230   M    M   0        26 230
25  64  25  45  -9  20   0 0.00  0.0    0  7.5 24 220   M    M   0        31 210
================================================================================
SM 1459  790       493   0  2.39     1.5 196.3          M       85
================================================================================
AV 58.4 31.6                               7.9 FASTST   M    M   3    MAX(MPH)
                                 MISC ---->  # 40 220               # 54  220
================================================================================
NOTES:
# LAST OF SEVERAL OCCURRENCES

COLUMN 17 PEAK WIND IN M.P.H.

PRELIMINARY LOCAL CLIMATOLOGICAL DATA (WS FORM: F-6) , PAGE 2

                                          STATION:  FLAGSTAFF AZ AIRPORT
                                          MONTH:    MAY
                                          YEAR:     2019
                                          LATITUDE:   35  7 N
                                          LONGITUDE: 111 40 W

[TEMPERATURE DATA]      [PRECIPITATION DATA]       SYMBOLS USED IN COLUMN 16

AVERAGE MONTHLY: 45.0   TOTAL FOR MONTH:   2.39    1 = FOG OR MIST
DPTR FM NORMAL:  -5.9   DPTR FM NORMAL:    1.88    2 = FOG REDUCING VISIBILITY
HIGHEST:    71 ON 15    GRTST 24HR  0.94 ON  9- 9      TO 1/4 MILE OR LESS
LOWEST:     24 ON 24                               3 = THUNDER
                        SNOW, ICE PELLETS, HAIL    4 = ICE PELLETS
                        TOTAL MONTH:   1.5 INCHES  5 = HAIL
                        GRTST 24HR   0.9 ON 20-20  6 = FREEZING RAIN OR DRIZZLE
                        GRTST DEPTH:   0           7 = DUSTSTORM OR SANDSTORM:
                                                       VSBY 1/2 MILE OR LESS
                                                   8 = SMOKE OR HAZE
[NO. OF DAYS WITH]      [WEATHER - DAYS WITH]      9 = BLOWING SNOW
                                                   X = TORNADO
MAX 32 OR BELOW:   0    0.01 INCH OR MORE:  11
MAX 90 OR ABOVE:   0    0.10 INCH OR MORE:   5
MIN 32 OR BELOW:  15    0.50 INCH OR MORE:   1
MIN  0 OR BELOW:   0    1.00 INCH OR MORE:   0

[HDD (BASE 65) ]
TOTAL THIS MO.   493    CLEAR  (SCALE 0-3)  14
DPTR FM NORMAL   139    PTCLDY (SCALE 4-7)  10
TOTAL FM JUL 1  6783    CLOUDY (SCALE 8-10)  1
DPTR FM NORMAL    73

[CDD (BASE 65) ]
TOTAL THIS MO.     0
DPTR FM NORMAL     0    [PRESSURE DATA]
TOTAL FM JAN 1     0    HIGHEST SLP M ON M
DPTR FM NORMAL     0    LOWEST  SLP 29.51 ON 22

[REMARKS]
