000
CXUS52 KILM 201000
CF6FLO
PRELIMINARY LOCAL CLIMATOLOGICAL DATA (WS FORM: F-6)

                                          STATION:   FLORENCE SOUTH  CAROLINA
                                          MONTH:     MAY
                                          YEAR:      2019
                                          LATITUDE:   34 10 N
                                          LONGITUDE:  79 43 W

  TEMPERATURE IN F:       :PCPN:    SNOW:  WIND      :SUNSHINE: SKY     :PK WND
================================================================================
1   2   3   4   5  6A  6B    7    8   9   10  11  12  13   14  15   16   17  18
                                     12Z  AVG MX 2MIN
DY MAX MIN AVG DEP HDD CDD  WTR  SNW DPTH SPD SPD DIR MIN PSBL S-S WX    SPD DR
================================================================================

 1  90  62  76   9   0  11 0.00    M    M  6.3 14 160   M    M   4 128    19 210
 2  88  60  74   7   0   9 0.00    M    M  4.9 12 150   M    M   1 12     15 190
 3  82  65  74   6   0   9 0.36    M    M  3.5 12 140   M    M   5 1238   14 140
 4  90  67  79  11   0  14 0.69    M    M  7.1 38 210   M    M   9 123    55 210
 5  86  67  77   9   0  12 0.28    M    M 10.0 23 220   M    M   5 13     34 220
 6  84  67  76   8   0  11 0.00    M    M  7.1 16  40   M    M   4        19  40
 7  85  63  74   5   0   9 0.00    M    M  6.0 12 110   M    M   2        17 130
 8  87  64  76   7   0  11 0.00    M    M  4.1 16 150   M    M   4 128    19 140
 9  83  63  73   4   0   8 0.00    M    M  6.9 16 150   M    M   5        20 140
10  81  63  72   2   0   7 0.00    M    M  3.7  9 180   M    M   6        12 150
11  89  65  77   7   0  12 0.05    M    M  6.4 17 220   M    M   3 138    24 210
12  84  69  77   7   0  12 0.45    M    M  8.4 20 240   M    M   4 13     25 240
13  87  67  77   7   0  12 0.00    M    M 10.6 24 270   M    M   5        31 270
14  77  55  66  -4   0   1 0.00    M    M  9.5 18 340   M    M   0        23 350
15  78  51  65  -6   0   0 0.00    M    M  3.9 13 260   M    M   1        16 260
16  86  56  71   0   0   6 0.00    M    M  5.1 16 220   M    M   2        19 240
17  95  68  82  11   0  17 0.00    M    M  8.5 16 270   M    M   0 1      21 260
18  97  72  85  13   0  20 0.00    M    M  5.0 20 180   M    M   0        24 190
19  94  69  82  10   0  17 0.00    M    M  8.6 17 170   M    M   1 18     22 150
================================================================================
SM 1643 1213         0 198  1.83    M    125.6          M       61
================================================================================
AV 86.5 63.8                               6.6 FASTST   M    M   3    MAX(MPH)
                                 MISC ---->  # 38 210               # 55  210
================================================================================
NOTES:
# LAST OF SEVERAL OCCURRENCES

COLUMN 17 PEAK WIND IN M.P.H.

PRELIMINARY LOCAL CLIMATOLOGICAL DATA (WS FORM: F-6) , PAGE 2

                                          STATION:  FLORENCE SOUTH  CAROLINA
                                          MONTH:    MAY
                                          YEAR:     2019
                                          LATITUDE:   34 10 N
                                          LONGITUDE:  79 43 W

[TEMPERATURE DATA]      [PRECIPITATION DATA]       SYMBOLS USED IN COLUMN 16

AVERAGE MONTHLY: 75.2   TOTAL FOR MONTH:   1.83    1 = FOG OR MIST
DPTR FM NORMAL:   5.7   DPTR FM NORMAL:    0.03    2 = FOG REDUCING VISIBILITY
HIGHEST:    97 ON 18    GRTST 24HR  0.69 ON  4- 4      TO 1/4 MILE OR LESS
LOWEST:     51 ON 15                               3 = THUNDER
                        SNOW, ICE PELLETS, HAIL    4 = ICE PELLETS
                        TOTAL MONTH:    M          5 = HAIL
                        GRTST 24HR    M  ON   M    6 = FREEZING RAIN OR DRIZZLE
                        GRTST DEPTH:  M  ON   M    7 = DUSTSTORM OR SANDSTORM:
                                                       VSBY 1/2 MILE OR LESS
                                                   8 = SMOKE OR HAZE
[NO. OF DAYS WITH]      [WEATHER - DAYS WITH]      9 = BLOWING SNOW
                                                   X = TORNADO
MAX 32 OR BELOW:   0    0.01 INCH OR MORE:   5
MAX 90 OR ABOVE:   5    0.10 INCH OR MORE:   4
MIN 32 OR BELOW:   0    0.50 INCH OR MORE:   1
MIN  0 OR BELOW:   0    1.00 INCH OR MORE:   0

[HDD (BASE 65) ]
TOTAL THIS MO.     0    CLEAR  (SCALE 0-3)   9
DPTR FM NORMAL   -22    PTCLDY (SCALE 4-7)   9
TOTAL FM JUL 1  2150    CLOUDY (SCALE 8-10)  1
DPTR FM NORMAL  -372

[CDD (BASE 65) ]
TOTAL THIS MO.   198
DPTR FM NORMAL    94    [PRESSURE DATA]
TOTAL FM JAN 1   338    HIGHEST SLP M ON M
DPTR FM NORMAL   138    LOWEST  SLP 29.67 ON M

[REMARKS]
