000
CXUS54 KLZK 261130
CF6FLP
PRELIMINARY LOCAL CLIMATOLOGICAL DATA (WS FORM: F-6)

                                          STATION:   Flippin
                                          MONTH:     MARCH
                                          YEAR:      2019
                                          LATITUDE:   36 17 N
                                          LONGITUDE:  92 28 W

  TEMPERATURE IN F:       :PCPN:    SNOW:  WIND      :SUNSHINE: SKY     :PK WND
================================================================================
1   2   3   4   5  6A  6B    7    8   9   10  11  12  13   14  15   16   17  18
                                     12Z  AVG MX 2MIN
DY MAX MIN AVG DEP HDD CDD  WTR  SNW DPTH SPD SPD DIR MIN PSBL S-S WX    SPD DR
================================================================================

 1  42  30  36   M  29   0    M    M    M  2.9  6  40   M    M   9         M  M
 2  40  36  38   M  27   0    M    M    M  4.5  8  10   M    M  10 1       M  M
 3  36  18  27   M  38   0    M    M    M 10.4 17 350   M    M   9 1      25 330
 4  28  11  20   M  45   0 0.25    M    M  9.3 16 320   M    M   2        23 320
 5  40  12  26   M  39   0 0.00    M    M  9.1 17 300   M    M   0        24 310
 6  47  15  31   M  34   0 0.00    M    M  3.2  7 180   M    M   0 8      16 180
 7  39  26  33   M  32   0 0.05    M    M  3.8  7 120   M    M   7 1       M  M
 8  45  38  42   M  23   0    T    M    M  4.4  9  90   M    M  10 12      M  M
 9  73  43  58   M   7   0 0.52    M    M 13.1 31 270   M    M   5 123    46 270
10  48  36  42   M  23   0 0.01    M    M  5.5 10 310   M    M   3         M  M
11  64  41  53   M  12   0 0.02    M    M  2.1  6 100   M    M   5         M  M
12  52  41  47   M  18   0 0.22    M    M  4.7  9 110   M    M   7 1       M  M
13  66  50  58   M   7   0 0.42    M    M  7.5 16 150   M    M   8 1      24 150
14  62  44  53   M  12   0 0.00    M    M 17.2 24 280   M    M   5        41 280
15  53  33  43   M  22   0 0.00    M    M 12.2 18 300   M    M   3        27 290
16  58  25  42   M  23   0 0.00    M    M  2.1  8 320   M    M   0         M  M
17  64  29  47   M  18   0 0.00    M    M  3.3 10 330   M    M   1        18 330
18  62  42  52   M  13   0 0.00    M    M  3.0  6  20   M    M   5         M  M
19  65  33  49   M  16   0 0.00    M    M  3.9  9 190   M    M   2         M  M
20  55  41  48   M  17   0    T    M    M  5.5 12 300   M    M   6        16 320
21  62  37  50   M  15   0 0.00    M    M  8.4 15 310   M    M   0        20 310
22  70  30  50   M  15   0 0.00    M    M  2.7  9 270   M    M   0         M  M
23  56  38  47   M  18   0 0.17    M    M  3.3  9 120   M    M   5 18      M  M
24  71  47  59   M   6   0 0.21    M    M  5.8 12 330   M    M   5 1      18 200
25  59  48  54   M  11   0 0.00    M    M  7.8 14 320   M    M   6        22 320
================================================================================
SM 1357  844       520   0  1.87    M    155.7          M      113
================================================================================
AV 54.3 33.8                               6.2 FASTST   M    M   5    MAX(MPH)
                                 MISC ---->  # 31 270               # 46  270
================================================================================
NOTES:
# LAST OF SEVERAL OCCURRENCES

COLUMN 17 PEAK WIND IN M.P.H.

PRELIMINARY LOCAL CLIMATOLOGICAL DATA (WS FORM: F-6) , PAGE 2

                                          STATION:  Flippin
                                          MONTH:    MARCH
                                          YEAR:     2019
                                          LATITUDE:   36 17 N
                                          LONGITUDE:  92 28 W

[TEMPERATURE DATA]      [PRECIPITATION DATA]       SYMBOLS USED IN COLUMN 16

AVERAGE MONTHLY: 44.0   TOTAL FOR MONTH:   1.87    1 = FOG OR MIST
DPTR FM NORMAL:     M   DPTR FM NORMAL:       M    2 = FOG REDUCING VISIBILITY
HIGHEST:    73 ON  9    GRTST 24HR  0.52 ON  9- 9      TO 1/4 MILE OR LESS
LOWEST:     11 ON  4                               3 = THUNDER
                        SNOW, ICE PELLETS, HAIL    4 = ICE PELLETS
                        TOTAL MONTH:    M          5 = HAIL
                        GRTST 24HR    M  ON   M    6 = FREEZING RAIN OR DRIZZLE
                        GRTST DEPTH:  M  ON   M    7 = DUSTSTORM OR SANDSTORM:
                                                       VSBY 1/2 MILE OR LESS
                                                   8 = SMOKE OR HAZE
[NO. OF DAYS WITH]      [WEATHER - DAYS WITH]      9 = BLOWING SNOW
                                                   X = TORNADO
MAX 32 OR BELOW:   1    0.01 INCH OR MORE:   9
MAX 90 OR ABOVE:   0    0.10 INCH OR MORE:   6
MIN 32 OR BELOW:   9    0.50 INCH OR MORE:   1
MIN  0 OR BELOW:   0    1.00 INCH OR MORE:   0

[HDD (BASE 65) ]
TOTAL THIS MO.   520    CLEAR  (SCALE 0-3)   9
DPTR FM NORMAL     M    PTCLDY (SCALE 4-7)  12
TOTAL FM JUL 1  3562    CLOUDY (SCALE 8-10)  4
DPTR FM NORMAL     M

[CDD (BASE 65) ]
TOTAL THIS MO.     0
DPTR FM NORMAL     M    [PRESSURE DATA]
TOTAL FM JAN 1     0    HIGHEST SLP M ON M
DPTR FM NORMAL     M    LOWEST  SLP M ON M

[REMARKS]
