000
CXUS52 KTBW 261000
CF6FMY
PRELIMINARY LOCAL CLIMATOLOGICAL DATA (WS FORM: F-6)

                                          STATION:   Fort Myers
                                          MONTH:     MAY
                                          YEAR:      2019
                                          LATITUDE:   26 34 N
                                          LONGITUDE:  81 52 W

  TEMPERATURE IN F:       :PCPN:    SNOW:  WIND      :SUNSHINE: SKY     :PK WND
================================================================================
1   2   3   4   5  6A  6B    7    8   9   10  11  12  13   14  15   16   17  18
                                     12Z  AVG MX 2MIN
DY MAX MIN AVG DEP HDD CDD  WTR  SNW DPTH SPD SPD DIR MIN PSBL S-S WX    SPD DR
================================================================================

 1  84  69  77   1   0  12 0.08  0.0    0 10.4 28 110   M    M   4 1      36 100
 2  86  71  79   3   0  14 0.55  0.0    0  6.6 18 220   M    M   5 13     26 220
 3  88  72  80   3   0  15 0.00  0.0    0  5.6 16 260   M    M   2 1      21 250
 4  89  72  81   4   0  16 0.00  0.0    0  7.4 16 200   M    M   1        23 230
 5  87  74  81   4   0  16 0.00  0.0    0  7.6 24 290   M    M   3 3      30 290
 6  89  75  82   5   0  17 0.00  0.0    0  6.4 17 250   M    M   2        23 250
 7  92  72  82   5   0  17 0.00  0.0    0  5.1 16  80   M    M   2 3      23  70
 8  91  71  81   3   0  16    T  0.0    0  8.4 17 100   M    M   4 13     24 110
 9  91  70  81   3   0  16 1.27  0.0    0  6.3 20  70   M    M   3 13     27  80
10  90  70  80   2   0  15 1.32  0.0    0  6.8 23 190   M    M   3 13     31 190
11  88  73  81   3   0  16    T  0.0    0  6.0 15 240   M    M   3 3      22 250
12  88  74  81   3   0  16 0.00  0.0    0  8.3 17 270   M    M   1        23 220
13  88  75  82   3   0  17 0.03  0.0    0  8.6 24 300   M    M   2 1      36 310
14  85  74  80   1   0  15 0.00  0.0    0  5.4 18 280   M    M   1        23 270
15  86  72  79   0   0  14 0.03  0.0    0  5.3 14 270   M    M   3 1      18 280
16  87  71  79   0   0  14 0.00  0.0    0  8.3 15  90   M    M   2        23  80
17  89  68  79   0   0  14 0.00  0.0    0  7.6 17 100   M    M   1        22  50
18  90  66  78  -2   0  13 0.00  0.0    0  7.0 15 120   M    M   0        20 130
19  91  71  81   1   0  16 0.19  0.0    0  5.6 18 290   M    M   3 1      25 280
20  92  72  82   2   0  17 1.30  0.0    0  4.9 26  20   M    M   4 13     34  20
21  89  73  81   1   0  16    T  0.0    0  5.9 17 150   M    M   4        22 150
22  91  73  82   2   0  17 0.00  0.0    0  8.0 16  90   M    M   2        22  70
23  90  72  81   1   0  16 0.00  0.0    0 10.4 18  80   M    M   2        26  80
24  89  68  79  -1   0  14 0.00  0.0    0  9.7 17 100   M    M   0        25  70
25  90  69  80  -1   0  15 0.00  0.0    0  9.0 18  70   M    M   1        24  70
================================================================================
SM 2220 1787         0 384  4.77     0.0 180.6          M       58
================================================================================
AV 88.8 71.5                               7.2 FASTST   M    M   2    MAX(MPH)
                                 MISC ---->  # 28 110               # 36  100
================================================================================
NOTES:
# LAST OF SEVERAL OCCURRENCES

COLUMN 17 PEAK WIND IN M.P.H.

PRELIMINARY LOCAL CLIMATOLOGICAL DATA (WS FORM: F-6) , PAGE 2

                                          STATION:  Fort Myers
                                          MONTH:    MAY
                                          YEAR:     2019
                                          LATITUDE:   26 34 N
                                          LONGITUDE:  81 52 W

[TEMPERATURE DATA]      [PRECIPITATION DATA]       SYMBOLS USED IN COLUMN 16

AVERAGE MONTHLY: 80.1   TOTAL FOR MONTH:   4.77    1 = FOG OR MIST
DPTR FM NORMAL:   1.6   DPTR FM NORMAL:    2.97    2 = FOG REDUCING VISIBILITY
HIGHEST:    92 ON 20, 7 GRTST 24HR  1.32 ON 10-10      TO 1/4 MILE OR LESS
LOWEST:     66 ON 18                               3 = THUNDER
                        SNOW, ICE PELLETS, HAIL    4 = ICE PELLETS
                        TOTAL MONTH:   0.0 INCH    5 = HAIL
                        GRTST 24HR     0.0         6 = FREEZING RAIN OR DRIZZLE
                        GRTST DEPTH:   0           7 = DUSTSTORM OR SANDSTORM:
                                                       VSBY 1/2 MILE OR LESS
                                                   8 = SMOKE OR HAZE
[NO. OF DAYS WITH]      [WEATHER - DAYS WITH]      9 = BLOWING SNOW
                                                   X = TORNADO
MAX 32 OR BELOW:   0    0.01 INCH OR MORE:   8
MAX 90 OR ABOVE:  10    0.10 INCH OR MORE:   5
MIN 32 OR BELOW:   0    0.50 INCH OR MORE:   4
MIN  0 OR BELOW:   0    1.00 INCH OR MORE:   3

[HDD (BASE 65) ]
TOTAL THIS MO.     0    CLEAR  (SCALE 0-3)  17
DPTR FM NORMAL     0    PTCLDY (SCALE 4-7)   8
TOTAL FM JUL 1   196    CLOUDY (SCALE 8-10)  0
DPTR FM NORMAL   -91

[CDD (BASE 65) ]
TOTAL THIS MO.   384
DPTR FM NORMAL    45    [PRESSURE DATA]
TOTAL FM JAN 1  1206    HIGHEST SLP M ON M
DPTR FM NORMAL   237    LOWEST  SLP 29.75 ON 13

[REMARKS]
