000
CXUS55 KBOU 220900
CF6FNL
PRELIMINARY LOCAL CLIMATOLOGICAL DATA (WS FORM: F-6)

                                          STATION:   FT COLLINS/LOVELAND CO
                                          MONTH:     MAY
                                          YEAR:      2019
                                          LATITUDE:   40 27 N
                                          LONGITUDE: 105  1 W

  TEMPERATURE IN F:       :PCPN:    SNOW:  WIND      :SUNSHINE: SKY     :PK WND
================================================================================
1   2   3   4   5  6A  6B    7    8   9   10  11  12  13   14  15   16   17  18
                                     12Z  AVG MX 2MIN
DY MAX MIN AVG DEP HDD CDD  WTR  SNW DPTH SPD SPD DIR MIN PSBL S-S WX    SPD DR
================================================================================

 1  51  32  42   M  23   0    M    M    M  7.7 13  70   M    M   9 1       M  M
 2  63  29  46   M  19   0    M    M    M  3.5 10 130   M    M   4        17  10
 3  68  35  52   M  13   0    M    M    M  5.2 14  80   M    M   0         M  M
 4  72  35  54   M  11   0    M    M    M  6.9 12 210   M    M   1        39 190
 5  77  45  61   M   4   0    M    M    M  5.6 16  20   M    M   2        33  30
 6  68  46  57   M   8   0    M    M    M  7.5 17 120   M    M   6 13      M  M
 7   M   M   M   M   M   M    M    M    M  7.9 15  90   M    M  10 12      M  M
 8   M   M   M   M   M   M    M    M    M 13.9 23  30   M    M  10 1      33  30
 9  41  32  37   M  28   0    M    M    M  5.3 10 180   M    M  10 1       M  M
10  54  35  45   M  20   0    M    M    M  4.4  8 200   M    M   6         M  M
11  64  32  48   M  17   0    M    M    M  6.7 20  50   M    M   3        27  50
12  75  36  56   M   9   0    M    M    M  8.1 21  10   M    M   2        27  10
13  81  44  63   M   2   0    M    M    M  5.3 21 360   M    M   2        36  20
14  81  44  63   M   2   0    M    M    M  4.3 18 350   M    M   2 3      32 330
15  85  44  65   M   0   0    M    M    M  5.9 31 270   M    M   1        52 270
16  80  50  65   M   0   0    M    M    M  3.6 13 250   M    M   1        44 130
17  71  44  58   M   7   0    M    M    M  9.4 21 360   M    M   5 3      38 360
18  62  34  48   M  17   0    M    M    M  8.4 24  60   M    M   4        31  60
19  51  36  44   M  21   0    M    M    M  6.4 12 360   M    M  10 18      M  M
20  41  32  37   M  28   0    M    M    M  7.2 10  90   M    M  10 1       M  M
21  44  32  38   M  27   0    M    M    M 11.8 27  30   M    M  10 1      31  30
================================================================================
SM 1229  717       256   0    M     M    145.0          M      108
================================================================================
AV 64.7 37.7                               6.9 FASTST   M    M   5    MAX(MPH)
                                 MISC ---->  # 31 270               # 52  270
================================================================================
NOTES:
# LAST OF SEVERAL OCCURRENCES

COLUMN 17 PEAK WIND IN M.P.H.

PRELIMINARY LOCAL CLIMATOLOGICAL DATA (WS FORM: F-6) , PAGE 2

                                          STATION:  FT COLLINS/LOVELAND CO
                                          MONTH:    MAY
                                          YEAR:     2019
                                          LATITUDE:   40 27 N
                                          LONGITUDE: 105  1 W

[TEMPERATURE DATA]      [PRECIPITATION DATA]       SYMBOLS USED IN COLUMN 16

AVERAGE MONTHLY: 51.2   TOTAL FOR MONTH:      M    1 = FOG OR MIST
DPTR FM NORMAL:     M   DPTR FM NORMAL:       M    2 = FOG REDUCING VISIBILITY
HIGHEST:    85 ON 15    GRTST 24HR  0.37 ON 30- 1      TO 1/4 MILE OR LESS
LOWEST:     29 ON  2                               3 = THUNDER
                        SNOW, ICE PELLETS, HAIL    4 = ICE PELLETS
                        TOTAL MONTH:    M          5 = HAIL
                        GRTST 24HR    M  ON   M    6 = FREEZING RAIN OR DRIZZLE
                        GRTST DEPTH:  M  ON   M    7 = DUSTSTORM OR SANDSTORM:
                                                       VSBY 1/2 MILE OR LESS
                                                   8 = SMOKE OR HAZE
[NO. OF DAYS WITH]      [WEATHER - DAYS WITH]      9 = BLOWING SNOW
                                                   X = TORNADO
MAX 32 OR BELOW:   0    0.01 INCH OR MORE:   0
MAX 90 OR ABOVE:   0    0.10 INCH OR MORE:   0
MIN 32 OR BELOW:   6    0.50 INCH OR MORE:   0
MIN  0 OR BELOW:   0    1.00 INCH OR MORE:   0

[HDD (BASE 65) ]
TOTAL THIS MO.   256    CLEAR  (SCALE 0-3)   9
DPTR FM NORMAL     M    PTCLDY (SCALE 4-7)   5
TOTAL FM JUL 1  5931    CLOUDY (SCALE 8-10)  7
DPTR FM NORMAL     M

[CDD (BASE 65) ]
TOTAL THIS MO.     0
DPTR FM NORMAL     M    [PRESSURE DATA]
TOTAL FM JAN 1     0    HIGHEST SLP M ON M
DPTR FM NORMAL     M    LOWEST  SLP 29.27 ON 17

[REMARKS]
