014
CXUS53 KDTX 220800
CF6FNT
PRELIMINARY LOCAL CLIMATOLOGICAL DATA (WS FORM: F-6)

                                          STATION:   FLINT MI
                                          MONTH:     MARCH
                                          YEAR:      2019
                                          LATITUDE:   42 58 N
                                          LONGITUDE:  83 44 W

  TEMPERATURE IN F:       :PCPN:    SNOW:  WIND      :SUNSHINE: SKY     :PK WND
================================================================================
1   2   3   4   5  6A  6B    7    8   9   10  11  12  13   14  15   16   17  18
                                     12Z  AVG MX 2MIN
DY MAX MIN AVG DEP HDD CDD  WTR  SNW DPTH SPD SPD DIR MIN PSBL S-S WX    SPD DR
================================================================================

 1  36   4  20  -8  45   0 0.00  0.0    4  2.6  9 330   M    M   6 1      11 330
 2  30  20  25  -4  40   0 0.03  0.7    2  6.6 20 300   M    M   8 18     23 300
 3  27   8  18 -11  47   0    T    T    2  6.0 17 300   M    M   5        22 300
 4  15   4  10 -20  55   0    T    T    2 11.5 24 280   M    M   6 8      29 270
 5  17   7  12 -18  53   0    T  0.2    2 13.0 24 290   M    M   8 8      29 260
 6  21   1  11 -19  54   0    T  0.1    2  9.2 22 270   M    M   6        26 270
 7  22   9  16 -15  49   0 0.01  0.4    2  7.0 16 300   M    M   3 1      21 290
 8  36   7  22  -9  43   0 0.00  0.0    2  2.8  9 190   M    M   1        12 210
 9  38  14  26  -5  39   0 0.26    T    1 12.1 29 110   M    M   2 1468   39 100
10  45  33  39   7  26   0 0.07    T    T 19.3 31 260   M    M  10 1      41 250
11  36  25  31  -1  34   0 0.00  0.0    T 15.4 28 290   M    M   2        34 290
12  43  19  31  -1  34   0 0.00  0.0    T  5.8 14 250   M    M   0        19 230
13  49  33  41   8  24   0 0.05  0.0    T  8.6 18 190   M    M   7 1      24 190
14  60  44  52  19  13   0 0.63  0.0    0 14.3 32 260   M    M   5 13     50 260
15  44  32  38   4  27   0 0.11  0.3    T 15.2 25 240   M    M  10 1      34 240
16  36  23  30  -4  35   0 0.01  0.3    T 13.5 25 280   M    M   7 18     31 280
17  40  18  29  -5  36   0 0.00  0.0    T  5.1 14 280   M    M   4        17 270
18  43  25  34  -1  31   0    T    T    T  5.6 17 310   M    M   3 1      20 290
19  48  21  35   0  30   0 0.00  0.0    0  5.5 16 240   M    M   2        20 240
20  47  32  40   4  25   0 0.38    M    0  8.2 14 220   M    M   6 1       M  M
21  40  35  38   2  27   0 0.05  0.0    0  7.0 15 290   M    M  10 1      19 300
================================================================================
SM  773  414       767   0  1.60     2.0 194.3          M      111
================================================================================
AV 36.8 19.7                               9.3 FASTST   M    M   5    MAX(MPH)
                                 MISC ---->  # 32 260               # 50  260
================================================================================
NOTES:
# LAST OF SEVERAL OCCURRENCES

COLUMN 17 PEAK WIND IN M.P.H.

PRELIMINARY LOCAL CLIMATOLOGICAL DATA (WS FORM: F-6) , PAGE 2

                                          STATION:  FLINT MI
                                          MONTH:    MARCH
                                          YEAR:     2019
                                          LATITUDE:   42 58 N
                                          LONGITUDE:  83 44 W

[TEMPERATURE DATA]      [PRECIPITATION DATA]       SYMBOLS USED IN COLUMN 16

AVERAGE MONTHLY: 28.3   TOTAL FOR MONTH:   1.60    1 = FOG OR MIST
DPTR FM NORMAL:  -3.9   DPTR FM NORMAL:    0.41    2 = FOG REDUCING VISIBILITY
HIGHEST:    60 ON 14    GRTST 24HR  0.63 ON 14-14      TO 1/4 MILE OR LESS
LOWEST:      1 ON  6                               3 = THUNDER
                        SNOW, ICE PELLETS, HAIL    4 = ICE PELLETS
                        TOTAL MONTH:   2.0 INCHES  5 = HAIL
                        GRTST 24HR   0.7 ON  2- 2  6 = FREEZING RAIN OR DRIZZLE
                        GRTST DEPTH:   4 ON  1     7 = DUSTSTORM OR SANDSTORM:
                                                       VSBY 1/2 MILE OR LESS
                                                   8 = SMOKE OR HAZE
[NO. OF DAYS WITH]      [WEATHER - DAYS WITH]      9 = BLOWING SNOW
                                                   X = TORNADO
MAX 32 OR BELOW:   6    0.01 INCH OR MORE:  10
MAX 90 OR ABOVE:   0    0.10 INCH OR MORE:   4
MIN 32 OR BELOW:  17    0.50 INCH OR MORE:   1
MIN  0 OR BELOW:   0    1.00 INCH OR MORE:   0

[HDD (BASE 65) ]
TOTAL THIS MO.   767    CLEAR  (SCALE 0-3)   6
DPTR FM NORMAL    78    PTCLDY (SCALE 4-7)  12
TOTAL FM JUL 1  5866    CLOUDY (SCALE 8-10)  3
DPTR FM NORMAL    89

[CDD (BASE 65) ]
TOTAL THIS MO.     0
DPTR FM NORMAL     0    [PRESSURE DATA]
TOTAL FM JAN 1     0    HIGHEST SLP M ON M
DPTR FM NORMAL     0    LOWEST  SLP 29.32 ON 14

[REMARKS]
