000
CXUS52 KMLB 220626
CF6FPR
PRELIMINARY LOCAL CLIMATOLOGICAL DATA (WS FORM: F-6)

                                          STATION:   FORT PIERCE
                                          MONTH:     MAY
                                          YEAR:      2019
                                          LATITUDE:   27 30 N
                                          LONGITUDE:  80 22 W

  TEMPERATURE IN F:       :PCPN:    SNOW:  WIND      :SUNSHINE: SKY     :PK WND
================================================================================
1   2   3   4   5  6A  6B    7    8   9   10  11  12  13   14  15   16   17  18
                                     12Z  AVG MX 2MIN
DY MAX MIN AVG DEP HDD CDD  WTR  SNW DPTH SPD SPD DIR MIN PSBL S-S WX    SPD DR
================================================================================

 1  84  74  79   5   0  14 0.03  0.0    0 14.7 23  90   M    M   4        31 110
 2  84  72  78   4   0  13 0.39  0.0    0 11.2 23 110   M    M   6 13     26 110
 3  87  70  79   5   0  14 0.42  0.0    0  8.1 30 240   M    M   5 3      43 230
 4  88  66  77   3   0  12 0.27  0.0    0  6.0 21 220   M    M   3 13     28 220
 5  90  70  80   6   0  15 0.22  0.0    0  7.6 20 290   M    M   2 138    27 190
 6  90  69  80   6   0  15 0.32  0.0    0  5.3 28 280   M    M   2 3      33 280
 7  84  69  77   3   0  12 0.01  0.0    0  5.3 13 110   M    M   3 13     19 110
 8  84  73  79   4   0  14 0.00  0.0    0  8.5 17  90   M    M   2        22  90
 9  85  74  80   5   0  15 0.00  0.0    0 12.3 22 110   M    M   5        26 100
10  86  74  80   5   0  15 0.00  0.0    0 10.0 20 100   M    M   2        26 110
11  88  68  78   3   0  13 0.40  0.0    0  7.1 24 160   M    M   3 13     30 180
12  91  71  81   6   0  16 0.48  0.0    0  6.7 18 300   M    M   5 123    25 320
13  90  70  80   4   0  15 1.35  0.0    0  6.7 23 290   M    M   1 123    29 290
14  89  69  79   3   0  14 0.00  0.0    0  5.5 22 280   M    M   2 13     27 270
15  81  71  76   0   0  11 0.02  0.0    0  7.5 15  90   M    M   5 3      21 100
16  82  66  74  -2   0   9 0.00  0.0    0  8.8 18 110   M    M   1        24 100
17  83  60  72  -4   0   7 0.00  0.0    0  6.1 15  90   M    M   0        21 100
18  83  60  72  -4   0   7 0.00  0.0    0  4.7 14  70   M    M   0        19  70
19  86  63  75  -2   0  10 0.00  0.0    0  8.4 18 120   M    M   2        26 120
20  85  68  77   0   0  12 0.00  0.0    0  7.7 17 110   M    M   1        20 110
21  86  66  76  -1   0  11 0.00  0.0    0  7.6 16 100   M    M   0        23  80
================================================================================
SM 1806 1443         0 264  3.91     0.0 165.8          M       54
================================================================================
AV 86.0 68.7                               7.9 FASTST   M    M   3    MAX(MPH)
                                 MISC ---->  # 30 240               # 43  230
================================================================================
NOTES:
# LAST OF SEVERAL OCCURRENCES

COLUMN 17 PEAK WIND IN M.P.H.

PRELIMINARY LOCAL CLIMATOLOGICAL DATA (WS FORM: F-6) , PAGE 2

                                          STATION:  FORT PIERCE
                                          MONTH:    MAY
                                          YEAR:     2019
                                          LATITUDE:   27 30 N
                                          LONGITUDE:  80 22 W

[TEMPERATURE DATA]      [PRECIPITATION DATA]       SYMBOLS USED IN COLUMN 16

AVERAGE MONTHLY: 77.4   TOTAL FOR MONTH:   3.91    1 = FOG OR MIST
DPTR FM NORMAL:   2.1   DPTR FM NORMAL:    1.85    2 = FOG REDUCING VISIBILITY
HIGHEST:    91 ON 12    GRTST 24HR  1.35 ON 13-13      TO 1/4 MILE OR LESS
LOWEST:     60 ON 18,17                            3 = THUNDER
                        SNOW, ICE PELLETS, HAIL    4 = ICE PELLETS
                        TOTAL MONTH:   0.0 INCH    5 = HAIL
                        GRTST 24HR     0.0         6 = FREEZING RAIN OR DRIZZLE
                        GRTST DEPTH:   0           7 = DUSTSTORM OR SANDSTORM:
                                                       VSBY 1/2 MILE OR LESS
                                                   8 = SMOKE OR HAZE
[NO. OF DAYS WITH]      [WEATHER - DAYS WITH]      9 = BLOWING SNOW
                                                   X = TORNADO
MAX 32 OR BELOW:   0    0.01 INCH OR MORE:  11
MAX 90 OR ABOVE:   4    0.10 INCH OR MORE:   8
MIN 32 OR BELOW:   0    0.50 INCH OR MORE:   1
MIN  0 OR BELOW:   0    1.00 INCH OR MORE:   1

[HDD (BASE 65) ]
TOTAL THIS MO.     0    CLEAR  (SCALE 0-3)  14
DPTR FM NORMAL     0    PTCLDY (SCALE 4-7)   7
TOTAL FM JUL 1   292    CLOUDY (SCALE 8-10)  0
DPTR FM NORMAL  -149

[CDD (BASE 65) ]
TOTAL THIS MO.   264
DPTR FM NORMAL    50    [PRESSURE DATA]
TOTAL FM JAN 1   842    HIGHEST SLP M ON M
DPTR FM NORMAL   185    LOWEST  SLP 29.82 ON 13

[REMARKS]
