000
CXUS55 KFSD 270905
CF6FSD
PRELIMINARY LOCAL CLIMATOLOGICAL DATA (WS FORM: F-6)

                                          STATION:   SIOUX FALLS
                                          MONTH:     MAY
                                          YEAR:      2019
                                          LATITUDE:   43 34 N
                                          LONGITUDE:  96 44 W

  TEMPERATURE IN F:       :PCPN:    SNOW:  WIND      :SUNSHINE: SKY     :PK WND
================================================================================
1   2   3   4   5  6A  6B    7    8   9   10  11  12  13   14  15   16   17  18
                                     12Z  AVG MX 2MIN
DY MAX MIN AVG DEP HDD CDD  WTR  SNW DPTH SPD SPD DIR MIN PSBL S-S WX    SPD DR
================================================================================

 1  47  41  44  -9  21   0 0.04  0.0    0  7.2 13  50   M    M  10 1       M  M
 2  59  38  49  -4  16   0 0.00  0.0    0  7.0 16 320   M    M   6 1      21 310
 3  67  44  56   2   9   0 0.02  0.0    0  9.6 23 200   M    M   5 13     37 190
 4  71  36  54   0  11   0 0.00  0.0    0  4.1 13 200   M    M   4 12     17 200
 5  66  47  57   3   8   0    T  0.0    0 12.4 22  40   M    M   6        30  40
 6  58  40  49  -6  16   0    T  0.0    0 13.3 23  30   M    M   9        30  20
 7  61  40  51  -4  14   0 0.02  0.0    0 10.5 16  80   M    M   9        23  80
 8  54  36  45 -11  20   0 1.07    T    0 19.5 30  60   M    M  10 1      40  20
 9  55  38  47  -9  18   0 0.00  0.0    0 14.1 28 360   M    M   8        37  20
10  62  30  46 -10  19   0 0.00  0.0    0  4.4 13 180   M    M   2        18 160
11  62  41  52  -4  13   0 0.17  0.0    0 10.5 26 200   M    M   6 1      37 180
12  57  45  51  -6  14   0 0.01  0.0    0  6.1 16 100   M    M   8 12     22 140
13  71  41  56  -1   9   0 0.16  0.0    0 10.4 18 160   M    M   6 3      26 200
14  80  53  67  10   0   2 0.08  0.0    0  6.0 16  90   M    M   3 13     22 130
15  81  51  66   8   0   1 0.00  0.0    0 11.3 21 170   M    M   2 1      30 160
16  83  54  69  11   0   4 0.07  0.0    0 12.6 22  10   M    M   5        31  40
17  69  53  61   3   4   0 0.22  0.0    0 18.7 45  80   M    M   8 13     57  90
18  71  48  60   1   5   0 0.34  0.0    0  9.9 28 110   M    M   8 13     35 120
19  48  39  44 -15  21   0 0.06  0.0    0 11.9 20  20   M    M   9 1      28  10
20  58  33  46 -13  19   0 0.00  0.0    0  8.2 17 120   M    M   7        23 130
21  52  46  49 -11  16   0 0.96  0.0    0 20.6 33  80   M    M  10 1      51  80
22  58  49  54  -6  11   0 0.09  0.0    0 10.9 18 230   M    M  10 1      32 240
23  61  48  55  -5  10   0 0.13  0.0    0  7.9 17 320   M    M   9        22 320
24  75  52  64   3   1   0 0.50  0.0    0 10.6 22 200   M    M   6 13     32 220
25  69  50  60  -1   5   0 0.00  0.0    0  8.9 18 320   M    M   3        26 280
26  77  42  60  -1   5   0 0.27  0.0    0  7.2 17 110   M    M   5 13     23 140
================================================================================
SM 1672 1135       285   7  4.21    T    273.8          M      174
================================================================================
AV 64.3 43.7                              10.5 FASTST   M    M   7    MAX(MPH)
                                 MISC ---->  # 45  80               # 57   90
================================================================================
NOTES:
# LAST OF SEVERAL OCCURRENCES

COLUMN 17 PEAK WIND IN M.P.H.

PRELIMINARY LOCAL CLIMATOLOGICAL DATA (WS FORM: F-6) , PAGE 2

                                          STATION:  SIOUX FALLS
                                          MONTH:    MAY
                                          YEAR:     2019
                                          LATITUDE:   43 34 N
                                          LONGITUDE:  96 44 W

[TEMPERATURE DATA]      [PRECIPITATION DATA]       SYMBOLS USED IN COLUMN 16

AVERAGE MONTHLY: 54.0   TOTAL FOR MONTH:   4.21    1 = FOG OR MIST
DPTR FM NORMAL:  -3.2   DPTR FM NORMAL:    1.40    2 = FOG REDUCING VISIBILITY
HIGHEST:    83 ON 16    GRTST 24HR  1.07 ON  8- 8      TO 1/4 MILE OR LESS
LOWEST:     30 ON 10                               3 = THUNDER
                        SNOW, ICE PELLETS, HAIL    4 = ICE PELLETS
                        TOTAL MONTH:    T          5 = HAIL
                        GRTST 24HR    T  ON  8- 8  6 = FREEZING RAIN OR DRIZZLE
                        GRTST DEPTH:   0           7 = DUSTSTORM OR SANDSTORM:
                                                       VSBY 1/2 MILE OR LESS
                                                   8 = SMOKE OR HAZE
[NO. OF DAYS WITH]      [WEATHER - DAYS WITH]      9 = BLOWING SNOW
                                                   X = TORNADO
MAX 32 OR BELOW:   0    0.01 INCH OR MORE:  17
MAX 90 OR ABOVE:   0    0.10 INCH OR MORE:   9
MIN 32 OR BELOW:   1    0.50 INCH OR MORE:   3
MIN  0 OR BELOW:   0    1.00 INCH OR MORE:   1

[HDD (BASE 65) ]
TOTAL THIS MO.   285    CLEAR  (SCALE 0-3)   3
DPTR FM NORMAL    60    PTCLDY (SCALE 4-7)  15
TOTAL FM JUL 1  7885    CLOUDY (SCALE 8-10)  8
DPTR FM NORMAL   253

[CDD (BASE 65) ]
TOTAL THIS MO.     7
DPTR FM NORMAL   -15    [PRESSURE DATA]
TOTAL FM JAN 1     9    HIGHEST SLP M ON M
DPTR FM NORMAL   -18    LOWEST  SLP 29.34 ON M

[REMARKS]
