000
CXUS55 KFSD 220905
CF6FSD
PRELIMINARY LOCAL CLIMATOLOGICAL DATA (WS FORM: F-6)

                                          STATION:   SIOUX FALLS
                                          MONTH:     MARCH
                                          YEAR:      2019
                                          LATITUDE:   43 34 N
                                          LONGITUDE:  96 44 W

  TEMPERATURE IN F:       :PCPN:    SNOW:  WIND      :SUNSHINE: SKY     :PK WND
================================================================================
1   2   3   4   5  6A  6B    7    8   9   10  11  12  13   14  15   16   17  18
                                     12Z  AVG MX 2MIN
DY MAX MIN AVG DEP HDD CDD  WTR  SNW DPTH SPD SPD DIR MIN PSBL S-S WX    SPD DR
================================================================================

 1  19   0  10 -16  55   0 0.26  3.1   11  6.5 15 310   M    M   7 12     19 300
 2  11  -6   3 -24  62   0 0.01  0.1   13 10.4 20 340   M    M   7 19     24 330
 3  -3 -17 -10 -37  75   0 0.00  0.0   13 13.7 24 300   M    M   1 9      31 300
 4  11  -7   2 -26  63   0    T    T   11 16.2 23 280   M    M   3 9      35 290
 5  15   2   9 -19  56   0    T    T   10 12.3 23 300   M    M   3        32 310
 6  23   0  12 -17  53   0 0.00  0.0   10  5.9 13 350   M    M   6        17 290
 7  20   8  14 -15  51   0 0.04  0.5    9  9.9 15 100   M    M   8        20 120
 8  31  20  26  -3  39   0 0.00  0.0    9  8.8 16 140   M    M  10 1      22 140
 9  35  22  29  -1  36   0 0.84  1.6    9 15.7 33 310   M    M  10 126    42 300
10  28  15  22  -8  43   0 0.00  0.0    8 11.2 29 310   M    M   3        38 310
11  37  20  29  -2  36   0 0.00  0.0    7  5.8 15 180   M    M   5        20 170
12  38  30  34   3  31   0    T  0.0    5 11.4 20 170   M    M   9 12     28 180
13  44  35  40   8  25   0 1.91  0.0    3  9.8 20  50   M    M  10 123    25 150
14  41  29  35   3  30   0 0.58  0.1    1 26.4 44 340   M    M  10 124    59 340
15  35  26  31  -1  34   0 0.00  0.0    1 14.0 28 320   M    M   1        38 320
16  42  27  35   2  30   0 0.00  0.0    1  5.0 16 280   M    M   7 1      22 290
17  42  28  35   2  30   0 0.00  0.0    1  7.3 16 320   M    M   5 1      23 300
18  43  24  34   0  31   0 0.00  0.0    1  5.7 14 190   M    M   6        19 200
19  52  32  42   8  23   0 0.00  0.0    T  8.5 18 320   M    M   4 1      25 330
20  49  31  40   5  25   0 0.00  0.0    T 11.6 22 340   M    M   3 1      29 330
21  55  23  39   4  26   0 0.00  0.0    0  5.8 14 290   M    M   1        20 300
================================================================================
SM  668  342       854   0  3.64     5.4 221.9          M      119
================================================================================
AV 31.8 16.3                              10.6 FASTST   M    M   6    MAX(MPH)
                                 MISC ---->  # 44 340               # 59  340
================================================================================
NOTES:
# LAST OF SEVERAL OCCURRENCES

COLUMN 17 PEAK WIND IN M.P.H.

PRELIMINARY LOCAL CLIMATOLOGICAL DATA (WS FORM: F-6) , PAGE 2

                                          STATION:  SIOUX FALLS
                                          MONTH:    MARCH
                                          YEAR:     2019
                                          LATITUDE:   43 34 N
                                          LONGITUDE:  96 44 W

[TEMPERATURE DATA]      [PRECIPITATION DATA]       SYMBOLS USED IN COLUMN 16

AVERAGE MONTHLY: 24.1   TOTAL FOR MONTH:   3.64    1 = FOG OR MIST
DPTR FM NORMAL:  -6.7   DPTR FM NORMAL:    2.66    2 = FOG REDUCING VISIBILITY
HIGHEST:    55 ON 21    GRTST 24HR  1.91 ON 13-13      TO 1/4 MILE OR LESS
LOWEST:    -17 ON  3                               3 = THUNDER
                        SNOW, ICE PELLETS, HAIL    4 = ICE PELLETS
                        TOTAL MONTH:   5.4 INCHES  5 = HAIL
                        GRTST 24HR   3.1 ON  1- 1  6 = FREEZING RAIN OR DRIZZLE
                        GRTST DEPTH:  13 ON  3, 2  7 = DUSTSTORM OR SANDSTORM:
                                                       VSBY 1/2 MILE OR LESS
                                                   8 = SMOKE OR HAZE
[NO. OF DAYS WITH]      [WEATHER - DAYS WITH]      9 = BLOWING SNOW
                                                   X = TORNADO
MAX 32 OR BELOW:   9    0.01 INCH OR MORE:   6
MAX 90 OR ABOVE:   0    0.10 INCH OR MORE:   4
MIN 32 OR BELOW:  20    0.50 INCH OR MORE:   3
MIN  0 OR BELOW:   5    1.00 INCH OR MORE:   1

[HDD (BASE 65) ]
TOTAL THIS MO.   854    CLEAR  (SCALE 0-3)   4
DPTR FM NORMAL   135    PTCLDY (SCALE 4-7)  11
TOTAL FM JUL 1  6828    CLOUDY (SCALE 8-10)  6
DPTR FM NORMAL   259

[CDD (BASE 65) ]
TOTAL THIS MO.     0
DPTR FM NORMAL     0    [PRESSURE DATA]
TOTAL FM JAN 1     0    HIGHEST SLP M ON M
DPTR FM NORMAL     0    LOWEST  SLP 29.20 ON 13

[REMARKS]
