997
CXUS54 KMAF 221100
CF6FST
PRELIMINARY LOCAL CLIMATOLOGICAL DATA (WS FORM: F-6)

                                          STATION:   Fort Stockton
                                          MONTH:     MARCH
                                          YEAR:      2019
                                          LATITUDE:   30 55 N
                                          LONGITUDE: 102 55 W

  TEMPERATURE IN F:       :PCPN:    SNOW:  WIND      :SUNSHINE: SKY     :PK WND
================================================================================
1   2   3   4   5  6A  6B    7    8   9   10  11  12  13   14  15   16   17  18
                                     12Z  AVG MX 2MIN
DY MAX MIN AVG DEP HDD CDD  WTR  SNW DPTH SPD SPD DIR MIN PSBL S-S WX    SPD DR
================================================================================

 1  84  54  69  13   0   4 0.00  0.0    0 12.4 23 280   M    M   0        33 290
 2  72  49  61   5   4   0 0.00  0.0    0  9.6 16 160   M    M   0        29  40
 3  59  30  45 -11  20   0 0.00  0.0    0 10.7 16  50   M    M   8 12     21  40
 4  36  21  29 -27  36   0 0.00  0.0    0  9.2 16  70   M    M   7        20  70
 5  47  23  35 -22  30   0 0.00  0.0    0 10.2 15 130   M    M   0        21  50
 6  68  34  51  -6  14   0 0.00  0.0    0 13.0 24 150   M    M   0        30 150
 7  85  43  64   7   1   0 0.00  0.0    0 12.4 22 220   M    M   0        26 230
 8  84  59  72  15   0   7    T  0.0    0 11.7 33 310   M    M   2 8      41 310
 9  71  50  61   3   4   0 0.00  0.0    0 10.0 22 290   M    M   0        27 310
10  67  50  59   1   6   0 0.00  0.0    0  8.6 16 360   M    M   3        20  10
11  58  48  53  -5  12   0 0.00  0.0    0  6.9 15 100   M    M  10 18     19 100
12  69  46  58   0   7   0 0.41    M    0 20.1 47 280   M    M   8 138    62 310
13  77  47  62   3   3   0    T    M    0 20.3 38 240   M    M   2        52 250
14  66  46  56  -3   9   0 0.00  0.0    0 13.2 28 320   M    M   0        32 320
15  55  35  45 -14  20   0 0.00  0.0    0  9.8 18  60   M    M   1        27  70
16  58  31  45 -15  20   0 0.00  0.0    0  9.6 24 120   M    M   3        28 120
17  62  34  48 -12  17   0 0.00  0.0    0  8.3 17 110   M    M   1        23 100
18  62  39  51  -9  14   0 0.00  0.0    0  8.2 20 100   M    M   3        24 110
19  72  37  55  -5  10   0 0.00  0.0    0 10.5 22 160   M    M   0        29 160
20  54  44  49 -12  16   0 0.00  0.0    0  8.1 24 160   M    M   6        32 170
21  68  48  58  -3   7   0 0.00  0.0    0 11.1 24 110   M    M   8        33 120
================================================================================
SM 1374  868       250  11  0.41     0.0 233.9          M       62
================================================================================
AV 65.4 41.3                              11.1 FASTST   M    M   3    MAX(MPH)
                                 MISC ---->  # 47 280               # 62  310
================================================================================
NOTES:
# LAST OF SEVERAL OCCURRENCES

COLUMN 17 PEAK WIND IN M.P.H.

PRELIMINARY LOCAL CLIMATOLOGICAL DATA (WS FORM: F-6) , PAGE 2

                                          STATION:  Fort Stockton
                                          MONTH:    MARCH
                                          YEAR:     2019
                                          LATITUDE:   30 55 N
                                          LONGITUDE: 102 55 W

[TEMPERATURE DATA]      [PRECIPITATION DATA]       SYMBOLS USED IN COLUMN 16

AVERAGE MONTHLY: 53.4   TOTAL FOR MONTH:   0.41    1 = FOG OR MIST
DPTR FM NORMAL:  -4.9   DPTR FM NORMAL:    0.11    2 = FOG REDUCING VISIBILITY
HIGHEST:    85 ON  7    GRTST 24HR  0.41 ON 12-12      TO 1/4 MILE OR LESS
LOWEST:     21 ON  4                               3 = THUNDER
                        SNOW, ICE PELLETS, HAIL    4 = ICE PELLETS
                        TOTAL MONTH:   0.0 INCH    5 = HAIL
                        GRTST 24HR     0.0         6 = FREEZING RAIN OR DRIZZLE
                        GRTST DEPTH:   0           7 = DUSTSTORM OR SANDSTORM:
                                                       VSBY 1/2 MILE OR LESS
                                                   8 = SMOKE OR HAZE
[NO. OF DAYS WITH]      [WEATHER - DAYS WITH]      9 = BLOWING SNOW
                                                   X = TORNADO
MAX 32 OR BELOW:   0    0.01 INCH OR MORE:   1
MAX 90 OR ABOVE:   0    0.10 INCH OR MORE:   1
MIN 32 OR BELOW:   4    0.50 INCH OR MORE:   0
MIN  0 OR BELOW:   0    1.00 INCH OR MORE:   0

[HDD (BASE 65) ]
TOTAL THIS MO.   250    CLEAR  (SCALE 0-3)  15
DPTR FM NORMAL    90    PTCLDY (SCALE 4-7)   3
TOTAL FM JUL 1  2031    CLOUDY (SCALE 8-10)  3
DPTR FM NORMAL   213

[CDD (BASE 65) ]
TOTAL THIS MO.    11
DPTR FM NORMAL   -12    [PRESSURE DATA]
TOTAL FM JAN 1    25    HIGHEST SLP M ON M
DPTR FM NORMAL    -7    LOWEST  SLP 29.36 ON 12

[REMARKS]
