000
CXUS54 KEWX 250910
CF6FTN
PRELIMINARY LOCAL CLIMATOLOGICAL DATA (WS FORM: F-6)

                                          STATION:   Faith Ranch
                                          MONTH:     MARCH
                                          YEAR:      2019
                                          LATITUDE:   28 12 N
                                          LONGITUDE: 100  1 W

  TEMPERATURE IN F:       :PCPN:    SNOW:  WIND      :SUNSHINE: SKY     :PK WND
================================================================================
1   2   3   4   5  6A  6B    7    8   9   10  11  12  13   14  15   16   17  18
                                     12Z  AVG MX 2MIN
DY MAX MIN AVG DEP HDD CDD  WTR  SNW DPTH SPD SPD DIR MIN PSBL S-S WX    SPD DR
================================================================================

 1  72  50  61   M   4   0 0.00    M    M  6.9 10  90   M    M   9 1      17  90
 2  73  59  66   M   0   1 0.01    M    M  8.5 14  50   M    M  10 12     18  40
 3  64  45  55   M  10   0 0.01    M    M 10.0 17  40   M    M  10 12     23  40
 4  46  37  42   M  23   0 0.00    M    M  8.8 13  20   M    M  10        22  40
 5  54  32  43   M  22   0 0.00    M    M  6.6 13  50   M    M   2        17  10
 6  63  36  50   M  15   0 0.00    M    M  7.7 14 160   M    M   2        21 140
 7  81  36  59   M   6   0 0.00    M    M  4.9 10 140   M    M   0        15 120
 8  90  59  75   M   0  10 0.00    M    M  9.4 15 150   M    M   3 1      21 150
 9  90  68  79   M   0  14 0.00    M    M  7.1 14  10   M    M   4 1      21  10
10  82  64  73   M   0   8 0.00    M    M  6.9 10  60   M    M   4 1      17  90
11  73  66  70   M   0   5 0.02    M    M  8.6 14  50   M    M   8 1      20  50
12  88  70  79   M   0  14 0.00    M    M 14.7 24 130   M    M   9        35 130
13  95  63  79   M   0  14 0.00    M    M  7.8 21 140   M    M   3        31 140
14  82  61  72   M   0   7 0.00    M    M  9.3 15 350   M    M   1        24  30
15  64  54  59   M   6   0 0.00    M    M  7.5 14  50   M    M   8        18  60
16  61  54  58   M   7   0 0.00    M    M  6.3 15  70   M    M  10        21  60
17  66  48  57   M   8   0 0.00    M    M  3.5  8 140   M    M   6        13  99
18  73  50  62   M   3   0 0.00    M    M  3.8 10  80   M    M   4        18  80
19  73  46  60   M   5   0 0.00    M    M  7.8 14 120   M    M   6        23 120
20  70  54  62   M   3   0 0.00    M    M  5.3 12 120   M    M   9 1      17 120
21  75  50  63   M   2   0 0.00    M    M  4.9 10 150   M    M   8 12     17 120
22  77  63  70   M   0   5 0.00    M    M 11.2 20 160   M    M  10        28 150
23  82  66  74   M   0   9 0.00    M    M  6.5 13 140   M    M   7        18 140
24  88  64  76   M   0  11 0.00    M    M  7.1 10 100   M    M   6        18  60
================================================================================
SM 1782 1295       114  98  0.04    M    181.1          M      149
================================================================================
AV 74.3 54.0                               7.5 FASTST   M    M   6    MAX(MPH)
                                 MISC ---->  # 24 130               # 35  130
================================================================================
NOTES:
# LAST OF SEVERAL OCCURRENCES

COLUMN 17 PEAK WIND IN M.P.H.

PRELIMINARY LOCAL CLIMATOLOGICAL DATA (WS FORM: F-6) , PAGE 2

                                          STATION:  Faith Ranch
                                          MONTH:    MARCH
                                          YEAR:     2019
                                          LATITUDE:   28 12 N
                                          LONGITUDE: 100  1 W

[TEMPERATURE DATA]      [PRECIPITATION DATA]       SYMBOLS USED IN COLUMN 16

AVERAGE MONTHLY: 64.1   TOTAL FOR MONTH:   0.04    1 = FOG OR MIST
DPTR FM NORMAL:     M   DPTR FM NORMAL:       M    2 = FOG REDUCING VISIBILITY
HIGHEST:    95 ON 13    GRTST 24HR  0.02 ON 11-11      TO 1/4 MILE OR LESS
LOWEST:     32 ON  5                               3 = THUNDER
                        SNOW, ICE PELLETS, HAIL    4 = ICE PELLETS
                        TOTAL MONTH:    M          5 = HAIL
                        GRTST 24HR    M  ON   M    6 = FREEZING RAIN OR DRIZZLE
                        GRTST DEPTH:  M  ON   M    7 = DUSTSTORM OR SANDSTORM:
                                                       VSBY 1/2 MILE OR LESS
                                                   8 = SMOKE OR HAZE
[NO. OF DAYS WITH]      [WEATHER - DAYS WITH]      9 = BLOWING SNOW
                                                   X = TORNADO
MAX 32 OR BELOW:   0    0.01 INCH OR MORE:   3
MAX 90 OR ABOVE:   3    0.10 INCH OR MORE:   0
MIN 32 OR BELOW:   1    0.50 INCH OR MORE:   0
MIN  0 OR BELOW:   0    1.00 INCH OR MORE:   0

[HDD (BASE 65) ]
TOTAL THIS MO.   114    CLEAR  (SCALE 0-3)   5
DPTR FM NORMAL     M    PTCLDY (SCALE 4-7)   8
TOTAL FM JUL 1  1005    CLOUDY (SCALE 8-10) 11
DPTR FM NORMAL     M

[CDD (BASE 65) ]
TOTAL THIS MO.    98
DPTR FM NORMAL     M    [PRESSURE DATA]
TOTAL FM JAN 1   140    HIGHEST SLP M ON M
DPTR FM NORMAL     M    LOWEST  SLP M ON M

[REMARKS]
