000
CXUS54 KEWX 220910
CF6FTN
PRELIMINARY LOCAL CLIMATOLOGICAL DATA (WS FORM: F-6)

                                          STATION:   Faith Ranch
                                          MONTH:     MAY
                                          YEAR:      2019
                                          LATITUDE:   28 12 N
                                          LONGITUDE: 100  1 W

  TEMPERATURE IN F:       :PCPN:    SNOW:  WIND      :SUNSHINE: SKY     :PK WND
================================================================================
1   2   3   4   5  6A  6B    7    8   9   10  11  12  13   14  15   16   17  18
                                     12Z  AVG MX 2MIN
DY MAX MIN AVG DEP HDD CDD  WTR  SNW DPTH SPD SPD DIR MIN PSBL S-S WX    SPD DR
================================================================================

 1  93  75  84   M   0  19 0.00    M    M  8.9 14 100   M    M   6        21  80
 2  88  75  82   M   0  17 0.00    M    M  9.7 14 100   M    M   9 1      24 110
 3  84  70  77   M   0  12 0.90    M    M  8.7 15  50   M    M   7 1      25  80
 4  86  64  75   M   0  10 0.00    M    M  6.4 15  50   M    M   8        22  50
 5  91  68  80   M   0  15 0.00    M    M  9.5 15 130   M    M   5        22 120
 6  84  64  74   M   0   9 0.51    M    M  9.0 24 310   M    M   4 1      36 310
 7  90  72  81   M   0  16 0.00    M    M  8.2 15 120   M    M   7        25 120
 8  91  75  83   M   0  18 0.00    M    M  9.4 20 130   M    M   6 1      30 130
 9  88  70  79   M   0  14 0.00    M    M  7.6 15  20   M    M   6 18     27  50
10  70  61  66   M   0   1 0.02    M    M  8.8 18  20   M    M  10 1      27  20
11  77  59  68   M   0   3 0.01    M    M  6.7 10 320   M    M   7 1      17 320
12  81  59  70   M   0   5 0.00    M    M  5.7 10  70   M    M   4        14  90
13  81  64  73   M   0   8 0.00    M    M  7.0 10 100   M    M   8        16  60
14  86  68  77   M   0  12 0.00    M    M  4.3 13  90   M    M   6        17  90
15  88  70  79   M   0  14 0.00    M    M  6.4 10 110   M    M   7        18 100
16  91  72  82   M   0  17 0.00    M    M  9.0 16 120   M    M   7        27 120
17  91  75  83   M   0  18 0.00    M    M 12.9 18 140   M    M   8        27 140
18  99  75  87   M   0  22 0.02    M    M  8.3 16 140   M    M   5 1      30 140
19  95  75  85   M   0  20 0.00    M    M  8.5 14 120   M    M   5 18     23 120
20  99  79  89   M   0  24 0.00    M    M 15.7 22 140   M    M   5        39 140
21  95  75  85   M   0  20 0.00    M    M  9.5 22 150   M    M   2        33 150
================================================================================
SM 1848 1465         0 294  1.46    M    180.2          M      132
================================================================================
AV 88.0 69.8                               8.6 FASTST   M    M   6    MAX(MPH)
                                 MISC ---->  # 24 310               # 39  140
================================================================================
NOTES:
# LAST OF SEVERAL OCCURRENCES

COLUMN 17 PEAK WIND IN M.P.H.

PRELIMINARY LOCAL CLIMATOLOGICAL DATA (WS FORM: F-6) , PAGE 2

                                          STATION:  Faith Ranch
                                          MONTH:    MAY
                                          YEAR:     2019
                                          LATITUDE:   28 12 N
                                          LONGITUDE: 100  1 W

[TEMPERATURE DATA]      [PRECIPITATION DATA]       SYMBOLS USED IN COLUMN 16

AVERAGE MONTHLY: 78.9   TOTAL FOR MONTH:   1.46    1 = FOG OR MIST
DPTR FM NORMAL:     M   DPTR FM NORMAL:       M    2 = FOG REDUCING VISIBILITY
HIGHEST:    99 ON 20,18 GRTST 24HR  0.90 ON  3- 3      TO 1/4 MILE OR LESS
LOWEST:     59 ON 12,11                            3 = THUNDER
                        SNOW, ICE PELLETS, HAIL    4 = ICE PELLETS
                        TOTAL MONTH:    M          5 = HAIL
                        GRTST 24HR    M  ON   M    6 = FREEZING RAIN OR DRIZZLE
                        GRTST DEPTH:  M  ON   M    7 = DUSTSTORM OR SANDSTORM:
                                                       VSBY 1/2 MILE OR LESS
                                                   8 = SMOKE OR HAZE
[NO. OF DAYS WITH]      [WEATHER - DAYS WITH]      9 = BLOWING SNOW
                                                   X = TORNADO
MAX 32 OR BELOW:   0    0.01 INCH OR MORE:   5
MAX 90 OR ABOVE:  10    0.10 INCH OR MORE:   2
MIN 32 OR BELOW:   0    0.50 INCH OR MORE:   2
MIN  0 OR BELOW:   0    1.00 INCH OR MORE:   0

[HDD (BASE 65) ]
TOTAL THIS MO.     0    CLEAR  (SCALE 0-3)   1
DPTR FM NORMAL     M    PTCLDY (SCALE 4-7)  17
TOTAL FM JUL 1  1032    CLOUDY (SCALE 8-10)  3
DPTR FM NORMAL     M

[CDD (BASE 65) ]
TOTAL THIS MO.   294
DPTR FM NORMAL     M    [PRESSURE DATA]
TOTAL FM JAN 1   691    HIGHEST SLP M ON M
DPTR FM NORMAL     M    LOWEST  SLP M ON M

[REMARKS]
