000
CXUS54 KFWD 260731
CF6FTW
PRELIMINARY LOCAL CLIMATOLOGICAL DATA (WS FORM: F-6)

                                          STATION:   FORT WORTH MEACHAM
                                          MONTH:     MAY
                                          YEAR:      2019
                                          LATITUDE:   32 49 N
                                          LONGITUDE:  97 21 W

  TEMPERATURE IN F:       :PCPN:    SNOW:  WIND      :SUNSHINE: SKY     :PK WND
================================================================================
1   2   3   4   5  6A  6B    7    8   9   10  11  12  13   14  15   16   17  18
                                     12Z  AVG MX 2MIN
DY MAX MIN AVG DEP HDD CDD  WTR  SNW DPTH SPD SPD DIR MIN PSBL S-S WX    SPD DR
================================================================================

 1  83  61  72   3   0   7 0.82  0.0    0 12.2 26 360   M    M   9 138    35  10
 2  77  59  68  -1   0   3 0.29  0.0    0  9.8 33 130   M    M   4 13     47 140
 3  77  58  68  -2   0   3    T  0.0    0  6.9 21 120   M    M   4 3      28 120
 4  77  60  69  -1   0   4 0.13  0.0    0  9.2 17  10   M    M   2 1      22  20
 5  80  56  68  -2   0   3 0.00  0.0    0  7.5 17 140   M    M   1        25 140
 6  81  66  74   4   0   9 0.00  0.0    0 11.5 21 140   M    M   0        27 160
 7  84  65  75   4   0  10 0.00  0.0    0 11.5 26 130   M    M   4        40 120
 8  70  60  65  -6   0   0 1.57  0.0    0  9.4 37 100   M    M   8 13     50 110
 9  68  50  59 -12   6   0 0.01  0.0    0 11.5 22 350   M    M   8 12     30  20
10  58  46  52 -20  13   0 0.15  0.0    0 10.5 22 360   M    M  10 138    30 340
11  65  54  60 -12   5   0 1.05  0.0    0  6.9 16 360   M    M  10 13     22  10
12  76  52  64  -8   1   0 0.00  0.0    0  4.0 13 300   M    M   2        17 270
13  83  57  70  -3   0   5 0.00  0.0    0  6.1 15 140   M    M   0        21 190
14  83  59  71  -2   0   6 0.00  0.0    0  6.4 16 180   M    M   1 8      25 200
15  86  61  74   1   0   9 0.00  0.0    0  7.3 15 180   M    M   1        24 160
16  87  64  76   2   0  11 0.00  0.0    0 10.9 18 150   M    M   1        26 150
17  87  68  78   4   0  13 0.00  0.0    0 15.2 24 140   M    M   5        34 150
18  77  63  70  -4   0   5 0.43  0.0    0 12.0 32 270   M    M   7 13     48 260
19  84  60  72  -2   0   7 0.00  0.0    0  7.7 14  10   M    M   1 1      20  30
20  88  71  80   5   0  15 0.00  0.0    0 19.3 33 150   M    M   6 18     49 170
21  83  63  73  -2   0   8 0.27  0.0    0 12.4 30 140   M    M   5 13     41 140
22  89  64  77   2   0  12 0.00  0.0    0 17.3 32 150   M    M   5 18     43 160
23  91  75  83   7   0  18 0.00  0.0    0 19.2 28 140   M    M   7        38 130
24  89  75  82   6   0  17 0.00  0.0    0 16.7 28 150   M    M   6        38 150
25  90  70  80   4   0  15 0.00  0.0    0 14.8 23 130   M    M   2        32 130
================================================================================
SM 2013 1537        25 180  4.72     0.0 276.2          M      109
================================================================================
AV 80.5 61.5                              11.0 FASTST   M    M   4    MAX(MPH)
                                 MISC ---->  # 37 100               # 50  110
================================================================================
NOTES:
# LAST OF SEVERAL OCCURRENCES

COLUMN 17 PEAK WIND IN M.P.H.

PRELIMINARY LOCAL CLIMATOLOGICAL DATA (WS FORM: F-6) , PAGE 2

                                          STATION:  FORT WORTH MEACHAM
                                          MONTH:    MAY
                                          YEAR:     2019
                                          LATITUDE:   32 49 N
                                          LONGITUDE:  97 21 W

[TEMPERATURE DATA]      [PRECIPITATION DATA]       SYMBOLS USED IN COLUMN 16

AVERAGE MONTHLY: 71.0   TOTAL FOR MONTH:   4.72    1 = FOG OR MIST
DPTR FM NORMAL:  -1.6   DPTR FM NORMAL:    1.41    2 = FOG REDUCING VISIBILITY
HIGHEST:    91 ON 23    GRTST 24HR  1.57 ON  8- 8      TO 1/4 MILE OR LESS
LOWEST:     46 ON 10                               3 = THUNDER
                        SNOW, ICE PELLETS, HAIL    4 = ICE PELLETS
                        TOTAL MONTH:   0.0 INCH    5 = HAIL
                        GRTST 24HR     0.0         6 = FREEZING RAIN OR DRIZZLE
                        GRTST DEPTH:   0           7 = DUSTSTORM OR SANDSTORM:
                                                       VSBY 1/2 MILE OR LESS
                                                   8 = SMOKE OR HAZE
[NO. OF DAYS WITH]      [WEATHER - DAYS WITH]      9 = BLOWING SNOW
                                                   X = TORNADO
MAX 32 OR BELOW:   0    0.01 INCH OR MORE:   9
MAX 90 OR ABOVE:   2    0.10 INCH OR MORE:   8
MIN 32 OR BELOW:   0    0.50 INCH OR MORE:   3
MIN  0 OR BELOW:   0    1.00 INCH OR MORE:   2

[HDD (BASE 65) ]
TOTAL THIS MO.    25    CLEAR  (SCALE 0-3)  10
DPTR FM NORMAL    17    PTCLDY (SCALE 4-7)  12
TOTAL FM JUL 1  2517    CLOUDY (SCALE 8-10)  3
DPTR FM NORMAL   146

[CDD (BASE 65) ]
TOTAL THIS MO.   180
DPTR FM NORMAL   -20    [PRESSURE DATA]
TOTAL FM JAN 1   288    HIGHEST SLP M ON M
DPTR FM NORMAL   -37    LOWEST  SLP 29.46 ON 21

[REMARKS]
