000
CXUS54 KFWD 230730
CF6FTW
PRELIMINARY LOCAL CLIMATOLOGICAL DATA (WS FORM: F-6)

                                          STATION:   FORT WORTH MEACHAM
                                          MONTH:     MARCH
                                          YEAR:      2019
                                          LATITUDE:   32 49 N
                                          LONGITUDE:  97 21 W

  TEMPERATURE IN F:       :PCPN:    SNOW:  WIND      :SUNSHINE: SKY     :PK WND
================================================================================
1   2   3   4   5  6A  6B    7    8   9   10  11  12  13   14  15   16   17  18
                                     12Z  AVG MX 2MIN
DY MAX MIN AVG DEP HDD CDD  WTR  SNW DPTH SPD SPD DIR MIN PSBL S-S WX    SPD DR
================================================================================

 1  45  31  38 -15  27   0 0.00  0.0    0  5.1 14  30   M    M  10 18     17  30
 2  41  37  39 -14  26   0 0.02  0.0    0  9.1 16  10   M    M  10 1      20 360
 3  40  25  33 -20  32   0 0.01  0.0    0 16.5 25 350   M    M   9 1      34 350
 4  32  20  26 -27  39   0 0.00  0.0    0 13.1 23 360   M    M   6        32 360
 5  45  18  32 -22  33   0 0.00  0.0    0  7.7 17 350   M    M   0        26 340
 6  54  26  40 -14  25   0 0.00  0.0    0  8.1 22 160   M    M   0 8      30 160
 7  75  39  57   3   8   0 0.00  0.0    0 13.1 22 190   M    M   1 1      29 170
 8  78  56  67  13   0   2 0.00  0.0    0 10.9 24 150   M    M   0        32 170
 9  75  55  65  10   0   0 0.88  0.0    0 11.8 33 270   M    M   3 123    52 290
10  60  48  54  -1  11   0    T  0.0    0 10.5 17  10   M    M   6        25  30
11  60  49  55   0  10   0 0.01  0.0    0  9.0 16  20   M    M  10        21 360
12  67  55  61   5   4   0 0.05  0.0    0 14.4 37 130   M    M   9 13     51 130
13  76  52  64   8   1   0 1.20  0.0    0 16.1 36 270   M    M   5 123    50 160
14  65  45  55  -1  10   0 0.00  0.0    0 14.1 29 270   M    M   2 8      44 270
15  59  38  49  -7  16   0 0.00  0.0    0 12.7 24 360   M    M   0        33 360
16  59  35  47 -10  18   0 0.00  0.0    0  7.3 14  10   M    M   0        20  20
17  65  35  50  -7  15   0 0.00  0.0    0  2.2 10 100   M    M   0        13 100
18  68  41  55  -2  10   0 0.00  0.0    0  3.5 14 140   M    M   0        20 150
19  70  47  59   1   6   0 0.00  0.0    0  7.6 21 160   M    M   2        32 140
20  66  48  57  -1   8   0 0.00  0.0    0  7.6 22 360   M    M   3        26 360
21  75  44  60   2   5   0 0.00  0.0    0  6.4 16 280   M    M   0        22 270
22  75  48  62   4   3   0 0.00  0.0    0  7.9 22 120   M    M   0 8      28 150
================================================================================
SM 1350  892       307   2  2.17     0.0 214.7          M       76
================================================================================
AV 61.4 40.6                               9.8 FASTST   M    M   3    MAX(MPH)
                                 MISC ---->  # 37 130               # 52  290
================================================================================
NOTES:
# LAST OF SEVERAL OCCURRENCES

COLUMN 17 PEAK WIND IN M.P.H.

PRELIMINARY LOCAL CLIMATOLOGICAL DATA (WS FORM: F-6) , PAGE 2

                                          STATION:  FORT WORTH MEACHAM
                                          MONTH:    MARCH
                                          YEAR:     2019
                                          LATITUDE:   32 49 N
                                          LONGITUDE:  97 21 W

[TEMPERATURE DATA]      [PRECIPITATION DATA]       SYMBOLS USED IN COLUMN 16

AVERAGE MONTHLY: 51.0   TOTAL FOR MONTH:   2.17    1 = FOG OR MIST
DPTR FM NORMAL:  -4.5   DPTR FM NORMAL:   -0.29    2 = FOG REDUCING VISIBILITY
HIGHEST:    78 ON  8    GRTST 24HR  1.20 ON 13-13      TO 1/4 MILE OR LESS
LOWEST:     18 ON  5                               3 = THUNDER
                        SNOW, ICE PELLETS, HAIL    4 = ICE PELLETS
                        TOTAL MONTH:   0.0 INCH    5 = HAIL
                        GRTST 24HR     0.0         6 = FREEZING RAIN OR DRIZZLE
                        GRTST DEPTH:   0           7 = DUSTSTORM OR SANDSTORM:
                                                       VSBY 1/2 MILE OR LESS
                                                   8 = SMOKE OR HAZE
[NO. OF DAYS WITH]      [WEATHER - DAYS WITH]      9 = BLOWING SNOW
                                                   X = TORNADO
MAX 32 OR BELOW:   1    0.01 INCH OR MORE:   6
MAX 90 OR ABOVE:   0    0.10 INCH OR MORE:   2
MIN 32 OR BELOW:   5    0.50 INCH OR MORE:   2
MIN  0 OR BELOW:   0    1.00 INCH OR MORE:   1

[HDD (BASE 65) ]
TOTAL THIS MO.   307    CLEAR  (SCALE 0-3)  12
DPTR FM NORMAL    84    PTCLDY (SCALE 4-7)   5
TOTAL FM JUL 1  2362    CLOUDY (SCALE 8-10)  5
DPTR FM NORMAL   153

[CDD (BASE 65) ]
TOTAL THIS MO.     2
DPTR FM NORMAL   -17    [PRESSURE DATA]
TOTAL FM JAN 1    15    HIGHEST SLP M ON M
DPTR FM NORMAL   -11    LOWEST  SLP 29.44 ON 13

[REMARKS]
