000
CXUS52 KFFC 201110
CF6FTY
PRELIMINARY LOCAL CLIMATOLOGICAL DATA (WS FORM: F-6)

                                          STATION:   FULTON COUNTY AIRPORT
                                          MONTH:     MAY
                                          YEAR:      2019
                                          LATITUDE:   33 46 N
                                          LONGITUDE:  84 31 W

  TEMPERATURE IN F:       :PCPN:    SNOW:  WIND      :SUNSHINE: SKY     :PK WND
================================================================================
1   2   3   4   5  6A  6B    7    8   9   10  11  12  13   14  15   16   17  18
                                     12Z  AVG MX 2MIN
DY MAX MIN AVG DEP HDD CDD  WTR  SNW DPTH SPD SPD DIR MIN PSBL S-S WX    SPD DR
================================================================================

 1  84  62  73   8   0   8 0.00  0.0    0  4.7 14 160   M    M   2        19 160
 2  84  63  74   9   0   9 0.00  0.0    0  4.5 14 150   M    M   0        19 140
 3  84  63  74   8   0   9 0.01  0.0    0  3.5 13 350   M    M   3 3      16 340
 4  82  65  74   8   0   9 0.07  0.0    0  4.3 17 230   M    M   4 13     25 220
 5  79  61  70   4   0   5    T  0.0    0  7.6 16 300   M    M   7 1      21 280
 6  81  57  69   3   0   4 0.00  0.0    0  3.2 10 310   M    M   2        14  20
 7  84  56  70   3   0   5 0.00  0.0    0  2.5 13  80   M    M   1 8      17  40
 8  86  60  73   6   0   8 0.00  0.0    0  6.4 16 150   M    M   3        21 150
 9  81  64  73   6   0   8 0.41  0.0    0  7.3 22 260   M    M   5 1      33 250
10  83  61  72   4   0   7 0.32  0.0    0  3.2 10 230   M    M   5 13     14 220
11  80  68  74   6   0   9 0.13  0.0    0  4.9 12 210   M    M   5 18     16 230
12  74  66  70   2   0   5 0.76  0.0    0  5.3 13 240   M    M   8 18     16 250
13  74  56  65  -4   0   0 0.01  0.0    0  6.3 17 300   M    M   3 1      23 320
14  72  50  61  -8   4   0 0.00  0.0    0  5.3 16 310   M    M   0        24 310
15  76  48  62  -7   3   0 0.00  0.0    0  2.6 12 300   M    M   2        17 200
16  86  60  73   4   0   8 0.00  0.0    0  3.4 13 320   M    M   4        15 320
17  88  63  76   6   0  11 0.00  0.0    0  2.8 18 230   M    M   1 13     25 220
18  88  62  75   5   0  10 0.00  0.0    0  2.8 13 210   M    M   1 1      19 210
19  88  63  76   6   0  11 0.00  0.0    0  4.9 18 180   M    M   1 1      24 170
================================================================================
SM 1554 1148         7 126  1.71     0.0  85.5          M       57
================================================================================
AV 81.8 60.4                               4.5 FASTST   M    M   3    MAX(MPH)
                                 MISC ---->  # 22 260               # 33  250
================================================================================
NOTES:
# LAST OF SEVERAL OCCURRENCES

COLUMN 17 PEAK WIND IN M.P.H.

PRELIMINARY LOCAL CLIMATOLOGICAL DATA (WS FORM: F-6) , PAGE 2

                                          STATION:  FULTON COUNTY AIRPORT
                                          MONTH:    MAY
                                          YEAR:     2019
                                          LATITUDE:   33 46 N
                                          LONGITUDE:  84 31 W

[TEMPERATURE DATA]      [PRECIPITATION DATA]       SYMBOLS USED IN COLUMN 16

AVERAGE MONTHLY: 71.1   TOTAL FOR MONTH:   1.71    1 = FOG OR MIST
DPTR FM NORMAL:   3.5   DPTR FM NORMAL:   -0.66    2 = FOG REDUCING VISIBILITY
HIGHEST:    88 ON 19,18 GRTST 24HR  0.76 ON 12-12      TO 1/4 MILE OR LESS
LOWEST:     48 ON 15                               3 = THUNDER
                        SNOW, ICE PELLETS, HAIL    4 = ICE PELLETS
                        TOTAL MONTH:   0.0 INCH    5 = HAIL
                        GRTST 24HR     0.0         6 = FREEZING RAIN OR DRIZZLE
                        GRTST DEPTH:   0           7 = DUSTSTORM OR SANDSTORM:
                                                       VSBY 1/2 MILE OR LESS
                                                   8 = SMOKE OR HAZE
[NO. OF DAYS WITH]      [WEATHER - DAYS WITH]      9 = BLOWING SNOW
                                                   X = TORNADO
MAX 32 OR BELOW:   0    0.01 INCH OR MORE:   7
MAX 90 OR ABOVE:   0    0.10 INCH OR MORE:   4
MIN 32 OR BELOW:   0    0.50 INCH OR MORE:   1
MIN  0 OR BELOW:   0    1.00 INCH OR MORE:   0

[HDD (BASE 65) ]
TOTAL THIS MO.     7    CLEAR  (SCALE 0-3)  11
DPTR FM NORMAL   -18    PTCLDY (SCALE 4-7)   7
TOTAL FM JUL 1  2594    CLOUDY (SCALE 8-10)  1
DPTR FM NORMAL  -283

[CDD (BASE 65) ]
TOTAL THIS MO.   126
DPTR FM NORMAL    53    [PRESSURE DATA]
TOTAL FM JAN 1   194    HIGHEST SLP M ON M
DPTR FM NORMAL    82    LOWEST  SLP 29.70 ON  5

[REMARKS]
